{"id":12097,"date":"2023-08-27T14:04:04","date_gmt":"2023-08-27T12:04:04","guid":{"rendered":"https:\/\/superstore.ee\/?post_type=product&#038;p=12097"},"modified":"2024-08-13T07:59:00","modified_gmt":"2024-08-13T05:59:00","slug":"kauapusiv-12h-3-in-2-ripsmetuss-kiko-milano","status":"publish","type":"product","link":"https:\/\/superstore.ee\/index.php\/toode\/kauapusiv-12h-3-in-2-ripsmetuss-kiko-milano\/","title":{"rendered":"Kauap\u00fcsiv 12h 3-in-2 Ripsmetu\u0161\u0161 KIKO Milano"},"content":{"rendered":"","protected":false},"excerpt":{"rendered":"<div class=\"ProductDetails__Sub hidden-md\">\n<p>\ud83c\uddea\ud83c\uddea Kauap\u00fcsiv 3-\u00fches ripsmetu\u0161\u0161 (must). P\u00fcsib kuni 12 tundi.<\/p>\n<ul>\n<li>Loob vol\u00fc\u00fcmi efekti<\/li>\n<li>Annab painutuse ja pikenduse<\/li>\n<li>Panoraamne ruumiline efekt m\u00f5lema aplikaatori kasutamisel<\/li>\n<\/ul>\n<p>\ud83c\uddf7\ud83c\uddfa \u0421\u0442\u043e\u0439\u043a\u0430\u044f \u0442\u0443\u0448\u044c \u0434\u043b\u044f \u0440\u0435\u0441\u043d\u0438\u0446 KIKO Milano 3-\u0432-1 \u0441 \u0434\u0432\u043e\u0439\u043d\u044b\u043c \u0430\u043f\u043f\u043b\u0438\u043a\u0430\u0442\u043e\u0440\u043e\u043c (\u0447\u0435\u0440\u043d\u0430\u044f)<\/p>\n<ul>\n<li>\u0421\u043e\u0437\u0434\u0430\u0435\u0442 \u043e\u0431\u044a\u0435\u043c\u043d\u044b\u0439 \u044d\u0444\u0444\u0435\u043a\u0442<\/li>\n<li>\u041f\u0440\u0438\u0434\u0430\u0435\u0442 \u0438\u0437\u0433\u0438\u0431 \u0438 \u0443\u0434\u043b\u0438\u043d\u0435\u043d\u0438\u0435<\/li>\n<li>\u041f\u0430\u043d\u043e\u0440\u0430\u043c\u043d\u044b\u0439 \u043e\u0431\u044a\u0435\u043c\u043d\u044b\u0439 \u044d\u0444\u0444\u0435\u043a\u0442 \u043f\u0440\u0438 \u0438\u0441\u043f\u043e\u043b\u044c\u0437\u043e\u0432\u0430\u043d\u0438\u0438 \u043e\u0431\u043e\u0438\u0445 \u0430\u043f\u043f\u043b\u0438\u043a\u0430\u0442\u043e\u0440\u043e\u0432<\/li>\n<\/ul>\n<p>\ud83c\uddfa\ud83c\uddf8 KIKO Milano Blossoming Beauty 3-In-1 Mascara. Black long-lasting 12-hour with dual applicator.<\/p>\n<ul>\n<li>Volume-enhancing effect<\/li>\n<li>Curling and lengthening effect<\/li>\n<li>Panoramic, volume-enhancing effect when both applicators are combined<\/li>\n<\/ul>\n<\/div>\n","protected":false},"featured_media":12098,"template":"","meta":{"jetpack_publicize_message":"","jetpack_publicize_feature_enabled":true,"jetpack_social_post_already_shared":false,"jetpack_social_options":{"image_generator_settings":{"template":"highway","default_image_id":0,"font":"","enabled":false},"version":2}},"product_brand":[],"product_cat":[340,631],"product_tag":[],"class_list":{"0":"post-12097","1":"product","2":"type-product","3":"status-publish","4":"has-post-thumbnail","6":"product_cat-kiko-milano","7":"product_cat-sale","9":"first","10":"outofstock","11":"sale","12":"shipping-taxable","13":"purchasable","14":"product-type-simple"},"jetpack_publicize_connections":[],"jetpack_sharing_enabled":true,"jetpack_likes_enabled":true,"_links":{"self":[{"href":"https:\/\/superstore.ee\/index.php\/wp-json\/wp\/v2\/product\/12097","targetHints":{"allow":["GET"]}}],"collection":[{"href":"https:\/\/superstore.ee\/index.php\/wp-json\/wp\/v2\/product"}],"about":[{"href":"https:\/\/superstore.ee\/index.php\/wp-json\/wp\/v2\/types\/product"}],"wp:featuredmedia":[{"embeddable":true,"href":"https:\/\/superstore.ee\/index.php\/wp-json\/wp\/v2\/media\/12098"}],"wp:attachment":[{"href":"https:\/\/superstore.ee\/index.php\/wp-json\/wp\/v2\/media?parent=12097"}],"wp:term":[{"taxonomy":"product_brand","embeddable":true,"href":"https:\/\/superstore.ee\/index.php\/wp-json\/wp\/v2\/product_brand?post=12097"},{"taxonomy":"product_cat","embeddable":true,"href":"https:\/\/superstore.ee\/index.php\/wp-json\/wp\/v2\/product_cat?post=12097"},{"taxonomy":"product_tag","embeddable":true,"href":"https:\/\/superstore.ee\/index.php\/wp-json\/wp\/v2\/product_tag?post=12097"}],"curies":[{"name":"wp","href":"https:\/\/api.w.org\/{rel}","templated":true}]}}