{"id":13066,"date":"2023-10-24T20:29:30","date_gmt":"2023-10-24T18:29:30","guid":{"rendered":"https:\/\/superstore.ee\/?post_type=product&#038;p=13066"},"modified":"2025-04-12T17:32:51","modified_gmt":"2025-04-12T14:32:51","slug":"lauvarvi-palett-kiko-milano-smart-cult-eyeshadow-palette-02-shocking-sparkle-shades","status":"publish","type":"product","link":"https:\/\/superstore.ee\/index.php\/toode\/lauvarvi-palett-kiko-milano-smart-cult-eyeshadow-palette-02-shocking-sparkle-shades\/","title":{"rendered":"Lauv\u00e4rvipalett KIKO Milano Smart Cult Eyeshadow Palette (02)"},"content":{"rendered":"","protected":false},"excerpt":{"rendered":"<div class=\"ProductDetails__Name visible-md\">\n<div role=\"heading\" data-size=\"medium\">\n<div class=\"woocommerce-product-details__short-description\">\n<p>\ud83c\uddea\ud83c\uddea Segatav lauv\u00e4rvipalett\u00a0 KIKO Milano (02 Shocking Sparkle Shades)<\/p>\n<p>Palett sisaldab 12 erinevat tooni pressitud puuderlauv\u00e4rvi p\u00e4rlmutter viimistlustega. Kreemjas tekstuur tagab kohese katvuse ja seguneb kergesti, j\u00e4ttes silmalaud katsudes sametiseks.<\/p>\n<\/div>\n<div class=\"woocommerce-product-details__short-description\">\n<p>\ud83c\uddf7\ud83c\uddfa \u0420\u0430\u0441\u0442\u0443\u0448\u0435\u0432\u044b\u0432\u0430\u0435\u043c\u0430\u044f \u043f\u0430\u043b\u0438\u0442\u0440\u0430 \u0442\u0435\u043d\u0435\u0439 \u0434\u043b\u044f \u0432\u0435\u043a KIKO Milano (02 Shocking Sparkle Shades)<\/p>\n<p>\u041f\u0430\u043b\u0438\u0442\u0440\u0430 \u0441\u043e\u0434\u0435\u0440\u0436\u0438\u0442 12 \u043e\u0442\u0442\u0435\u043d\u043a\u043e\u0432 \u043f\u0440\u0435\u0441\u0441\u043e\u0432\u0430\u043d\u043d\u044b\u0445 \u043f\u0443\u0434\u0440\u043e\u0432\u044b\u0445 \u0442\u0435\u043d\u0435\u0439 \u0441\u043e \u043f\u0435\u0440\u043b\u0430\u043c\u0443\u0442\u0440\u043e\u0432\u044b\u043c \u043f\u043e\u043a\u0440\u044b\u0442\u0438\u0435\u043c. \u041a\u0440\u0435\u043c\u043e\u0432\u0430\u044f \u0442\u0435\u043a\u0441\u0442\u0443\u0440\u0430 \u043b\u0435\u0433\u043a\u043e \u0440\u0430\u0441\u0442\u0443\u0448\u0435\u0432\u044b\u0432\u0430\u0435\u0442\u0441\u044f, \u0434\u0435\u043b\u0430\u044f \u0432\u0435\u043a\u0438 \u0431\u0430\u0440\u0445\u0430\u0442\u0438\u0441\u0442\u044b\u043c\u0438.<\/p>\n<p>\ud83c\uddfa\ud83c\uddf8 KIKO Milano Smart Cult Eyeshadow Palette (02 Shocking Sparkle Shades). Blendable eyeshadow palette<\/p>\n<p>12 different shades of pressed powder eyeshadow with pearl finish. The creamy texture blends easily, leaving the eyelids velvety to the touch.<\/p>\n<\/div>\n<\/div>\n<\/div>\n","protected":false},"featured_media":13090,"template":"","meta":{"jetpack_publicize_message":"","jetpack_publicize_feature_enabled":true,"jetpack_social_post_already_shared":false,"jetpack_social_options":{"image_generator_settings":{"template":"highway","default_image_id":0,"font":"","enabled":false},"version":2}},"product_brand":[],"product_cat":[973,340,984,982],"product_tag":[],"class_list":{"0":"post-13066","1":"product","2":"type-product","3":"status-publish","4":"has-post-thumbnail","6":"product_cat-makeup","7":"product_cat-kiko-milano","8":"product_cat-eyeshadow","9":"product_cat-eyes","11":"first","12":"outofstock","13":"sale","14":"shipping-taxable","15":"purchasable","16":"product-type-simple"},"jetpack_publicize_connections":[],"jetpack_sharing_enabled":true,"jetpack_likes_enabled":true,"_links":{"self":[{"href":"https:\/\/superstore.ee\/index.php\/wp-json\/wp\/v2\/product\/13066","targetHints":{"allow":["GET"]}}],"collection":[{"href":"https:\/\/superstore.ee\/index.php\/wp-json\/wp\/v2\/product"}],"about":[{"href":"https:\/\/superstore.ee\/index.php\/wp-json\/wp\/v2\/types\/product"}],"wp:featuredmedia":[{"embeddable":true,"href":"https:\/\/superstore.ee\/index.php\/wp-json\/wp\/v2\/media\/13090"}],"wp:attachment":[{"href":"https:\/\/superstore.ee\/index.php\/wp-json\/wp\/v2\/media?parent=13066"}],"wp:term":[{"taxonomy":"product_brand","embeddable":true,"href":"https:\/\/superstore.ee\/index.php\/wp-json\/wp\/v2\/product_brand?post=13066"},{"taxonomy":"product_cat","embeddable":true,"href":"https:\/\/superstore.ee\/index.php\/wp-json\/wp\/v2\/product_cat?post=13066"},{"taxonomy":"product_tag","embeddable":true,"href":"https:\/\/superstore.ee\/index.php\/wp-json\/wp\/v2\/product_tag?post=13066"}],"curies":[{"name":"wp","href":"https:\/\/api.w.org\/{rel}","templated":true}]}}