{"id":13239,"date":"2023-11-02T22:14:14","date_gmt":"2023-11-02T20:14:14","guid":{"rendered":"https:\/\/superstore.ee\/?post_type=product&#038;p=13239"},"modified":"2023-12-04T17:41:57","modified_gmt":"2023-12-04T15:41:57","slug":"pehme-veluurkostuum-roosa","status":"publish","type":"product","link":"https:\/\/superstore.ee\/index.php\/toode\/pehme-veluurkostuum-roosa\/","title":{"rendered":"Pehme veluurkost\u00fc\u00fcm (roosa)"},"content":{"rendered":"","protected":false},"excerpt":{"rendered":"<p><span style=\"font-weight:400\">\ud83c\uddea\ud83c\uddea <\/span><span style=\"font-weight:400\"><b>KOHE SAADAVAL! Tarneaeg 1-4p. <\/b><\/span><span style=\"font-weight:400\"><span style=\"font-weight:400\">Kui ese ei sobi, saab selle tagastada.<\/span><\/span><\/p>\n<p>P\u00f5nev pehme kost\u00fc\u00fcm mahlakates toonides. <span style=\"font-weight:400\">Vaba l\u00f5ikega kampsun, k\u00f5rge piha p\u00fcksid, all\u00e4\u00e4res kummipael, mis v\u00f5imaldab neid kanda igasuguse jalatsiga, olgu see k\u00f5rged saapad v\u00f5i tossud.<\/span><br \/>\n<span style=\"font-weight:400\">Kangas: veluur<\/span><br \/>\n<span style=\"font-weight:400\">Suurused: 42-44 (S-M); 46-48 (L-XL)<\/span>. P\u00fcksid sobivad 160-180cm pikkusele.<br \/>\n<span style=\"font-weight:400\">V\u00e4rv: roosa<\/span><br \/>\n<span style=\"font-weight:400\">\ud83c\uddf7\ud83c\uddfa <\/span><span style=\"font-weight:400\"><b>\u0412 \u041d\u0410\u041b\u0418\u0427\u0418\u0418! \u0414\u043e\u0441\u0442\u0430\u0432\u043a\u0430 1-4 \u0434\u043d\u044f<\/b><span style=\"font-weight:400\">. \u0415\u0441\u043b\u0438 \u0432\u0435\u0449\u044c \u043d\u0435 \u043f\u043e\u0434\u043e\u0439\u0434\u0451\u0442, \u0442\u043e \u043c\u043e\u0436\u043d\u043e \u0432\u0435\u0440\u043d\u0443\u0442\u044c.<\/span><\/span><\/p>\n<p>\u0411\u0430\u0437\u043e\u0432\u044b\u0439 \u043c\u044f\u0433\u043a\u0438\u0439 \u043a\u043e\u0441\u0442\u044e\u043c \u0438\u0437 \u0432\u0435\u043b\u044e\u0440\u0430 \u0432 \u0441\u043e\u0447\u043d\u044b\u0445 \u043e\u0442\u0442\u0435\u043d\u043a\u0430\u0445. \u041a\u043e\u0444\u0442\u0430 \u0441\u0432\u043e\u0431\u043e\u0434\u043d\u043e\u0433\u043e \u043a\u0440\u043e\u044f, \u0431\u0440\u044e\u043a\u0438 \u043d\u0430 \u0432\u044b\u0441\u043e\u043a\u043e\u0439 \u0442\u0430\u043b\u0438\u0438, \u0441\u043d\u0438\u0437\u0443 \u043d\u0430 \u043c\u0430\u043d\u0436\u0435\u0442\u0430\u0445, \u0447\u0442\u043e \u043f\u043e\u0437\u0432\u043e\u043b\u044f\u0435\u0442 \u043d\u043e\u0441\u0438\u0442\u044c \u0438\u0445 \u0441 \u043b\u044e\u0431\u043e\u0439 \u043e\u0431\u0443\u0432\u044c\u044e, \u0431\u0443\u0434\u044c \u0442\u043e \u0432\u044b\u0441\u043e\u043a\u0438\u0435 \u0441\u0430\u043f\u043e\u0433\u0438 \u0438\u043b\u0438 \u043a\u0440\u043e\u0441\u0441\u043e\u0432\u043a\u0438.<br \/>\n<span style=\"font-weight:400\">\u0422\u043a\u0430\u043d\u044c: \u0432\u0435\u043b\u044e\u0440<\/span><br \/>\n<span style=\"font-weight:400\">\u0420\u0430\u0437\u043c\u0435\u0440\u044b: 42-44 (S-M); 46-48 (L-XL)<\/span>. \u0428\u0442\u0430\u043d\u044b \u043f\u043e\u0434\u043e\u0439\u0434\u0443\u0442 \u043d\u0430 \u0440\u043e\u0441\u0442 160-180\u0441\u043c.<br \/>\n<span style=\"font-weight:400\">\u0426\u0432\u0435\u0442: \u0440\u043e\u0437\u043e\u0432\u044b\u0439<\/span><\/p>\n","protected":false},"featured_media":12662,"template":"","meta":{"jetpack_publicize_message":"","jetpack_publicize_feature_enabled":true,"jetpack_social_post_already_shared":false,"jetpack_social_options":{"image_generator_settings":{"template":"highway","default_image_id":0,"font":"","enabled":false},"version":2}},"product_brand":[],"product_cat":[15],"product_tag":[],"class_list":{"0":"post-13239","1":"product","2":"type-product","3":"status-publish","4":"has-post-thumbnail","6":"product_cat-maaramata","7":"pa_suurus-42-44-s-m","8":"pa_suurus-46-48-l-xl","10":"first","11":"outofstock","12":"shipping-taxable","13":"product-type-variable"},"jetpack_publicize_connections":[],"jetpack_sharing_enabled":true,"jetpack_likes_enabled":true,"_links":{"self":[{"href":"https:\/\/superstore.ee\/index.php\/wp-json\/wp\/v2\/product\/13239","targetHints":{"allow":["GET"]}}],"collection":[{"href":"https:\/\/superstore.ee\/index.php\/wp-json\/wp\/v2\/product"}],"about":[{"href":"https:\/\/superstore.ee\/index.php\/wp-json\/wp\/v2\/types\/product"}],"wp:featuredmedia":[{"embeddable":true,"href":"https:\/\/superstore.ee\/index.php\/wp-json\/wp\/v2\/media\/12662"}],"wp:attachment":[{"href":"https:\/\/superstore.ee\/index.php\/wp-json\/wp\/v2\/media?parent=13239"}],"wp:term":[{"taxonomy":"product_brand","embeddable":true,"href":"https:\/\/superstore.ee\/index.php\/wp-json\/wp\/v2\/product_brand?post=13239"},{"taxonomy":"product_cat","embeddable":true,"href":"https:\/\/superstore.ee\/index.php\/wp-json\/wp\/v2\/product_cat?post=13239"},{"taxonomy":"product_tag","embeddable":true,"href":"https:\/\/superstore.ee\/index.php\/wp-json\/wp\/v2\/product_tag?post=13239"}],"curies":[{"name":"wp","href":"https:\/\/api.w.org\/{rel}","templated":true}]}}