{"id":13569,"date":"2023-12-06T21:26:28","date_gmt":"2023-12-06T19:26:28","guid":{"rendered":"https:\/\/superstore.ee\/?post_type=product&#038;p=13569"},"modified":"2025-04-12T17:30:52","modified_gmt":"2025-04-12T14:30:52","slug":"kulmupliiats-ja-marker-kiko-milano-eyebrow-pencil-and-marker-mood-boost-duo","status":"publish","type":"product","link":"https:\/\/superstore.ee\/index.php\/toode\/kulmupliiats-ja-marker-kiko-milano-eyebrow-pencil-and-marker-mood-boost-duo\/","title":{"rendered":"Kulmupliiats ja marker KIKO Milano Eyebrow pencil and marker Mood Boost Duo"},"content":{"rendered":"","protected":false},"excerpt":{"rendered":"<p>\ud83c\uddea\ud83c\uddeaKIKO Milano kulmupliiats ja marker Mood Boost Duo<\/p>\n<ul>\n<li>Kulmude duo kahekordse aplikaatoriga: pliiats ja marker. Ehitatav v\u00e4limus, loomulikust intensiivsemani.<\/li>\n<li>Ideaalne n\u00e4oilme loomiseks ning kulmude m\u00e4\u00e4ratlemiseks ja tihendamiseks;<\/li>\n<li>Pliiatsil on \u00f5huke ots, mis v\u00f5imaldab kulmud t\u00e4pselt m\u00e4\u00e4ratleda;<\/li>\n<li>\u00dclilibisev marker t\u00e4idab kulmud \u00fchtlase v\u00e4rviga.<\/li>\n<\/ul>\n<p><strong>Kasutamine:<\/strong><\/p>\n<ol>\n<li>Valige enda v\u00e4rvusele k\u00f5ige paremini sobiv toon.<\/li>\n<li>Kasutades pliiatsit, m\u00e4\u00e4rake kulmu kontuur t\u00e4pselt.<\/li>\n<li>Kasutades marki, t\u00e4itke kaar l\u00fchikeste l\u00f6\u00f6kidega, alustades kaare algusest ja t\u00e4ites \u00e4ra h\u00f5redad kohad.<br \/>\nKorrake, kuni saavutate soovitud efekti.<\/li>\n<\/ol>\n<p>\ud83c\uddf7\ud83c\uddfaKIKO Milano \u041a\u0430\u0440\u0430\u043d\u0434\u0430\u0448 \u0438 \u043c\u0430\u0440\u043a\u0435\u0440 \u0434\u043b\u044f \u0431\u0440\u043e\u0432\u0435\u0439 Mood Boost Duo<\/p>\n<ul>\n<li>\u0414\u0443\u044d\u0442 \u0434\u043b\u044f \u0431\u0440\u043e\u0432\u0435\u0439 \u0441 \u0434\u0432\u043e\u0439\u043d\u044b\u043c \u0430\u043f\u043f\u043b\u0438\u043a\u0430\u0442\u043e\u0440\u043e\u043c: \u043a\u0430\u0440\u0430\u043d\u0434\u0430\u0448 \u0438 \u043c\u0430\u0440\u043a\u0435\u0440, \u043f\u043e\u0437\u0432\u043e\u043b\u044f\u0435\u0442 \u0441\u043e\u0437\u0434\u0430\u0432\u0430\u0442\u044c \u043c\u0430\u043a\u0438\u044f\u0436\u0438 \u043e\u0442 \u043d\u0430\u0442\u0443\u0440\u0430\u043b\u044c\u043d\u043e\u0433\u043e \u0434\u043e \u0438\u043d\u0442\u0435\u043d\u0441\u0438\u0432\u043d\u043e\u0433\u043e;<\/li>\n<li>\u0418\u0434\u0435\u0430\u043b\u044c\u043d\u043e \u043f\u043e\u0434\u0445\u043e\u0434\u0438\u0442 \u0434\u043b\u044f \u043b\u044f \u0432\u044b\u0440\u0430\u0437\u0438\u0442\u0435\u043b\u044c\u043d\u043e\u0433\u043e \u0441\u043e\u0437\u0434\u0430\u043d\u0438\u044f \u0444\u043e\u0440\u043c\u044b \u0431\u0440\u043e\u0432\u0435\u0439, \u0438\u0445 \u0443\u0442\u043e\u0447\u043d\u0435\u043d\u0438\u044f \u0438 \u0443\u043f\u043b\u043e\u0442\u043d\u0435\u043d\u0438\u044f;<\/li>\n<li>\u041a\u0430\u0440\u0430\u043d\u0434\u0430\u0448 \u0438\u043c\u0435\u0435\u0442 \u0442\u043e\u043d\u043a\u0438\u0439 \u043d\u0430\u043a\u043e\u043d\u0435\u0447\u043d\u0438\u043a \u0434\u043b\u044f \u0442\u043e\u0447\u043d\u043e\u0433\u043e \u043e\u043f\u0440\u0435\u0434\u0435\u043b\u0435\u043d\u0438\u044f \u0444\u043e\u0440\u043c\u044b \u0431\u0440\u043e\u0432\u0435\u0439;<\/li>\n<li>\u0421\u043a\u043e\u043b\u044c\u0437\u044f\u0449\u0438\u0439 \u043c\u0430\u0440\u043a\u0435\u0440 \u0437\u0430\u043f\u043e\u043b\u043d\u044f\u0435\u0442 \u0431\u0440\u043e\u0432\u0438 \u0440\u0430\u0432\u043d\u043e\u043c\u0435\u0440\u043d\u044b\u043c \u043d\u0430\u043d\u0435\u0441\u0435\u043d\u0438\u0435\u043c \u0446\u0432\u0435\u0442\u0430.<\/li>\n<\/ul>\n<p><strong>\u041a\u0430\u043a \u0438\u0441\u043f\u043e\u043b\u044c\u0437\u043e\u0432\u0430\u0442\u044c:<\/strong><\/p>\n<ol>\n<li>\u0412\u044b\u0431\u0435\u0440\u0438\u0442\u0435 \u043e\u0442\u0442\u0435\u043d\u043e\u043a, \u043d\u0430\u0438\u0431\u043e\u043b\u0435\u0435 \u043f\u043e\u0434\u0445\u043e\u0434\u044f\u0449\u0438\u0439 \u0434\u043b\u044f \u0432\u0430\u0448\u0435\u0433\u043e \u0446\u0432\u0435\u0442\u0430 \u043a\u043e\u0436\u0438.<\/li>\n<li>\u0421 \u043f\u043e\u043c\u043e\u0449\u044c\u044e \u043a\u0430\u0440\u0430\u043d\u0434\u0430\u0448\u0430 \u043e\u043f\u0440\u0435\u0434\u0435\u043b\u0438\u0442\u0435 \u043a\u043e\u043d\u0442\u0443\u0440 \u0431\u0440\u043e\u0432\u0435\u0439.<\/li>\n<li>\u0421 \u043f\u043e\u043c\u043e\u0449\u044c\u044e \u043c\u0430\u0440\u043a\u0435\u0440\u0430 \u0437\u0430\u043f\u043e\u043b\u043d\u0438\u0442\u0435 \u0434\u0443\u0433\u0443 \u043a\u043e\u0440\u043e\u0442\u043a\u0438\u043c\u0438 \u0434\u0432\u0438\u0436\u0435\u043d\u0438\u044f\u043c\u0438, \u043d\u0430\u0447\u0438\u043d\u0430\u044f \u0441 \u043d\u0430\u0447\u0430\u043b\u0430 \u0434\u0443\u0433\u0438 \u0438 \u0437\u0430\u043f\u043e\u043b\u043d\u044f\u044f \u043b\u044e\u0431\u044b\u0435 \u0443\u0447\u0430\u0441\u0442\u043a\u0438 \u0441 \u043d\u0435\u0434\u043e\u0441\u0442\u0430\u0442\u043e\u0447\u043d\u043e\u0439 \u043f\u043b\u043e\u0442\u043d\u043e\u0441\u0442\u044c\u044e. \u041f\u043e\u0432\u0442\u043e\u0440\u044f\u0439\u0442\u0435, \u043f\u043e\u043a\u0430 \u043d\u0435 \u0434\u043e\u0441\u0442\u0438\u0433\u043d\u0435\u0442\u0435 \u0436\u0435\u043b\u0430\u0435\u043c\u043e\u0433\u043e \u044d\u0444\u0444\u0435\u043a\u0442\u0430.<\/li>\n<\/ol>\n<p>\ud83c\uddfa\ud83c\uddf8KIKO Milano Mood Boost Duo Eyebrow pencil and marker<\/p>\n<ul>\n<li>Eyebrow duo with dual applicator: pencil and marker. Buildable look, from natural to intense;<\/li>\n<li>Ideal for creating expression and defining and thickening the eyebrows;<\/li>\n<li>The pencil has a thin tip to define the eyebrows with the utmost precision;<\/li>\n<li>The ultra-gliding marker fills in the eyebrows with an even colour pay-off.<\/li>\n<\/ul>\n<p><strong>How To Use:<\/strong><\/p>\n<p>1. Choose the shade best suited to your colouring.<br \/>\n2. With the pencil, define the outline of the eyebrow with precision.<br \/>\n3. With the marker, fill in the arch using short strokes, starting from the beginning of the arch and filling in any sparse areas.<br \/>\nRepeat until you achieve the desired effect.<\/p>\n","protected":false},"featured_media":13564,"template":"","meta":{"jetpack_publicize_message":"","jetpack_publicize_feature_enabled":true,"jetpack_social_post_already_shared":false,"jetpack_social_options":{"image_generator_settings":{"template":"highway","default_image_id":0,"font":"","enabled":false},"version":2}},"product_brand":[],"product_cat":[973,340,981,631,982,985],"product_tag":[],"class_list":{"0":"post-13569","1":"product","2":"type-product","3":"status-publish","4":"has-post-thumbnail","6":"product_cat-makeup","7":"product_cat-kiko-milano","8":"product_cat-brows","9":"product_cat-sale","10":"product_cat-eyes","11":"product_cat-eyeliner-and-pencil","12":"pa_varv-01-light-blonde","13":"pa_varv-03-brown","14":"pa_varv-04-brunette","16":"first","17":"outofstock","18":"sale","19":"shipping-taxable","20":"product-type-variable"},"jetpack_publicize_connections":[],"jetpack_sharing_enabled":true,"jetpack_likes_enabled":true,"_links":{"self":[{"href":"https:\/\/superstore.ee\/index.php\/wp-json\/wp\/v2\/product\/13569","targetHints":{"allow":["GET"]}}],"collection":[{"href":"https:\/\/superstore.ee\/index.php\/wp-json\/wp\/v2\/product"}],"about":[{"href":"https:\/\/superstore.ee\/index.php\/wp-json\/wp\/v2\/types\/product"}],"wp:featuredmedia":[{"embeddable":true,"href":"https:\/\/superstore.ee\/index.php\/wp-json\/wp\/v2\/media\/13564"}],"wp:attachment":[{"href":"https:\/\/superstore.ee\/index.php\/wp-json\/wp\/v2\/media?parent=13569"}],"wp:term":[{"taxonomy":"product_brand","embeddable":true,"href":"https:\/\/superstore.ee\/index.php\/wp-json\/wp\/v2\/product_brand?post=13569"},{"taxonomy":"product_cat","embeddable":true,"href":"https:\/\/superstore.ee\/index.php\/wp-json\/wp\/v2\/product_cat?post=13569"},{"taxonomy":"product_tag","embeddable":true,"href":"https:\/\/superstore.ee\/index.php\/wp-json\/wp\/v2\/product_tag?post=13569"}],"curies":[{"name":"wp","href":"https:\/\/api.w.org\/{rel}","templated":true}]}}