{"id":14108,"date":"2023-12-23T12:57:45","date_gmt":"2023-12-23T10:57:45","guid":{"rendered":"https:\/\/superstore.ee\/?post_type=product&#038;p=14108"},"modified":"2024-09-21T21:18:09","modified_gmt":"2024-09-21T18:18:09","slug":"huulepalsam-kiko-milano-create-your-balance-nourishing-lip-balm","status":"publish","type":"product","link":"https:\/\/superstore.ee\/index.php\/toode\/huulepalsam-kiko-milano-create-your-balance-nourishing-lip-balm\/","title":{"rendered":"Huulepalsam KIKO Milano Create Your Balance Nourishing Lip Balm"},"content":{"rendered":"","protected":false},"excerpt":{"rendered":"<div class=\"woocommerce-product-details__short-description\">\n<p>\ud83c\uddea\ud83c\uddea Huulepalsam KIKO Milano<\/p>\n<ul>\n<li>Toitev ja siluv palsam: toidab huuli ja annab neile \u00f5rna l\u00e4ike<\/li>\n<li>On immutatud \u00fcmbritsevate lavendlinootidega<\/li>\n<li>Valem on rikastatud f\u00fctoskvalaani- ja p\u00e4evalille\u00f5liga, rahustava kummeli, granaat\u00f5una, roosi ja vaarika ekstraktiga<\/li>\n<li>Tekstuur elustab huuled kerge neutraalse roosa varjundiga, j\u00e4ttes need pehmeks ja siledaks<\/li>\n<\/ul>\n<\/div>\n<div class=\"woocommerce-product-details__short-description\">\n<p>\ud83c\uddf7\ud83c\uddfa \u0411\u0430\u043b\u044c\u0437\u0430\u043c \u0434\u043b\u044f \u0433\u0443\u0431 KIKO Milano<\/p>\n<ul>\n<li>\u041f\u0438\u0442\u0430\u0442\u0435\u043b\u044c\u043d\u044b\u0439 \u0438 \u0440\u0430\u0437\u0433\u043b\u0430\u0436\u0438\u0432\u0430\u044e\u0449\u0438\u0439 \u0431\u0430\u043b\u044c\u0437\u0430\u043c: \u043f\u043e\u0434\u043f\u0438\u0442\u044b\u0432\u0430\u0435\u0442 \u0433\u0443\u0431\u044b \u0438 \u043f\u0440\u0438\u0434\u0430\u0435\u0442 \u0438\u043c \u043d\u0435\u0436\u043d\u044b\u0439 \u0431\u043b\u0435\u0441\u043a<\/li>\n<li>\u041d\u0430\u043f\u043e\u043b\u043d\u0435\u043d \u043e\u0431\u0432\u043e\u043b\u0430\u043a\u0438\u0432\u0430\u044e\u0449\u0438\u043c\u0438 \u043d\u043e\u0442\u0430\u043c\u0438 \u043b\u0430\u0432\u0430\u043d\u0434\u044b<\/li>\n<li>\u0424\u043e\u0440\u043c\u0443\u043b\u0430 \u043e\u0431\u043e\u0433\u0430\u0449\u0435\u043d\u0430 \u0444\u0438\u0442\u043e\u0441\u043a\u0432\u0430\u043b\u0430\u043d\u043e\u043c, \u043f\u043e\u0434\u0441\u043e\u043b\u043d\u0435\u0447\u043d\u044b\u043c \u043c\u0430\u0441\u043b\u043e\u043c, \u0443\u0441\u043f\u043e\u043a\u0430\u0438\u0432\u0430\u044e\u0449\u0438\u043c \u044d\u043a\u0441\u0442\u0440\u0430\u043a\u0442\u043e\u043c \u0440\u043e\u043c\u0430\u0448\u043a\u0438, \u0433\u0440\u0430\u043d\u0430\u0442\u0430, \u0440\u043e\u0437\u044b \u0438 \u043c\u0430\u043b\u0438\u043d\u044b<\/li>\n<li>\u0422\u0435\u043a\u0441\u0442\u0443\u0440\u0430 \u043e\u0436\u0438\u0432\u043b\u044f\u0435\u0442 \u0433\u0443\u0431\u044b \u043b\u0435\u0433\u043a\u0438\u043c \u043d\u0435\u0439\u0442\u0440\u0430\u043b\u044c\u043d\u044b\u043c \u0440\u043e\u0437\u043e\u0432\u044b\u043c \u043e\u0442\u0442\u0435\u043d\u043a\u043e\u043c, \u0434\u0435\u043b\u0430\u044f \u0438\u0445 \u043c\u044f\u0433\u043a\u0438\u043c\u0438 \u0438 \u0433\u043b\u0430\u0434\u043a\u0438\u043c\u0438<\/li>\n<\/ul>\n<p>\ud83c\uddfa\ud83c\uddf8 KIKO Milano Create Your Balance Nourishing Lip Balm<\/p>\n<ul>\n<li>Nourishing and smoothing balm: pampers lips and gives them a gentle shine<\/li>\n<li>Is infused with enveloping notes of lavender<\/li>\n<li>Formula enriched with phytosqualane, sunflower oil, soothing camomile, pomegranate, rose and raspberry extract<\/li>\n<li>The texture revitalises the lips with a lightweight neutral pink shade while leaving them soft and smooth<\/li>\n<\/ul>\n<\/div>\n","protected":false},"featured_media":14419,"template":"","meta":{"jetpack_publicize_message":"","jetpack_publicize_feature_enabled":true,"jetpack_social_post_already_shared":false,"jetpack_social_options":{"image_generator_settings":{"template":"highway","default_image_id":0,"font":"","enabled":false},"version":2}},"product_brand":[],"product_cat":[340],"product_tag":[],"class_list":{"0":"post-14108","1":"product","2":"type-product","3":"status-publish","4":"has-post-thumbnail","6":"product_cat-kiko-milano","8":"first","9":"outofstock","10":"sale","11":"shipping-taxable","12":"purchasable","13":"product-type-simple"},"jetpack_publicize_connections":[],"jetpack_sharing_enabled":true,"jetpack_likes_enabled":true,"_links":{"self":[{"href":"https:\/\/superstore.ee\/index.php\/wp-json\/wp\/v2\/product\/14108","targetHints":{"allow":["GET"]}}],"collection":[{"href":"https:\/\/superstore.ee\/index.php\/wp-json\/wp\/v2\/product"}],"about":[{"href":"https:\/\/superstore.ee\/index.php\/wp-json\/wp\/v2\/types\/product"}],"wp:featuredmedia":[{"embeddable":true,"href":"https:\/\/superstore.ee\/index.php\/wp-json\/wp\/v2\/media\/14419"}],"wp:attachment":[{"href":"https:\/\/superstore.ee\/index.php\/wp-json\/wp\/v2\/media?parent=14108"}],"wp:term":[{"taxonomy":"product_brand","embeddable":true,"href":"https:\/\/superstore.ee\/index.php\/wp-json\/wp\/v2\/product_brand?post=14108"},{"taxonomy":"product_cat","embeddable":true,"href":"https:\/\/superstore.ee\/index.php\/wp-json\/wp\/v2\/product_cat?post=14108"},{"taxonomy":"product_tag","embeddable":true,"href":"https:\/\/superstore.ee\/index.php\/wp-json\/wp\/v2\/product_tag?post=14108"}],"curies":[{"name":"wp","href":"https:\/\/api.w.org\/{rel}","templated":true}]}}