{"id":14113,"date":"2023-12-23T13:45:32","date_gmt":"2023-12-23T11:45:32","guid":{"rendered":"https:\/\/superstore.ee\/?post_type=product&#038;p=14113"},"modified":"2024-08-10T19:15:56","modified_gmt":"2024-08-10T17:15:56","slug":"seerum-huulepalsam-kiko-milano-energy-shake-serum-lip-balm-02","status":"publish","type":"product","link":"https:\/\/superstore.ee\/index.php\/toode\/seerum-huulepalsam-kiko-milano-energy-shake-serum-lip-balm-02\/","title":{"rendered":"Seerum huulepalsam KIKO Milano Energy Shake Serum Lip Balm (02)"},"content":{"rendered":"","protected":false},"excerpt":{"rendered":"<div class=\"woocommerce-product-details__short-description\">\n<p>\ud83c\uddea\ud83c\uddea Seerum huulepalsam KIKO Milano (02 Vigorous Pink)<\/p>\n<ul>\n<li>Niisutav toonitud huulepalsam s\u00e4rava viimistlusega: annab huultele s\u00e4rava v\u00e4rvi puudutuse, muutes need pehmeks ja sametiseks<\/li>\n<li>Vegan valem on rikastatud energiat andvate omadustega kohviseemne\u00f5liga<\/li>\n<li>Toonitud vaniljel\u00f5hnaline tekstuur libiseb meeldivalt \u00fcle huulte ning annab neile kohese niisutuse ja siluva efekti<\/li>\n<li>Valgustpeegeldavad osakesed loovad mitmem\u00f5\u00f5tmelise l\u00e4ikiva efekti<\/li>\n<\/ul>\n<\/div>\n<div class=\"woocommerce-product-details__short-description\">\n<p>\ud83c\uddf7\ud83c\uddfa \u0421\u044b\u0432\u043e\u0440\u043e\u0442\u043a\u0430-\u0431\u0430\u043b\u044c\u0437\u0430\u043c \u0434\u043b\u044f \u0433\u0443\u0431 KIKO Milano (02 Vigorous Pink)<\/p>\n<ul>\n<li>\u0423\u0432\u043b\u0430\u0436\u043d\u044f\u044e\u0449\u0438\u0439 \u0442\u043e\u043d\u0438\u0440\u043e\u0432\u0430\u043d\u043d\u044b\u0439 \u0431\u0430\u043b\u044c\u0437\u0430\u043c \u0434\u043b\u044f \u0433\u0443\u0431 \u0441 \u0441\u0438\u044f\u044e\u0449\u0438\u043c \u0444\u0438\u043d\u0438\u0448\u0435\u043c: \u043f\u0440\u0438\u0434\u0430\u0435\u0442 \u0433\u0443\u0431\u0430\u043c \u0441\u0438\u044f\u044e\u0449\u0438\u0439 \u0446\u0432\u0435\u0442, \u0434\u0435\u043b\u0430\u044f \u0438\u0445 \u043c\u044f\u0433\u043a\u0438\u043c\u0438 \u0438 \u0431\u0430\u0440\u0445\u0430\u0442\u0438\u0441\u0442\u044b\u043c\u0438<\/li>\n<li>\u0412\u0435\u0433\u0430\u043d\u0441\u043a\u0430\u044f \u0444\u043e\u0440\u043c\u0443\u043b\u0430 \u043e\u0431\u043e\u0433\u0430\u0449\u0435\u043d\u0430 \u043c\u0430\u0441\u043b\u043e\u043c \u0441\u0435\u043c\u044f\u043d \u043a\u043e\u0444\u0435, \u043e\u0431\u043b\u0430\u0434\u0430\u044e\u0449\u0438\u043c \u0442\u043e\u043d\u0438\u0437\u0438\u0440\u0443\u044e\u0449\u0438\u043c\u0438 \u0441\u0432\u043e\u0439\u0441\u0442\u0432\u0430\u043c\u0438<\/li>\n<li>\u0422\u043e\u043d\u0438\u0440\u043e\u0432\u0430\u043d\u043d\u0430\u044f \u0442\u0435\u043a\u0441\u0442\u0443\u0440\u0430 \u0441 \u0430\u0440\u043e\u043c\u0430\u0442\u043e\u043c \u0432\u0430\u043d\u0438\u043b\u0438 \u043f\u0440\u0438\u044f\u0442\u043d\u043e \u0441\u043a\u043e\u043b\u044c\u0437\u0438\u0442 \u043f\u043e \u0433\u0443\u0431\u0430\u043c, \u043c\u0433\u043d\u043e\u0432\u0435\u043d\u043d\u043e \u0443\u0432\u043b\u0430\u0436\u043d\u044f\u044f \u0438 \u0440\u0430\u0437\u0433\u043b\u0430\u0436\u0438\u0432\u0430\u044f \u0438\u0445<\/li>\n<li>\u0421\u0432\u0435\u0442\u043e\u043e\u0442\u0440\u0430\u0436\u0430\u044e\u0449\u0438\u0435 \u0447\u0430\u0441\u0442\u0438\u0446\u044b \u0441\u043e\u0437\u0434\u0430\u044e\u0442 \u043c\u043d\u043e\u0433\u043e\u043c\u0435\u0440\u043d\u044b\u0439 \u0433\u043b\u044f\u043d\u0446\u0435\u0432\u044b\u0439 \u044d\u0444\u0444\u0435\u043a\u0442<\/li>\n<\/ul>\n<p>\ud83c\uddfa\ud83c\uddf8 KIKO Milano Energy Shake Serum Lip Balm (02 Vigorous Pink)<\/p>\n<ul>\n<li>Moisturising tinted lip balm with a radiant finish: gives lips a touch of radiant colour, making them soft and velvety<\/li>\n<li>Vegan formula is enriched with coffee seed oil with energising properties<\/li>\n<li>Tinted vanilla-scented texture glides pleasantly over the lips and gives them instant hydration and a smoothing effect<\/li>\n<li>Light-reflecting particles create a multi-dimensional glossy effect<\/li>\n<\/ul>\n<\/div>\n","protected":false},"featured_media":14227,"template":"","meta":{"jetpack_publicize_message":"","jetpack_publicize_feature_enabled":true,"jetpack_social_post_already_shared":false,"jetpack_social_options":{"image_generator_settings":{"template":"highway","default_image_id":0,"font":"","enabled":false},"version":2}},"product_brand":[],"product_cat":[340],"product_tag":[],"class_list":{"0":"post-14113","1":"product","2":"type-product","3":"status-publish","4":"has-post-thumbnail","6":"product_cat-kiko-milano","8":"first","9":"outofstock","10":"sale","11":"shipping-taxable","12":"purchasable","13":"product-type-simple"},"jetpack_publicize_connections":[],"jetpack_sharing_enabled":true,"jetpack_likes_enabled":true,"_links":{"self":[{"href":"https:\/\/superstore.ee\/index.php\/wp-json\/wp\/v2\/product\/14113","targetHints":{"allow":["GET"]}}],"collection":[{"href":"https:\/\/superstore.ee\/index.php\/wp-json\/wp\/v2\/product"}],"about":[{"href":"https:\/\/superstore.ee\/index.php\/wp-json\/wp\/v2\/types\/product"}],"wp:featuredmedia":[{"embeddable":true,"href":"https:\/\/superstore.ee\/index.php\/wp-json\/wp\/v2\/media\/14227"}],"wp:attachment":[{"href":"https:\/\/superstore.ee\/index.php\/wp-json\/wp\/v2\/media?parent=14113"}],"wp:term":[{"taxonomy":"product_brand","embeddable":true,"href":"https:\/\/superstore.ee\/index.php\/wp-json\/wp\/v2\/product_brand?post=14113"},{"taxonomy":"product_cat","embeddable":true,"href":"https:\/\/superstore.ee\/index.php\/wp-json\/wp\/v2\/product_cat?post=14113"},{"taxonomy":"product_tag","embeddable":true,"href":"https:\/\/superstore.ee\/index.php\/wp-json\/wp\/v2\/product_tag?post=14113"}],"curies":[{"name":"wp","href":"https:\/\/api.w.org\/{rel}","templated":true}]}}