{"id":14187,"date":"2023-12-24T13:09:23","date_gmt":"2023-12-24T11:09:23","guid":{"rendered":"https:\/\/superstore.ee\/?post_type=product&#038;p=14187"},"modified":"2026-03-06T12:04:06","modified_gmt":"2026-03-06T10:04:06","slug":"kulmupliiats-kiko-milano-precision-eyebrow-pencil","status":"publish","type":"product","link":"https:\/\/superstore.ee\/index.php\/toode\/kulmupliiats-kiko-milano-precision-eyebrow-pencil\/","title":{"rendered":"KIKO MILANO Precision Eyebrow Pencil"},"content":{"rendered":"","protected":false},"excerpt":{"rendered":"<p>Kulmupliiats KIKO Milano<\/p>\n<ul>\n<li>Kulmupliiats k\u00f5va koostisega ja eralduskamm<\/li>\n<li>Valem sisaldab k\u00f5rgsulavaid vahasid, mis tagavad nakkuvuse, t\u00e4psuse ja kauakestva joone<\/li>\n<li>Peen ots v\u00f5imaldab kulmude kuju piiritleda v\u00f5i r\u00f5hutada peene ja t\u00e4pse joonega, andes loomuliku viimistluse<\/li>\n<li>Teritaja kaasas<\/li>\n<\/ul>\n<details>\n<summary>Details<\/summary>\n<div translate=\"no\">\n<p>KIKO Milano Precision Eyebrow Pencil<\/p>\n<ul>\n<li>Eyebrow pencil with micro-precision hard formula and separator comb<\/li>\n<li>The formula contains high-melt waxes ensuring adherence, precision and a long lasting line<\/li>\n<li>The fine point allows the shape of the eyebrows to be outlined or accentuated with a fine, precise line, giving a natural finish<\/li>\n<li>Sharpener included<\/li>\n<\/ul>\n<p>INGREDIENTS: HYDROGENATED VEGETABLE OIL, MICA, COPERNICIA CERIFERA WAX (COPERNICIA CERIFERA (CARNAUBA) WAX\/CIRE DE CARNARUBA), CERA ALBA (BEESWAX\/CIRE D\u2019ABEILLE), GLYCERYL STEARATE, PARAFFIN, STEARIC ACID, SORBITAN TRISTEARATE, PALMITIC ACID, PANTHENOL, ACACIA DEA LBATA FLOWER WAX, LECITHIN, TOCOPHEROL, ASCORBYL PALMITATE, GLYCERYL OLEATE, CITRIC ACID. +\/- (MAY CONTAIN): CI 77491 &#8211; CI 77492 &#8211; C I 77499 (IRON OXIDES), CI 77891 (TITANIUM DIOXIDE).<\/p>\n<\/div>\n<p>\u041a\u0430\u0440\u0430\u043d\u0434\u0430\u0448 \u0434\u043b\u044f \u0431\u0440\u043e\u0432\u0435\u0439 KIKO Milano<\/p>\n<ul>\n<li>\u041a\u0430\u0440\u0430\u043d\u0434\u0430\u0448 \u0434\u043b\u044f \u0431\u0440\u043e\u0432\u0435\u0439 \u0441 \u043c\u0438\u043a\u0440\u043e-\u0442\u043e\u0447\u043d\u043e\u0439 \u0442\u0432\u0435\u0440\u0434\u043e\u0439 \u0444\u043e\u0440\u043c\u0443\u043b\u043e\u0439 \u0438 \u0440\u0430\u0441\u0447\u0435\u0441\u043a\u043e\u0439 \u0434\u043b\u044f \u0440\u0430\u0437\u0434\u0435\u043b\u0435\u043d\u0438\u044f<\/li>\n<li>\u0424\u043e\u0440\u043c\u0443\u043b\u0430 \u0441\u043e\u0434\u0435\u0440\u0436\u0438\u0442 \u0432\u043e\u0441\u043a \u0441 \u0432\u044b\u0441\u043e\u043a\u043e\u0439 \u0442\u0435\u043c\u043f\u0435\u0440\u0430\u0442\u0443\u0440\u043e\u0439 \u043f\u043b\u0430\u0432\u043b\u0435\u043d\u0438\u044f, \u043e\u0431\u0435\u0441\u043f\u0435\u0447\u0438\u0432\u0430\u044e\u0449\u0438\u0439 \u0445\u043e\u0440\u043e\u0448\u0435\u0435 \u0441\u0446\u0435\u043f\u043b\u0435\u043d\u0438\u0435, \u0442\u043e\u0447\u043d\u043e\u0441\u0442\u044c \u0438 \u0434\u043e\u043b\u0433\u043e\u0432\u0440\u0435\u043c\u0435\u043d\u043d\u043e\u0435 \u0441\u043e\u0445\u0440\u0430\u043d\u0435\u043d\u0438\u0435 \u043b\u0438\u043d\u0438\u0438<\/li>\n<li>\u0422\u043e\u043d\u043a\u0438\u0439 \u043a\u043e\u043d\u0447\u0438\u043a \u043f\u043e\u0437\u0432\u043e\u043b\u044f\u0435\u0442 \u0432\u044b\u0434\u0435\u043b\u0438\u0442\u044c \u0444\u043e\u0440\u043c\u0443 \u0431\u0440\u043e\u0432\u0435\u0439 \u0438\u043b\u0438 \u043f\u043e\u0434\u0447\u0435\u0440\u043a\u043d\u0443\u0442\u044c \u0435\u0435 \u0442\u043e\u043d\u043a\u043e\u0439, \u0442\u043e\u0447\u043d\u043e\u0439 \u043b\u0438\u043d\u0438\u0435\u0439, \u043e\u0431\u0435\u0441\u043f\u0435\u0447\u0438\u0432\u0430\u044f \u0435\u0441\u0442\u0435\u0441\u0442\u0432\u0435\u043d\u043d\u044b\u0439 \u0444\u0438\u043d\u0438\u0448<\/li>\n<li>\u0422\u043e\u0447\u0438\u043b\u043a\u0430 \u0432 \u043a\u043e\u043c\u043f\u043b\u0435\u043a\u0442\u0435<\/li>\n<\/ul>\n<\/details>\n","protected":false},"featured_media":14402,"template":"","meta":{"jetpack_publicize_message":"","jetpack_publicize_feature_enabled":true,"jetpack_social_post_already_shared":false,"jetpack_social_options":{"image_generator_settings":{"template":"highway","default_image_id":0,"font":"","enabled":false},"version":2}},"product_brand":[],"product_cat":[973,340,981],"product_tag":[],"class_list":{"0":"post-14187","1":"product","2":"type-product","3":"status-publish","4":"has-post-thumbnail","6":"product_cat-makeup","7":"product_cat-kiko-milano","8":"product_cat-brows","9":"pa_varv-01-blackhaired","10":"pa_varv-02-dark-chestnut","11":"pa_varv-03-auburn-and-redheads","12":"pa_varv-04-light-chestnut-and-blonds","13":"pa_varv-05-brunettes","14":"pa_varv-06-auburn","16":"first","17":"instock","18":"shipping-taxable","19":"purchasable","20":"product-type-variable"},"jetpack_publicize_connections":[],"jetpack_sharing_enabled":true,"jetpack_likes_enabled":true,"_links":{"self":[{"href":"https:\/\/superstore.ee\/index.php\/wp-json\/wp\/v2\/product\/14187","targetHints":{"allow":["GET"]}}],"collection":[{"href":"https:\/\/superstore.ee\/index.php\/wp-json\/wp\/v2\/product"}],"about":[{"href":"https:\/\/superstore.ee\/index.php\/wp-json\/wp\/v2\/types\/product"}],"wp:featuredmedia":[{"embeddable":true,"href":"https:\/\/superstore.ee\/index.php\/wp-json\/wp\/v2\/media\/14402"}],"wp:attachment":[{"href":"https:\/\/superstore.ee\/index.php\/wp-json\/wp\/v2\/media?parent=14187"}],"wp:term":[{"taxonomy":"product_brand","embeddable":true,"href":"https:\/\/superstore.ee\/index.php\/wp-json\/wp\/v2\/product_brand?post=14187"},{"taxonomy":"product_cat","embeddable":true,"href":"https:\/\/superstore.ee\/index.php\/wp-json\/wp\/v2\/product_cat?post=14187"},{"taxonomy":"product_tag","embeddable":true,"href":"https:\/\/superstore.ee\/index.php\/wp-json\/wp\/v2\/product_tag?post=14187"}],"curies":[{"name":"wp","href":"https:\/\/api.w.org\/{rel}","templated":true}]}}