{"id":15860,"date":"2024-06-09T18:20:00","date_gmt":"2024-06-09T16:20:00","guid":{"rendered":"https:\/\/superstore.ee\/?post_type=product&#038;p=15860"},"modified":"2025-03-24T21:32:58","modified_gmt":"2025-03-24T19:32:58","slug":"victorias-secret-pink-virsiku-sara-andev-kehaoli-236ml-bestseller-shimmer-peach-highlighting-oil","status":"publish","type":"product","link":"https:\/\/superstore.ee\/index.php\/toode\/victorias-secret-pink-virsiku-sara-andev-kehaoli-236ml-bestseller-shimmer-peach-highlighting-oil\/","title":{"rendered":"Victoria\u2019s Secret PINK Virsiku s\u00e4ra andev keha\u00f5li (236ml) Shimmer Peach Highlighting Oil"},"content":{"rendered":"","protected":false},"excerpt":{"rendered":"<p><span style=\"font-weight: 400;\">\ud83c\uddea\ud83c\uddea Victoria\u2019s Secret PINK virsiku s\u00e4ra andev keha\u00f5li (236ml) Shimmer Peach Highlighting Oil<\/span><\/p>\n<p>Sisaldab C-vitamiini, kookos\u00f5li ja virsikuekstrakti. Kerge koostis imendub koheselt nahka ega j\u00e4ta j\u00e4lgi, j\u00e4ttes maha ainult \u00fchtlase pronksise s\u00e4ra ja virsiku aroomi. Kehale m\u00f5eldud \u00f5li on kerge ja siidine tekstuuriga. Annab \u00f5rna jume, pronksise s\u00e4ra ja uskumatult meeldiva virsiku l\u00f5hna!<br \/>\n<span style=\"font-weight: 400;\">\ud83c\uddf7\ud83c\uddfa Victoria\u2019s Secret PINK \u043f\u0435\u0440\u0441\u0438\u043a\u043e\u0432\u043e\u0435 \u043c\u0430\u0441\u043b\u043e \u0434\u043b\u044f \u0442\u0435\u043b\u0430 \u0441 \u0431\u0440\u043e\u043d\u0437\u0430\u0442\u043e\u0440\u043e\u043c (236 ml) Shimmer Peach Highlighting Oil<\/span><\/p>\n<div class=\"flex flex-grow flex-col max-w-full\">\n<div class=\"min-h-[20px] text-message flex flex-col items-start whitespace-pre-wrap break-words [.text-message+&amp;]:mt-5 juice:w-full juice:items-end overflow-x-auto gap-2\" dir=\"auto\" data-message-author-role=\"assistant\" data-message-id=\"3f4f94aa-b33e-4383-b6a4-649fcfe6e28b\">\n<div class=\"flex w-full flex-col gap-1 juice:empty:hidden juice:first:pt-[3px]\">\n<div class=\"markdown prose w-full break-words dark:prose-invert light\">\u0421\u043e\u0434\u0435\u0440\u0436\u0438\u0442 \u0432\u0438\u0442\u0430\u043c\u0438\u043d \u0421, \u043a\u043e\u043a\u043e\u0441\u043e\u0432\u043e\u0435 \u043c\u0430\u0441\u043b\u043e \u0438 \u044d\u043a\u0441\u0442\u0440\u0430\u043a\u0442 \u043f\u0435\u0440\u0441\u0438\u043a\u0430. \u041b\u0435\u0433\u043a\u0430\u044f \u0444\u043e\u0440\u043c\u0443\u043b\u0430 \u043c\u0433\u043d\u043e\u0432\u0435\u043d\u043d\u043e \u0432\u043f\u0438\u0442\u044b\u0432\u0430\u0435\u0442\u0441\u044f \u0432 \u043a\u043e\u0436\u0443 \u0438 \u043d\u0435 \u043e\u0441\u0442\u0430\u0432\u043b\u044f\u0435\u0442 \u0441\u043b\u0435\u0434\u043e\u0432, \u043e\u0441\u0442\u0430\u0432\u043b\u044f\u044f \u043f\u043e\u0441\u043b\u0435 \u0441\u0435\u0431\u044f \u0442\u043e\u043b\u044c\u043a\u043e \u0440\u043e\u0432\u043d\u043e\u0435 \u0431\u0440\u043e\u043d\u0437\u043e\u0432\u043e\u0435 \u0441\u0438\u044f\u043d\u0438\u0435 \u0438 <span style=\"font-weight: 400;\">\u043f\u0435\u0440\u0441\u0438\u043a\u043e\u0432\u044b\u0439<\/span> \u0430\u0440\u043e\u043c\u0430\u0442. \u041c\u0430\u0441\u043b\u043e \u0434\u043b\u044f \u0442\u0435\u043b\u0430 \u0438\u043c\u0435\u0435\u0442 \u043b\u0435\u0433\u043a\u0443\u044e \u0438 \u0448\u0435\u043b\u043a\u043e\u0432\u0438\u0441\u0442\u0443\u044e \u0442\u0435\u043a\u0441\u0442\u0443\u0440\u0443. \u041f\u0440\u0438\u0434\u0430\u0435\u0442 \u043d\u0435\u0436\u043d\u044b\u0439 \u0446\u0432\u0435\u0442, \u0431\u0440\u043e\u043d\u0437\u043e\u0432\u043e\u0435 \u0441\u0438\u044f\u043d\u0438\u0435 \u0438 \u043d\u0435\u0432\u0435\u0440\u043e\u044f\u0442\u043d\u043e \u043f\u0440\u0438\u044f\u0442\u043d\u044b\u0439 \u0430\u0440\u043e\u043c\u0430\u0442 <span style=\"font-weight: 400;\">\u043f\u0435\u0440\u0441\u0438\u043a\u0430<\/span>!<\/div>\n<\/div>\n<\/div>\n<\/div>\n<p><span style=\"font-weight: 400;\">\ud83c\uddfa\ud83c\uddf8 Victoria\u2019s Secret PINK Shimmer Peach Highlighting Oil (236ml)<\/span><\/p>\n<p>A deliciously-peachy spin on our shimmer body oil. This lightweight body oil is packed with skin-brightening Vitamin C, Peach Kernel Oil, and gorgeous gold shimmer. Lightweight and transfer-proof, it leaves your skin with a gleaming, sun-kissed sheen, and deliciously peachy scent. Time to shine.<\/p>\n","protected":false},"featured_media":19964,"template":"","meta":{"jetpack_publicize_message":"","jetpack_publicize_feature_enabled":true,"jetpack_social_post_already_shared":false,"jetpack_social_options":{"image_generator_settings":{"template":"highway","default_image_id":0,"font":"","enabled":false},"version":2}},"product_brand":[],"product_cat":[341],"product_tag":[],"class_list":{"0":"post-15860","1":"product","2":"type-product","3":"status-publish","4":"has-post-thumbnail","6":"product_cat-victorias-secret","7":"pa_lohn-honey","8":"pa_lohn-honey-ginger","10":"first","11":"outofstock","12":"sale","13":"shipping-taxable","14":"purchasable","15":"product-type-simple"},"jetpack_publicize_connections":[],"jetpack_sharing_enabled":true,"jetpack_likes_enabled":true,"_links":{"self":[{"href":"https:\/\/superstore.ee\/index.php\/wp-json\/wp\/v2\/product\/15860","targetHints":{"allow":["GET"]}}],"collection":[{"href":"https:\/\/superstore.ee\/index.php\/wp-json\/wp\/v2\/product"}],"about":[{"href":"https:\/\/superstore.ee\/index.php\/wp-json\/wp\/v2\/types\/product"}],"wp:featuredmedia":[{"embeddable":true,"href":"https:\/\/superstore.ee\/index.php\/wp-json\/wp\/v2\/media\/19964"}],"wp:attachment":[{"href":"https:\/\/superstore.ee\/index.php\/wp-json\/wp\/v2\/media?parent=15860"}],"wp:term":[{"taxonomy":"product_brand","embeddable":true,"href":"https:\/\/superstore.ee\/index.php\/wp-json\/wp\/v2\/product_brand?post=15860"},{"taxonomy":"product_cat","embeddable":true,"href":"https:\/\/superstore.ee\/index.php\/wp-json\/wp\/v2\/product_cat?post=15860"},{"taxonomy":"product_tag","embeddable":true,"href":"https:\/\/superstore.ee\/index.php\/wp-json\/wp\/v2\/product_tag?post=15860"}],"curies":[{"name":"wp","href":"https:\/\/api.w.org\/{rel}","templated":true}]}}