{"id":16023,"date":"2024-06-18T18:45:00","date_gmt":"2024-06-18T16:45:00","guid":{"rendered":"https:\/\/superstore.ee\/?post_type=product&#038;p=16023"},"modified":"2024-07-30T17:32:03","modified_gmt":"2024-07-30T15:32:03","slug":"victorias-secret-whispering-waves-kehasprei-250ml","status":"publish","type":"product","link":"https:\/\/superstore.ee\/index.php\/toode\/victorias-secret-whispering-waves-kehasprei-250ml\/","title":{"rendered":"Victoria\u2019s Secret Whispering Waves Kehasprei (250ml)"},"content":{"rendered":"","protected":false},"excerpt":{"rendered":"<p>\ud83c\uddea\ud83c\uddea Victoria\u2019s Secret <span style=\"font-weight:400\">Whispering Waves<\/span> Kehasprei (250ml)<\/p>\n<p><strong><em>Whispering Waves<\/em><\/strong> \u2013 L\u00f5hnastiil: v\u00e4rske. Noodid: \u00f5rn tsitrus, kaktusevesi, k\u00fcps sidrun.<\/p>\n<p>\ud83c\uddf7\ud83c\uddfa Victoria\u2019s Secret <span style=\"font-weight:400\">Whispering Waves<\/span> \u0441\u043f\u0440\u0435\u0439 \u0434\u043b\u044f \u0442\u0435\u043b\u0430 (250\u043c\u043b)<\/p>\n<p><strong><em>Whispering Waves<\/em><\/strong> \u2013 \u0421\u0442\u0438\u043b\u044c \u0430\u0440\u043e\u043c\u0430\u0442\u0430: \u0441\u0432\u0435\u0436\u0438\u0439. \u041d\u043e\u0442\u044b: \u0446\u0438\u0442\u0440\u0443\u0441\u043e\u0432\u044b\u0439, \u043a\u0430\u043a\u0442\u0443\u0441\u043e\u0432\u0430\u044f \u0432\u043e\u0434\u0430, \u0441\u043f\u0435\u043b\u044b\u0439 \u043b\u0438\u043c\u043e\u043d.<\/p>\n<p>\ud83c\uddfa\ud83c\uddf8 Victoria\u2019s Secret <span style=\"font-weight:400\">Whispering Waves<\/span> Body Mist (250ml)<\/p>\n<p><strong><em>Whispering Waves <\/em><\/strong>\u2013 Fragrance Style: fresh. Notes: sheer citrus, cactus water, ripe lemon.<\/p>\n","protected":false},"featured_media":16024,"template":"","meta":{"jetpack_publicize_message":"","jetpack_publicize_feature_enabled":true,"jetpack_social_post_already_shared":false,"jetpack_social_options":{"image_generator_settings":{"template":"highway","default_image_id":0,"font":"","enabled":false},"version":2}},"product_brand":[],"product_cat":[631,341],"product_tag":[],"class_list":{"0":"post-16023","1":"product","2":"type-product","3":"status-publish","4":"has-post-thumbnail","6":"product_cat-sale","7":"product_cat-victorias-secret","9":"first","10":"outofstock","11":"sale","12":"shipping-taxable","13":"purchasable","14":"product-type-simple"},"jetpack_publicize_connections":[],"jetpack_sharing_enabled":true,"jetpack_likes_enabled":true,"_links":{"self":[{"href":"https:\/\/superstore.ee\/index.php\/wp-json\/wp\/v2\/product\/16023","targetHints":{"allow":["GET"]}}],"collection":[{"href":"https:\/\/superstore.ee\/index.php\/wp-json\/wp\/v2\/product"}],"about":[{"href":"https:\/\/superstore.ee\/index.php\/wp-json\/wp\/v2\/types\/product"}],"wp:featuredmedia":[{"embeddable":true,"href":"https:\/\/superstore.ee\/index.php\/wp-json\/wp\/v2\/media\/16024"}],"wp:attachment":[{"href":"https:\/\/superstore.ee\/index.php\/wp-json\/wp\/v2\/media?parent=16023"}],"wp:term":[{"taxonomy":"product_brand","embeddable":true,"href":"https:\/\/superstore.ee\/index.php\/wp-json\/wp\/v2\/product_brand?post=16023"},{"taxonomy":"product_cat","embeddable":true,"href":"https:\/\/superstore.ee\/index.php\/wp-json\/wp\/v2\/product_cat?post=16023"},{"taxonomy":"product_tag","embeddable":true,"href":"https:\/\/superstore.ee\/index.php\/wp-json\/wp\/v2\/product_tag?post=16023"}],"curies":[{"name":"wp","href":"https:\/\/api.w.org\/{rel}","templated":true}]}}