{"id":16057,"date":"2024-06-19T20:36:04","date_gmt":"2024-06-19T18:36:04","guid":{"rendered":"https:\/\/superstore.ee\/?post_type=product&#038;p=16057"},"modified":"2024-09-17T23:33:32","modified_gmt":"2024-09-17T20:33:32","slug":"victorias-secret-petal-buzz-kehalosjoon-236ml","status":"publish","type":"product","link":"https:\/\/superstore.ee\/index.php\/toode\/victorias-secret-petal-buzz-kehalosjoon-236ml\/","title":{"rendered":"Victoria\u2019s Secret Petal Buzz Kehalosjoon (236ml)"},"content":{"rendered":"","protected":false},"excerpt":{"rendered":"<p>\ud83c\uddea\ud83c\uddea Victoria\u2019s Secret Petal Buzz<span style=\"font-weight: 400;\">\u00a0<\/span>Kehalosjoon (236ml)<\/p>\n<p><em><strong>Petal Buzz<\/strong> <\/em>\u2013 L\u00f5hnastiil: v\u00e4rske lilleline. Noodid: \u00f5itsev roosinupp, k\u00fcps greip, roosa pipar.<\/p>\n<p><em><span style=\"font-weight: 400;\">Kombineerige sobiva kehaspreiga.<\/span><\/em><\/p>\n<p>\ud83c\uddf7\ud83c\uddfa Victoria\u2019s Secret Petal Buzz<span style=\"font-weight: 400;\">\u00a0\u043b<\/span>\u043e\u0441\u044c\u043e\u043d \u0434\u043b\u044f \u0442\u0435\u043b\u0430<strong>\u00a0<\/strong>(236\u043c\u043b)<\/p>\n<p><em><strong>Petal Buzz<\/strong><\/em> \u2013 \u0421\u0442\u0438\u043b\u044c \u0430\u0440\u043e\u043c\u0430\u0442\u0430: \u0441\u0432\u0435\u0436\u0438\u0439 \u0446\u0432\u0435\u0442\u043e\u0447\u043d\u044b\u0439. \u041d\u043e\u0442\u044b: \u0446\u0432\u0435\u0442\u0443\u0449\u0438\u0439 \u0431\u0443\u0442\u043e\u043d \u0440\u043e\u0437\u044b, \u0441\u043f\u0435\u043b\u044b\u0439 \u0433\u0440\u0435\u0439\u043f\u0444\u0440\u0443\u0442, \u0440\u043e\u0437\u043e\u0432\u044b\u0439 \u043f\u0435\u0440\u0435\u0446.<\/p>\n<p><em><span style=\"font-weight: 400;\">\u0421\u043e\u0447\u0435\u0442\u0430\u0439\u0442\u0435 \u0441 \u043f\u043e\u0434\u0445\u043e\u0434\u044f\u0449\u0438\u043c \u0441\u043f\u0440\u0435\u0435\u043c.<\/span><\/em><\/p>\n<p>\ud83c\uddfa\ud83c\uddf8 Victoria\u2019s Secret Petal Buzz\u00a0Body Lotion (236ml)<\/p>\n<p><strong><em>Petal Buzz <\/em><\/strong>\u2013 Fragrance Style: Fresh Floral. Notes: blooming rosebud, ripe grapefruit, pink pepper.<\/p>\n<div class=\"woocommerce-product-details__short-description\">\n<p><em>Pair with matching Fragrance Mist.<\/em><\/p>\n<\/div>\n","protected":false},"featured_media":16060,"template":"","meta":{"jetpack_publicize_message":"","jetpack_publicize_feature_enabled":true,"jetpack_social_post_already_shared":false,"jetpack_social_options":{"image_generator_settings":{"template":"highway","default_image_id":0,"font":"","enabled":false},"version":2}},"product_brand":[],"product_cat":[341],"product_tag":[],"class_list":{"0":"post-16057","1":"product","2":"type-product","3":"status-publish","4":"has-post-thumbnail","6":"product_cat-victorias-secret","8":"first","9":"outofstock","10":"sale","11":"shipping-taxable","12":"purchasable","13":"product-type-simple"},"jetpack_publicize_connections":[],"jetpack_sharing_enabled":true,"jetpack_likes_enabled":true,"_links":{"self":[{"href":"https:\/\/superstore.ee\/index.php\/wp-json\/wp\/v2\/product\/16057","targetHints":{"allow":["GET"]}}],"collection":[{"href":"https:\/\/superstore.ee\/index.php\/wp-json\/wp\/v2\/product"}],"about":[{"href":"https:\/\/superstore.ee\/index.php\/wp-json\/wp\/v2\/types\/product"}],"wp:featuredmedia":[{"embeddable":true,"href":"https:\/\/superstore.ee\/index.php\/wp-json\/wp\/v2\/media\/16060"}],"wp:attachment":[{"href":"https:\/\/superstore.ee\/index.php\/wp-json\/wp\/v2\/media?parent=16057"}],"wp:term":[{"taxonomy":"product_brand","embeddable":true,"href":"https:\/\/superstore.ee\/index.php\/wp-json\/wp\/v2\/product_brand?post=16057"},{"taxonomy":"product_cat","embeddable":true,"href":"https:\/\/superstore.ee\/index.php\/wp-json\/wp\/v2\/product_cat?post=16057"},{"taxonomy":"product_tag","embeddable":true,"href":"https:\/\/superstore.ee\/index.php\/wp-json\/wp\/v2\/product_tag?post=16057"}],"curies":[{"name":"wp","href":"https:\/\/api.w.org\/{rel}","templated":true}]}}