{"id":16141,"date":"2024-06-26T19:12:40","date_gmt":"2024-06-26T17:12:40","guid":{"rendered":"https:\/\/superstore.ee\/?post_type=product&#038;p=16141"},"modified":"2025-04-30T20:34:29","modified_gmt":"2025-04-30T17:34:29","slug":"victorias-secret-natural-beauty-ananassi-ja-shea-paevituskreem-200ml-pineapple-shea-glow-tanning-lotion","status":"publish","type":"product","link":"https:\/\/superstore.ee\/index.php\/toode\/victorias-secret-natural-beauty-ananassi-ja-shea-paevituskreem-200ml-pineapple-shea-glow-tanning-lotion\/","title":{"rendered":"Victoria\u2019s Secret Natural Beauty ananassi ja shea p\u00e4evituskreem (200ml) Pineapple &amp; Shea Glow Tanning Lotion"},"content":{"rendered":"","protected":false},"excerpt":{"rendered":"<p><span style=\"font-weight: 400;\">\ud83c\uddea\ud83c\uddea Victoria\u2019s Secret Natural Beauty ananassi ja shea p\u00e4evituskreem (200ml) Pineapple &amp; Shea Glow Tanning Lotion<\/span><\/p>\n<div class=\"flex flex-grow flex-col max-w-full\">\n<div class=\"min-h-[20px] text-message flex flex-col items-start whitespace-pre-wrap break-words [.text-message+&amp;]:mt-5 juice:w-full juice:items-end overflow-x-auto gap-2\" dir=\"auto\" data-message-author-role=\"assistant\" data-message-id=\"b35bf967-d379-4a9b-8889-825ed480b625\">\n<div class=\"flex w-full flex-col gap-1 juice:empty:hidden juice:first:pt-[3px]\">\n<div class=\"markdown prose w-full break-words dark:prose-invert light\">\n<p>Valgustage oma suve Pineapple &amp; Shea Glow\u2019ga. Lisage nahale s\u00e4ra v\u00f5i v\u00e4rvi puudutust ananassi ja shea meeli\u00fclendava l\u00f5hnaga. See kerge niisutuskreem toimib sujuvalt ja \u00fchtlaselt h\u00fcdreeritud ja p\u00e4ikesepaistelise v\u00e4limuse saamiseks.<\/p>\n<p>Osa Natural Beauty kehahoolduskollektsioonist, mis on inspireeritud loodusest pehme ja terve naha jaoks. Meeldivad l\u00f5hnad + kasu. Luksuslikud, t\u00f5husad valemid. Botaaniline inspiratsioon, igap\u00e4evane transformatsioon.<\/p>\n<\/div>\n<\/div>\n<\/div>\n<\/div>\n<p>\ud83c\uddf7\ud83c\uddfa Victoria\u2019s Secret <span style=\"font-weight: 400;\">Natural Beauty <\/span>\u041a\u0440\u0435\u043c \u0434\u043b\u044f \u0437\u0430\u0433\u0430\u0440\u0430 \u0441 \u0430\u043d\u0430\u043d\u0430\u0441\u043e\u043c \u0438 \u0448\u0438 (200\u043c\u043b) <span style=\"font-weight: 400;\">Pineapple &amp; Shea Glow Tanning Lotion<\/span><\/p>\n<p>\u041e\u0441\u0432\u0435\u0442\u0438\u0442\u0435 \u0441\u0432\u043e\u0435 \u043b\u0435\u0442\u043e \u0441 \u043f\u043e\u043c\u043e\u0449\u044c\u044e Pineapple &amp; Shea Glow. \u041f\u0440\u0438\u0434\u0430\u0439\u0442\u0435 \u043a\u043e\u0436\u0435 \u0441\u0438\u044f\u044e\u0449\u0435\u0435 \u0441\u0438\u044f\u043d\u0438\u0435 \u0438\u043b\u0438 \u043e\u0442\u0442\u0435\u043d\u043e\u043a \u0441 \u043f\u043e\u043c\u043e\u0449\u044c\u044e \u0431\u043e\u0434\u0440\u044f\u0449\u0435\u0433\u043e \u0430\u0440\u043e\u043c\u0430\u0442\u0430 \u0430\u043d\u0430\u043d\u0430\u0441\u0430 \u0438 \u0448\u0438. \u042d\u0442\u043e\u0442 \u043b\u0435\u0433\u043a\u0438\u0439 \u0443\u0432\u043b\u0430\u0436\u043d\u044f\u044e\u0449\u0438\u0439 \u043a\u0440\u0435\u043c \u043d\u0430\u043d\u043e\u0441\u0438\u0442\u0441\u044f \u0433\u043b\u0430\u0434\u043a\u043e \u0438 \u0440\u0430\u0432\u043d\u043e\u043c\u0435\u0440\u043d\u043e, \u0441\u043e\u0437\u0434\u0430\u0432\u0430\u044f \u0443\u0432\u043b\u0430\u0436\u043d\u0435\u043d\u043d\u044b\u0439 \u0438 \u0437\u0430\u0433\u043e\u0440\u0435\u043b\u044b\u0439 \u0432\u0438\u0434.<\/p>\n<p>\u0412\u0445\u043e\u0434\u0438\u0442 \u0432 \u043a\u043e\u043b\u043b\u0435\u043a\u0446\u0438\u044e \u0441\u0440\u0435\u0434\u0441\u0442\u0432 \u043f\u043e \u0443\u0445\u043e\u0434\u0443 \u0437\u0430 \u0442\u0435\u043b\u043e\u043c Natural Beauty, \u0432\u0434\u043e\u0445\u043d\u043e\u0432\u043b\u0435\u043d\u043d\u0443\u044e \u043f\u0440\u0438\u0440\u043e\u0434\u043e\u0439 \u0434\u043b\u044f \u043c\u044f\u0433\u043a\u043e\u0439 \u0438 \u0437\u0434\u043e\u0440\u043e\u0432\u043e\u0439 \u043a\u043e\u0436\u0438. \u041f\u0440\u0438\u044f\u0442\u043d\u044b\u0439 \u0430\u0440\u043e\u043c\u0430\u0442 + \u043f\u043e\u043b\u044c\u0437\u0430. \u0420\u043e\u0441\u043a\u043e\u0448\u043d\u044b\u0435 \u0438 \u044d\u0444\u0444\u0435\u043a\u0442\u0438\u0432\u043d\u044b\u0435 \u0444\u043e\u0440\u043c\u0443\u043b\u044b. \u0411\u043e\u0442\u0430\u043d\u0438\u0447\u0435\u0441\u043a\u043e\u0435 \u0432\u0434\u043e\u0445\u043d\u043e\u0432\u0435\u043d\u0438\u0435, \u0435\u0436\u0435\u0434\u043d\u0435\u0432\u043d\u0430\u044f \u0442\u0440\u0430\u043d\u0441\u0444\u043e\u0440\u043c\u0430\u0446\u0438\u044f.<\/p>\n<p><span style=\"font-weight: 400;\">\ud83c\uddfa\ud83c\uddf8 Victoria\u2019s Secret Natural Beauty Pineapple &amp; Shea Glow Tanning Lotion (200ml)<\/span><\/p>\n<p>Illuminate your summer with Pineapple &amp; Shea Glow. Add radiant shimmer or a touch of color to skin with the uplifting scent of Pineapple and Shea. This lightweight moisturizer applies smoothly and evenly for a hydrated, sun-kissed look.<\/p>\n<p>Part of the Natural Beauty Body Care Collection, inspired by nature for soft-, healthy-feeling skin. Scents plus benefits. Luxurious, efficacious formulas. Botanical inspiration, daily transformation.<\/p>\n","protected":false},"featured_media":16609,"template":"","meta":{"jetpack_publicize_message":"","jetpack_publicize_feature_enabled":true,"jetpack_social_post_already_shared":false,"jetpack_social_options":{"image_generator_settings":{"template":"highway","default_image_id":0,"font":"","enabled":false},"version":2}},"product_brand":[],"product_cat":[926,912,341],"product_tag":[],"class_list":{"0":"post-16141","1":"product","2":"type-product","3":"status-publish","4":"has-post-thumbnail","6":"product_cat-victorias-secret-body-lotions","7":"product_cat-nahahooldus","8":"product_cat-victorias-secret","9":"pa_lohn-basic-apple","10":"pa_lohn-orange-meadow","12":"first","13":"outofstock","14":"sale","15":"shipping-taxable","16":"purchasable","17":"product-type-simple"},"jetpack_publicize_connections":[],"jetpack_sharing_enabled":true,"jetpack_likes_enabled":true,"_links":{"self":[{"href":"https:\/\/superstore.ee\/index.php\/wp-json\/wp\/v2\/product\/16141","targetHints":{"allow":["GET"]}}],"collection":[{"href":"https:\/\/superstore.ee\/index.php\/wp-json\/wp\/v2\/product"}],"about":[{"href":"https:\/\/superstore.ee\/index.php\/wp-json\/wp\/v2\/types\/product"}],"wp:featuredmedia":[{"embeddable":true,"href":"https:\/\/superstore.ee\/index.php\/wp-json\/wp\/v2\/media\/16609"}],"wp:attachment":[{"href":"https:\/\/superstore.ee\/index.php\/wp-json\/wp\/v2\/media?parent=16141"}],"wp:term":[{"taxonomy":"product_brand","embeddable":true,"href":"https:\/\/superstore.ee\/index.php\/wp-json\/wp\/v2\/product_brand?post=16141"},{"taxonomy":"product_cat","embeddable":true,"href":"https:\/\/superstore.ee\/index.php\/wp-json\/wp\/v2\/product_cat?post=16141"},{"taxonomy":"product_tag","embeddable":true,"href":"https:\/\/superstore.ee\/index.php\/wp-json\/wp\/v2\/product_tag?post=16141"}],"curies":[{"name":"wp","href":"https:\/\/api.w.org\/{rel}","templated":true}]}}