{"id":16144,"date":"2024-06-26T19:28:06","date_gmt":"2024-06-26T17:28:06","guid":{"rendered":"https:\/\/superstore.ee\/?post_type=product&#038;p=16144"},"modified":"2024-08-19T17:15:29","modified_gmt":"2024-08-19T15:15:29","slug":"victorias-secret-kott-straw-tote","status":"publish","type":"product","link":"https:\/\/superstore.ee\/index.php\/toode\/victorias-secret-kott-straw-tote\/","title":{"rendered":"Victoria\u2019s Secret kott Straw Tote"},"content":{"rendered":"","protected":false},"excerpt":{"rendered":"<p>\ud83c\uddea\ud83c\uddea P\u00f5hust kott Victoria\u2019s Secret Straw Tote<\/p>\n<p>See suvine kott p\u00f5hust sobib suurep\u00e4raselt randa ja mujale suundumiseks. Sellel on \u00fcksikasjalik logo ja see on loodud stiilseks p\u00e4ikese k\u00e4es l\u00f5butsemiseks.<\/p>\n<p>Rihma pikkus: 24,1 cm.<br \/>\n44,1 x 17,8 x 31,7 cm<\/p>\n<p>\ud83c\uddf7\ud83c\uddfa Victoria\u2019s Secret \u0421\u043e\u043b\u043e\u043c\u0435\u043d\u043d\u0430\u044f \u0441\u0443\u043c\u043a\u0430-\u0442\u043e\u0443\u0442<\/p>\n<p>\u042d\u0442\u0430 \u043b\u0435\u0442\u043d\u044f\u044f \u0441\u0443\u043c\u043a\u0430 \u0441 \u0434\u0435\u0442\u0430\u043b\u0438\u0437\u0438\u0440\u043e\u0432\u0430\u043d\u043d\u044b\u043c \u043b\u043e\u0433\u043e\u0442\u0438\u043f\u043e\u043c \u0438\u0434\u0435\u0430\u043b\u044c\u043d\u043e \u043f\u043e\u0434\u0445\u043e\u0434\u0438\u0442 \u0434\u043b\u044f \u043f\u043e\u0445\u043e\u0434\u0430 \u043d\u0430 \u043f\u043b\u044f\u0436 \u0438 \u0437\u0430 \u0435\u0433\u043e \u043f\u0440\u0435\u0434\u0435\u043b\u044b \u0438 \u0441\u043e\u0437\u0434\u0430\u043d\u0430 \u0434\u043b\u044f \u0441\u0442\u0438\u043b\u044c\u043d\u044b\u0445 \u0440\u0430\u0437\u0432\u043b\u0435\u0447\u0435\u043d\u0438\u0439 \u043f\u043e\u0434 \u0441\u043e\u043b\u043d\u0446\u0435\u043c.<\/p>\n<p>\u0414\u043b\u0438\u043d\u0430 \u0440\u0435\u043c\u0435\u0448\u043a\u0430: 24,1 \u0441\u043c.<br \/>\n44,1 \u0445 17,8 \u0445 31,7 \u0441\u043c<\/p>\n<p>\ud83c\uddfa\ud83c\uddf8 Victoria\u2019s Secret Straw Tote<\/p>\n<p>Perfect to pack up for the beach and beyond, this logo-detailed summertime tote is made for stylish fun under the sun.<\/p>\n<p>Strap drop: 24,1 cm<br \/>\n44,1 x 17,8 x 31,7 cm<\/p>\n","protected":false},"featured_media":16145,"template":"","meta":{"jetpack_publicize_message":"","jetpack_publicize_feature_enabled":true,"jetpack_social_post_already_shared":false,"jetpack_social_options":{"image_generator_settings":{"template":"highway","default_image_id":0,"font":"","enabled":false},"version":2}},"product_brand":[],"product_cat":[631,341],"product_tag":[],"class_list":{"0":"post-16144","1":"product","2":"type-product","3":"status-publish","4":"has-post-thumbnail","6":"product_cat-sale","7":"product_cat-victorias-secret","9":"first","10":"outofstock","11":"sale","12":"shipping-taxable","13":"purchasable","14":"product-type-simple"},"jetpack_publicize_connections":[],"jetpack_sharing_enabled":true,"jetpack_likes_enabled":true,"_links":{"self":[{"href":"https:\/\/superstore.ee\/index.php\/wp-json\/wp\/v2\/product\/16144","targetHints":{"allow":["GET"]}}],"collection":[{"href":"https:\/\/superstore.ee\/index.php\/wp-json\/wp\/v2\/product"}],"about":[{"href":"https:\/\/superstore.ee\/index.php\/wp-json\/wp\/v2\/types\/product"}],"wp:featuredmedia":[{"embeddable":true,"href":"https:\/\/superstore.ee\/index.php\/wp-json\/wp\/v2\/media\/16145"}],"wp:attachment":[{"href":"https:\/\/superstore.ee\/index.php\/wp-json\/wp\/v2\/media?parent=16144"}],"wp:term":[{"taxonomy":"product_brand","embeddable":true,"href":"https:\/\/superstore.ee\/index.php\/wp-json\/wp\/v2\/product_brand?post=16144"},{"taxonomy":"product_cat","embeddable":true,"href":"https:\/\/superstore.ee\/index.php\/wp-json\/wp\/v2\/product_cat?post=16144"},{"taxonomy":"product_tag","embeddable":true,"href":"https:\/\/superstore.ee\/index.php\/wp-json\/wp\/v2\/product_tag?post=16144"}],"curies":[{"name":"wp","href":"https:\/\/api.w.org\/{rel}","templated":true}]}}