{"id":16391,"date":"2024-07-04T17:16:44","date_gmt":"2024-07-04T15:16:44","guid":{"rendered":"https:\/\/superstore.ee\/?post_type=product&#038;p=16391"},"modified":"2025-04-12T16:25:33","modified_gmt":"2025-04-12T13:25:33","slug":"kiko-milano-komplekt-ripsmetuss-silmapliiats-luxurious-eye-set","status":"publish","type":"product","link":"https:\/\/superstore.ee\/index.php\/toode\/kiko-milano-komplekt-ripsmetuss-silmapliiats-luxurious-eye-set\/","title":{"rendered":"KIKO Milano Komplekt Ripsmetu\u0161\u0161 + Silmapliiats Luxurious Eye Set"},"content":{"rendered":"","protected":false},"excerpt":{"rendered":"<div class=\"ProductDetails__Sub hidden-md\">\n<p>\ud83c\uddea\ud83c\uddea Silmameigikomplekt KIKO Milano Ripsmetu\u0161\u0161 + Silmapliiats<\/p>\n<p><strong>Komplekt<\/strong> <strong>sisaldab<\/strong>:<\/p>\n<ol>\n<li>Ripsmetu\u0161\u0161 <strong>Luxurious Lashes Maxi Volume Brush<\/strong><br \/>\nAnnab ripsmetele uskumatu vol\u00fc\u00fcmi ja selged kaardus ripsmed. Erip\u00e4rane maxi-harja kujuga spiraal tagab kiire ja lihtsa pealekandmise.<\/li>\n<li>Silmapliiats <strong>Lasting Precision Eyeliner &amp; Khol 16.<\/strong> Automaatne must silmapliiats nii sise- kui ka v\u00e4limisele silmalaule. See loob intensiivsed, p\u00fcsivad, sirged ja selged jooned. Sisseehitatud aplikaator h\u00f5lbustab joone intensiivsuse kontrolli.<\/li>\n<\/ol>\n<p>\ud83c\uddf7\ud83c\uddfa \u041d\u0430\u0431\u043e\u0440 \u0434\u043b\u044f \u043c\u0430\u043a\u0438\u044f\u0436\u0430 \u0433\u043b\u0430\u0437 KIKO Milano, \u0432\u043a\u043b\u044e\u0447\u0430\u044e\u0449\u0438\u0439 1 \u0442\u0443\u0448\u044c \u0434\u043b\u044f \u0440\u0435\u0441\u043d\u0438\u0446 \u0438 1 \u0441\u0442\u043e\u0439\u043a\u0438\u0439 \u0447\u0435\u0440\u043d\u044b\u0439 \u043a\u0430\u0440\u0430\u043d\u0434\u0430\u0448 \u0434\u043b\u044f \u0433\u043b\u0430\u0437.<\/p>\n<p><strong>\u0412 \u043d\u0430\u0431\u043e\u0440 \u0432\u0445\u043e\u0434\u0438\u0442:<\/strong><\/p>\n<ol>\n<li>\u0422\u0443\u0448\u044c <strong>Luxurious Lashes Maxi Volume Brush<\/strong><br \/>\n\u041f\u0440\u0438\u0434\u0430\u0435\u0442 \u0440\u0435\u0441\u043d\u0438\u0446\u0430\u043c \u043d\u0435\u0432\u0435\u0440\u043e\u044f\u0442\u043d\u044b\u0439 \u043e\u0431\u044a\u0435\u043c \u0438 \u0447\u0435\u0442\u043a\u0438\u0435 \u0438\u0437\u043e\u0433\u043d\u0443\u0442\u044b\u0435 \u0440\u0435\u0441\u043d\u0438\u0446\u044b. \u0421\u043f\u0435\u0446\u0438\u0430\u043b\u044c\u043d\u0430\u044f \u043c\u0430\u043a\u0441\u0438-\u0449\u0435\u0442\u043a\u0430 \u0432 \u0444\u043e\u0440\u043c\u0435 \u0441\u043f\u0438\u0440\u0430\u043b\u0438 \u043e\u0431\u0435\u0441\u043f\u0435\u0447\u0438\u0432\u0430\u0435\u0442 \u0431\u044b\u0441\u0442\u0440\u043e\u0435 \u0438 \u043b\u0435\u0433\u043a\u043e\u0435 \u043d\u0430\u043d\u0435\u0441\u0435\u043d\u0438\u0435.<\/li>\n<li>\u041a\u0430\u0440\u0430\u043d\u0434\u0430\u0448 <strong>Lasting Precision Eyeliner &amp; Khol 16. <\/strong>\u0410\u0432\u0442\u043e\u043c\u0430\u0442\u0438\u0447\u0435\u0441\u043a\u0438\u0439 \u0447\u0435\u0440\u043d\u044b\u0439 \u043a\u0430\u0440\u0430\u043d\u0434\u0430\u0448 \u0434\u043b\u044f \u0432\u043d\u0443\u0442\u0440\u0435\u043d\u043d\u0435\u0433\u043e \u0438 \u0432\u043d\u0435\u0448\u043d\u0435\u0433\u043e \u0432\u0435\u043a\u0430. \u041e\u043d \u0441\u043e\u0437\u0434\u0430\u0435\u0442 \u043d\u0430\u0441\u044b\u0449\u0435\u043d\u043d\u044b\u0435, \u0441\u0442\u043e\u0439\u043a\u0438\u0435, \u0440\u043e\u0432\u043d\u044b\u0435 \u0438 \u0447\u0435\u0442\u043a\u0438\u0435 \u043b\u0438\u043d\u0438\u0438. \u0412\u0441\u0442\u0440\u043e\u0435\u043d\u043d\u044b\u0439 \u0430\u043f\u043f\u043b\u0438\u043a\u0430\u0442\u043e\u0440 \u043e\u0431\u043b\u0435\u0433\u0447\u0430\u0435\u0442 \u043a\u043e\u043d\u0442\u0440\u043e\u043b\u044c \u0438\u043d\u0442\u0435\u043d\u0441\u0438\u0432\u043d\u043e\u0441\u0442\u0438 \u043b\u0438\u043d\u0438\u0438.<\/li>\n<\/ol>\n<p>\ud83c\uddfa\ud83c\uddf8 KIKO Milano Luxurious Eye Set. Make-up set containing 1 lash-reshaping mascara and 1 black long-lasting eye pencil.<\/p>\n<div class=\"accordion-body\" data-v-d0e570d8=\"\">\n<div class=\"accordion-content\" data-v-d0e570d8=\"\">\n<div data-v-d0e570d8=\"\">\n<div class=\"Tab__Body__Content__Text\">\n<p><strong>The kit contains:<\/strong><\/p>\n<ol>\n<li><strong>\u00a0Luxurious Lashes Maxi Volume Brush Mascara<\/strong><br \/>\nWith one simple step, it adds extraordinary volume and definition, for sculpted and curled lashes. The special helical maxi wand ensures quick and easy application.<\/li>\n<li><strong>Lasting Precision Automatic Eyeliner &amp; Khol 16<\/strong><br \/>\nAn automatic black eye pencil for the inner and outer eyelid. For intense, long-lasting, even and high-definition lines. The integrated applicator makes it easy to control the intensity of the stroke.<\/li>\n<\/ol>\n<\/div>\n<\/div>\n<\/div>\n<\/div>\n<\/div>\n","protected":false},"featured_media":17106,"template":"","meta":{"jetpack_publicize_message":"","jetpack_publicize_feature_enabled":true,"jetpack_social_post_already_shared":false,"jetpack_social_options":{"image_generator_settings":{"template":"highway","default_image_id":0,"font":"","enabled":false},"version":2}},"product_brand":[],"product_cat":[973,340,830,971,983,982,985],"product_tag":[],"class_list":{"0":"post-16391","1":"product","2":"type-product","3":"status-publish","4":"has-post-thumbnail","6":"product_cat-makeup","7":"product_cat-kiko-milano","8":"product_cat-kingitused","9":"product_cat-sets","10":"product_cat-mascara","11":"product_cat-eyes","12":"product_cat-eyeliner-and-pencil","13":"pa_varv-01-blonde","14":"pa_varv-02-chestnut","16":"first","17":"outofstock","18":"shipping-taxable","19":"purchasable","20":"product-type-simple"},"jetpack_publicize_connections":[],"jetpack_sharing_enabled":true,"jetpack_likes_enabled":true,"_links":{"self":[{"href":"https:\/\/superstore.ee\/index.php\/wp-json\/wp\/v2\/product\/16391","targetHints":{"allow":["GET"]}}],"collection":[{"href":"https:\/\/superstore.ee\/index.php\/wp-json\/wp\/v2\/product"}],"about":[{"href":"https:\/\/superstore.ee\/index.php\/wp-json\/wp\/v2\/types\/product"}],"wp:featuredmedia":[{"embeddable":true,"href":"https:\/\/superstore.ee\/index.php\/wp-json\/wp\/v2\/media\/17106"}],"wp:attachment":[{"href":"https:\/\/superstore.ee\/index.php\/wp-json\/wp\/v2\/media?parent=16391"}],"wp:term":[{"taxonomy":"product_brand","embeddable":true,"href":"https:\/\/superstore.ee\/index.php\/wp-json\/wp\/v2\/product_brand?post=16391"},{"taxonomy":"product_cat","embeddable":true,"href":"https:\/\/superstore.ee\/index.php\/wp-json\/wp\/v2\/product_cat?post=16391"},{"taxonomy":"product_tag","embeddable":true,"href":"https:\/\/superstore.ee\/index.php\/wp-json\/wp\/v2\/product_tag?post=16391"}],"curies":[{"name":"wp","href":"https:\/\/api.w.org\/{rel}","templated":true}]}}