{"id":16494,"date":"2024-07-05T19:03:05","date_gmt":"2024-07-05T17:03:05","guid":{"rendered":"https:\/\/superstore.ee\/?post_type=product&#038;p=16494"},"modified":"2025-04-12T16:24:18","modified_gmt":"2025-04-12T13:24:18","slug":"naotooner-ja-geel-kreem-komplekt-kiko-milano-sebo-balance-set","status":"publish","type":"product","link":"https:\/\/superstore.ee\/index.php\/toode\/naotooner-ja-geel-kreem-komplekt-kiko-milano-sebo-balance-set\/","title":{"rendered":"N\u00e4otooner ja geel-kreem komplekt KIKO Milano Sebo Balance Set"},"content":{"rendered":"","protected":false},"excerpt":{"rendered":"<p>\ud83c\uddea\ud83c\uddea Tooner ja geel-kreem komplekt KIKO Milano<\/p>\n<p>Puhastav mati viimistlusega tooner ja geel-kreem:<\/p>\n<ul>\n<li>soovitatav kombineeritud ja rasusele nahale;<\/li>\n<li>nende valem on rikastatud puhastava pajuekstrakti, kurgi ja rohelise tee ning niisutava suhkrute seguga;<\/li>\n<\/ul>\n<p><strong>N\u00e4otooner (200ml)<\/strong><\/p>\n<ul>\n<li>v\u00e4hendab liigset rasueritust ja rahustab \u00f5rnalt nahka;<\/li>\n<li>\u00f5rn ja kerge n\u00e4ol, sellel on vesine tekstuur, mis imendub koheselt, j\u00e4ttes naha v\u00e4rskeks.<\/li>\n<\/ul>\n<p><strong>Geel-kreem (50ml)<\/strong><\/p>\n<ul>\n<li>v\u00e4hendab liigset rasueritust, luues t\u00e4iusliku meigialuse ja samal ajal rahustades nahka;<\/li>\n<li>kerge ja v\u00e4rske tekstuur, mis imendub kiiresti ilma nahka koormamata;<\/li>\n<li>annab n\u00e4ole pehme fookuse efekti t\u00e4nu valemis sisalduvale sf\u00e4\u00e4rilisele pulbrile.<\/li>\n<\/ul>\n<p>\ud83c\uddf7\ud83c\uddfa \u041a\u043e\u043c\u043f\u043b\u0435\u043a\u0442 KIKO Milano \u0438\u0437 \u0442\u043e\u043d\u0435\u0440\u0430 \u0438 \u043a\u0440\u0435\u043c\u0430 \u0434\u043b\u044f \u043b\u0438\u0446\u0430<\/p>\n<p>\u041e\u0447\u0438\u0449\u0430\u044e\u0449\u0438\u0439 \u0438 \u043c\u0430\u0442\u0438\u0440\u0443\u044e\u0449\u0438\u0439 \u0442\u043e\u043d\u0435\u0440 \u0438 \u043a\u0440\u0435\u043c:<\/p>\n<ul>\n<li>\u0440\u0435\u043a\u043e\u043c\u0435\u043d\u0434\u0443\u0435\u0442\u0441\u044f \u0434\u043b\u044f \u043a\u043e\u043c\u0431\u0438\u043d\u0438\u0440\u043e\u0432\u0430\u043d\u043d\u043e\u0439 \u0438 \u0436\u0438\u0440\u043d\u043e\u0439 \u043a\u043e\u0436\u0438;<\/li>\n<li>\u044d\u043a\u0441\u0442\u0440\u0430\u043a\u0442\u044b \u0438\u0432\u044b, \u043e\u0433\u0443\u0440\u0446\u0430 \u0438 \u0437\u0435\u043b\u0435\u043d\u043e\u0433\u043e \u0447\u0430\u044f, \u0430 \u0442\u0430\u043a\u0436\u0435 \u0443\u0432\u043b\u0430\u0436\u043d\u044f\u044e\u0449\u0430\u044f \u0441\u043c\u0435\u0441\u044c \u0441\u0430\u0445\u0430\u0440\u043e\u0432 \u043e\u0431\u0435\u0441\u043f\u0435\u0447\u0438\u0432\u0430\u044e\u0442 \u043e\u0447\u0438\u0449\u0430\u044e\u0449\u0438\u0439 \u044d\u0444\u0444\u0435\u043a\u0442;<\/li>\n<\/ul>\n<p><strong> \u0422\u043e\u043d\u0435\u0440 \u0434\u043b\u044f \u043b\u0438\u0446\u0430 (200\u043c\u043b)<\/strong><\/p>\n<ul>\n<li>\u0443\u043c\u0435\u043d\u044c\u0448\u0430\u0435\u0442 \u0432\u044b\u0440\u0430\u0431\u043e\u0442\u043a\u0443 \u043a\u043e\u0436\u043d\u043e\u0433\u043e \u0441\u0430\u043b\u0430 \u0438 \u043d\u0435\u0436\u043d\u043e \u0443\u0441\u043f\u043e\u043a\u0430\u0438\u0432\u0430\u0435\u0442 \u043a\u043e\u0436\u0443;<\/li>\n<li>\u043c\u044f\u0433\u043a\u0430\u044f \u0438 \u043b\u0435\u0433\u043a\u0430\u044f \u0432\u043e\u0434\u044f\u043d\u0438\u0441\u0442\u0430\u044f \u0442\u0435\u043a\u0441\u0442\u0443\u0440\u0430 \u043c\u0433\u043d\u043e\u0432\u0435\u043d\u043d\u043e \u0432\u043f\u0438\u0442\u044b\u0432\u0430\u0435\u0442\u0441\u044f \u0432 \u043a\u043e\u0436\u0443, \u043e\u0441\u0442\u0430\u0432\u043b\u044f\u044f \u043e\u0449\u0443\u0449\u0435\u043d\u0438\u0435 \u0441\u0432\u0435\u0436\u0435\u0441\u0442\u0438.<\/li>\n<\/ul>\n<p><strong>\u041a\u0440\u0435\u043c-\u0433\u0435\u043b\u044c \u0434\u043b\u044f \u043b\u0438\u0446\u0430 (50\u043c\u043b)<\/strong><\/p>\n<ul>\n<li>\u0443\u043c\u0435\u043d\u044c\u0448\u0430\u0435\u0442 \u0438\u0437\u0431\u044b\u0442\u043e\u043a \u043a\u043e\u0436\u043d\u043e\u0433\u043e \u0441\u0430\u043b\u0430 \u0438 \u0443\u0441\u043f\u043e\u043a\u0430\u0438\u0432\u0430\u0435\u0442 \u043a\u043e\u0436\u0443, \u0441\u043e\u0437\u0434\u0430\u0432\u0430\u044f \u0438\u0434\u0435\u0430\u043b\u044c\u043d\u0443\u044e \u043e\u0441\u043d\u043e\u0432\u0443 \u0434\u043b\u044f \u043c\u0430\u043a\u0438\u044f\u0436\u0430;<\/li>\n<li>\u0438\u043c\u0435\u0435\u0442 \u043b\u0435\u0433\u043a\u0443\u044e \u0438 \u0441\u0432\u0435\u0436\u0443\u044e \u043a\u043e\u043d\u0441\u0438\u0441\u0442\u0435\u043d\u0446\u0438\u044e, \u043a\u043e\u0442\u043e\u0440\u0430\u044f \u0431\u044b\u0441\u0442\u0440\u043e \u0432\u043f\u0438\u0442\u044b\u0432\u0430\u0435\u0442\u0441\u044f, \u043d\u0435 \u0443\u0442\u044f\u0436\u0435\u043b\u044f\u044f \u043a\u043e\u0436\u0443;<\/li>\n<li>\u043f\u0440\u0438\u0434\u0430\u0435\u0442 \u043b\u0438\u0446\u0443 \u044d\u0444\u0444\u0435\u043a\u0442 \u0431\u043b\u044e\u0440\u0430 \u0431\u043b\u0430\u0433\u043e\u0434\u0430\u0440\u044f \u0441\u0444\u0435\u0440\u0438\u0447\u0435\u0441\u043a\u043e\u043c\u0443 \u043f\u043e\u0440\u043e\u0448\u043a\u0443 \u0432 \u0441\u043e\u0441\u0442\u0430\u0432\u0435.<\/li>\n<\/ul>\n<p>\ud83c\uddfa\ud83c\uddf8 KIKO Milano Sebo Balance Set<\/p>\n<p>Purifying matte-finish toner &amp; cream:<\/p>\n<ul>\n<li>recommended for combination to oily skin;<\/li>\n<li>their formula is enriched with purifying willow extract, cucumber and green tea and a moisturising mix of sugars;<\/li>\n<\/ul>\n<p><strong>Sebo Balance Toner (200ml)<\/strong><\/p>\n<ul>\n<li>reduces excess sebum and gently soothes the skin;<\/li>\n<li>gentle and light on the face, it has a watery texture that absorbs instantly, leaving the skin fresh.<\/li>\n<\/ul>\n<p><strong>Sebo Balance Cream (50ml)<\/strong><\/p>\n<ul>\n<li>reduces excess sebum, creating the perfect makeup base while also soothing the skin;<\/li>\n<li>has a light and fresh texture that is rapidly absorbed without weighing the skin down;<\/li>\n<li>gives the face a soft-focus effect thanks to the spherical powder in the formula.<\/li>\n<\/ul>\n","protected":false},"featured_media":16495,"template":"","meta":{"jetpack_publicize_message":"","jetpack_publicize_feature_enabled":true,"jetpack_social_post_already_shared":false,"jetpack_social_options":{"image_generator_settings":{"template":"highway","default_image_id":0,"font":"","enabled":false},"version":2}},"product_brand":[],"product_cat":[340,971,967,964,965],"product_tag":[],"class_list":{"0":"post-16494","1":"product","2":"type-product","3":"status-publish","4":"has-post-thumbnail","6":"product_cat-kiko-milano","7":"product_cat-sets","8":"product_cat-creams-and-serums","9":"product_cat-face-care","10":"product_cat-face-cleansers","11":"pa_varv-402","12":"pa_varv-403","14":"first","15":"outofstock","16":"sale","17":"shipping-taxable","18":"purchasable","19":"product-type-simple"},"jetpack_publicize_connections":[],"jetpack_sharing_enabled":true,"jetpack_likes_enabled":true,"_links":{"self":[{"href":"https:\/\/superstore.ee\/index.php\/wp-json\/wp\/v2\/product\/16494","targetHints":{"allow":["GET"]}}],"collection":[{"href":"https:\/\/superstore.ee\/index.php\/wp-json\/wp\/v2\/product"}],"about":[{"href":"https:\/\/superstore.ee\/index.php\/wp-json\/wp\/v2\/types\/product"}],"wp:featuredmedia":[{"embeddable":true,"href":"https:\/\/superstore.ee\/index.php\/wp-json\/wp\/v2\/media\/16495"}],"wp:attachment":[{"href":"https:\/\/superstore.ee\/index.php\/wp-json\/wp\/v2\/media?parent=16494"}],"wp:term":[{"taxonomy":"product_brand","embeddable":true,"href":"https:\/\/superstore.ee\/index.php\/wp-json\/wp\/v2\/product_brand?post=16494"},{"taxonomy":"product_cat","embeddable":true,"href":"https:\/\/superstore.ee\/index.php\/wp-json\/wp\/v2\/product_cat?post=16494"},{"taxonomy":"product_tag","embeddable":true,"href":"https:\/\/superstore.ee\/index.php\/wp-json\/wp\/v2\/product_tag?post=16494"}],"curies":[{"name":"wp","href":"https:\/\/api.w.org\/{rel}","templated":true}]}}