{"id":17203,"date":"2024-08-09T19:16:40","date_gmt":"2024-08-09T17:16:40","guid":{"rendered":"https:\/\/superstore.ee\/?post_type=product&#038;p=17203"},"modified":"2025-04-12T16:23:01","modified_gmt":"2025-04-12T13:23:01","slug":"isepruunistav-seerum-kiko-milano-smart-drops-self-tan-serum","status":"publish","type":"product","link":"https:\/\/superstore.ee\/index.php\/toode\/isepruunistav-seerum-kiko-milano-smart-drops-self-tan-serum\/","title":{"rendered":"Isepruunistav seerum KIKO Milano Smart Drops Self-Tan Serum"},"content":{"rendered":"","protected":false},"excerpt":{"rendered":"<p>\ud83c\uddea\ud83c\uddea Isepruunistav seerum KIKO Milano Smart Drops Self-Tan Serum<\/p>\n<p>Niisutav isepruunistav seerum:<\/p>\n<ul>\n<li>ideaalne j\u00e4rkj\u00e4rgulise p\u00e4evituse saavutamiseks ilma p\u00e4ikesevalguse k\u00e4es viibimata ja nahka niisutades;<\/li>\n<li>DHA-l p\u00f5hinev isepruunistav ja niisutav valem on rikastatud h\u00fcaluroonhappe ja E-vitamiiniga;<\/li>\n<li>kergelt viskoosne tekstuur v\u00f5imaldab \u00fchtlaselt peale kanda, j\u00e4tmata plekke.<\/li>\n<\/ul>\n<p>\ud83c\uddf7\ud83c\uddfa <span style=\"font-weight: 400;\">C\u044b\u0432\u043e\u0440\u043e\u0442\u043a\u0430 \u0434\u043b\u044f \u0430\u0432\u0442\u043e\u0437\u0430\u0433\u0430\u0440\u0430 <\/span><span style=\"font-weight: 400;\">KIKO Milano<\/span><\/p>\n<p>\u0423\u0432\u043b\u0430\u0436\u043d\u044f\u044e\u0449\u0430\u044f \u0441\u044b\u0432\u043e\u0440\u043e\u0442\u043a\u0430 \u0434\u043b\u044f \u0430\u0432\u0442\u043e\u0437\u0430\u0433\u0430\u0440\u0430:<\/p>\n<ul>\n<li>\u0438\u0434\u0435\u0430\u043b\u044c\u043d\u043e \u043f\u043e\u0434\u0445\u043e\u0434\u0438\u0442 \u0434\u043b\u044f \u043f\u043e\u043b\u0443\u0447\u0435\u043d\u0438\u044f \u043f\u043e\u0441\u0442\u0435\u043f\u0435\u043d\u043d\u043e\u0433\u043e \u0437\u0430\u0433\u0430\u0440\u0430 \u0431\u0435\u0437 \u0432\u043e\u0437\u0434\u0435\u0439\u0441\u0442\u0432\u0438\u044f \u0441\u043e\u043b\u043d\u0435\u0447\u043d\u044b\u0445 \u043b\u0443\u0447\u0435\u0439 \u0438 \u0443\u0432\u043b\u0430\u0436\u043d\u0435\u043d\u0438\u044f \u043a\u043e\u0436\u0438;<\/li>\n<li>\u0444\u043e\u0440\u043c\u0443\u043b\u0430 \u0434\u043b\u044f \u0430\u0432\u0442\u043e\u0437\u0430\u0433\u0430\u0440\u0430 \u0438 \u0443\u0432\u043b\u0430\u0436\u043d\u0435\u043d\u0438\u044f \u043d\u0430 \u043e\u0441\u043d\u043e\u0432\u0435 DHA \u043e\u0431\u043e\u0433\u0430\u0449\u0435\u043d\u0430 \u0433\u0438\u0430\u043b\u0443\u0440\u043e\u043d\u043e\u0432\u043e\u0439 \u043a\u0438\u0441\u043b\u043e\u0442\u043e\u0439 \u0438 \u0432\u0438\u0442\u0430\u043c\u0438\u043d\u043e\u043c E;<\/li>\n<li>\u0441\u043b\u0435\u0433\u043a\u0430 \u0432\u044f\u0437\u043a\u0430\u044f \u0442\u0435\u043a\u0441\u0442\u0443\u0440\u0430 \u043e\u0431\u0435\u0441\u043f\u0435\u0447\u0438\u0432\u0430\u0435\u0442 \u0440\u0430\u0432\u043d\u043e\u043c\u0435\u0440\u043d\u043e\u0435 \u043d\u0430\u043d\u0435\u0441\u0435\u043d\u0438\u0435, \u043d\u0435 \u043e\u0441\u0442\u0430\u0432\u043b\u044f\u044f \u043f\u044f\u0442\u0435\u043d.<\/li>\n<\/ul>\n<p>\ud83c\uddfa\ud83c\uddf8 KIKO Milano Smart Drops Self-Tan Serum<\/p>\n<p>Hydrating self-tanning serum:<\/p>\n<ul>\n<li>ideal for achieving a gradual tan without exposure to sunlight and moisturising the skin;<\/li>\n<li>its DHA-based self-tanning and moisturising formula is enriched with hyaluronic acid and Vitamin E;<\/li>\n<li>the slightly viscous texture allows for an even application, without leaving smudges.<\/li>\n<\/ul>\n","protected":false},"featured_media":17204,"template":"","meta":{"jetpack_publicize_message":"","jetpack_publicize_feature_enabled":true,"jetpack_social_post_already_shared":false,"jetpack_social_options":{"image_generator_settings":{"template":"highway","default_image_id":0,"font":"","enabled":false},"version":2}},"product_brand":[],"product_cat":[340,967,631,964],"product_tag":[],"class_list":{"0":"post-17203","1":"product","2":"type-product","3":"status-publish","4":"has-post-thumbnail","6":"product_cat-kiko-milano","7":"product_cat-creams-and-serums","8":"product_cat-sale","9":"product_cat-face-care","11":"first","12":"outofstock","13":"sale","14":"shipping-taxable","15":"purchasable","16":"product-type-simple"},"jetpack_publicize_connections":[],"jetpack_sharing_enabled":true,"jetpack_likes_enabled":true,"_links":{"self":[{"href":"https:\/\/superstore.ee\/index.php\/wp-json\/wp\/v2\/product\/17203","targetHints":{"allow":["GET"]}}],"collection":[{"href":"https:\/\/superstore.ee\/index.php\/wp-json\/wp\/v2\/product"}],"about":[{"href":"https:\/\/superstore.ee\/index.php\/wp-json\/wp\/v2\/types\/product"}],"wp:featuredmedia":[{"embeddable":true,"href":"https:\/\/superstore.ee\/index.php\/wp-json\/wp\/v2\/media\/17204"}],"wp:attachment":[{"href":"https:\/\/superstore.ee\/index.php\/wp-json\/wp\/v2\/media?parent=17203"}],"wp:term":[{"taxonomy":"product_brand","embeddable":true,"href":"https:\/\/superstore.ee\/index.php\/wp-json\/wp\/v2\/product_brand?post=17203"},{"taxonomy":"product_cat","embeddable":true,"href":"https:\/\/superstore.ee\/index.php\/wp-json\/wp\/v2\/product_cat?post=17203"},{"taxonomy":"product_tag","embeddable":true,"href":"https:\/\/superstore.ee\/index.php\/wp-json\/wp\/v2\/product_tag?post=17203"}],"curies":[{"name":"wp","href":"https:\/\/api.w.org\/{rel}","templated":true}]}}