{"id":17463,"date":"2024-08-16T09:38:59","date_gmt":"2024-08-16T07:38:59","guid":{"rendered":"https:\/\/superstore.ee\/?post_type=product&#038;p=17463"},"modified":"2025-03-13T00:10:20","modified_gmt":"2025-03-12T22:10:20","slug":"victorias-secret-candied-kehasprei-250ml","status":"publish","type":"product","link":"https:\/\/superstore.ee\/index.php\/toode\/victorias-secret-candied-kehasprei-250ml\/","title":{"rendered":"Victoria\u2019s Secret Candied Kehasprei (250ml)"},"content":{"rendered":"","protected":false},"excerpt":{"rendered":"<p><span style=\"font-weight: 400;\">\ud83c\uddea\ud83c\uddea Victoria\u2019s Secret Kehasprei<\/span> (250ml)<\/p>\n<ul>\n<li><em><strong>Velvet Petals Candied<\/strong><\/em> \u2013 T\u00fc\u00fcp: Lilleline, h\u00f5rk. Noodid: karamellilint, glasuuritud \u00f5ielehed, p\u00e4hkline pralinee.<\/li>\n<li><em><strong>Love Spell Candied<\/strong><\/em> \u2013 T\u00fc\u00fcp: Puuviljane, lilleline. Noodid: virsiku n\u00e4tsumull, kristalliseerunud maikelluke, karamelliseeritud kirss.<\/li>\n<li><em><strong>Pure<\/strong><\/em><em><strong> Seduction Candied<\/strong><\/em> \u2013 T\u00fc\u00fcp: Tsitrusviljaline, magus. Noodid: ploom, magus muskus, roosa suhkur.<\/li>\n<li><em><strong>Bare Vanilla Candied<\/strong><\/em> \u2013 T\u00fc\u00fcp: Puuviljane, h\u00f5rk. Noodid: Maasikapuru, vahukommilill, soe vanilje.<\/li>\n<\/ul>\n<p><em>Kauakestva l\u00f5hnaelamuse saamiseks \u00fchendage sobiva l\u00f5hnakreemiga.<\/em><\/p>\n<p><span style=\"font-weight: 400;\">\ud83c\uddf7\ud83c\uddfa Victoria\u2019s Secret \u0421\u043f\u0440\u0435\u0439 \u0434\u043b\u044f \u0442\u0435\u043b\u0430<\/span><\/p>\n<ul>\n<li><em><strong>Velvet Petals Candied<\/strong><\/em> \u2013 \u0422\u0438\u043f: \u0426\u0432\u0435\u0442\u043e\u0447\u043d\u044b\u0439, \u0441\u043b\u0430\u0434\u043a\u0438\u0439. \u041d\u043e\u0442\u044b: \u043a\u0430\u0440\u0430\u043c\u0435\u043b\u044c, \u0433\u043b\u0430\u0437\u0438\u0440\u043e\u0432\u0430\u043d\u043d\u044b\u0435 \u043b\u0435\u043f\u0435\u0441\u0442\u043a\u0438 \u0446\u0432\u0435\u0442\u043e\u0432, \u043e\u0440\u0435\u0445\u043e\u0432\u043e\u0435 \u043f\u0440\u0430\u043b\u0438\u043d\u0435.<\/li>\n<li><em><strong>Love Spell Candied<\/strong><\/em> \u2013 \u0422\u0438\u043f: \u0444\u0440\u0443\u043a\u0442\u043e\u0432\u043e-\u0446\u0432\u0435\u0442\u043e\u0447\u043d\u044b\u0439. \u041d\u043e\u0442\u044b: \u043f\u0435\u0440\u0441\u0438\u043a\u043e\u0432\u0430\u044f \u0436\u0432\u0430\u0447\u043a\u0430, \u043a\u0440\u0438\u0441\u0442\u0430\u043b\u043b\u0438\u0437\u043e\u0432\u0430\u043d\u043d\u044b\u0439 \u043b\u0430\u043d\u0434\u044b\u0448, \u0437\u0430\u0441\u0430\u0445\u0430\u0440\u0435\u043d\u043d\u0430\u044f \u0432\u0438\u0448\u043d\u044f.<\/li>\n<li><em><strong>Pure Seduction Candied<\/strong><\/em> \u2013 \u0422\u0438\u043f: \u0426\u0438\u0442\u0440\u0443\u0441\u043e\u0432\u044b\u0439 \u0444\u0440\u0443\u043a\u0442\u043e\u0432\u044b\u0439 \u0441\u043b\u0430\u0434\u043a\u0438\u0439. \u041d\u043e\u0442\u044b: \u0441\u043b\u0438\u0432\u0430, \u0441\u043b\u0430\u0434\u043a\u0438\u0439 \u043c\u0443\u0441\u043a\u0443\u0441, \u0440\u043e\u0437\u043e\u0432\u044b\u0439 \u0441\u0430\u0445\u0430\u0440<\/li>\n<li><em><strong>Bare Vanilla Candied<\/strong><\/em> \u2013 \u0422\u0438\u043f:\u043a\u043b\u0443\u0431\u043d\u0438\u0447\u043d\u044b\u0439 \u043a\u0440\u0430\u043c\u0431\u043b, \u0446\u0432\u0435\u0442\u043e\u043a \u0437\u0435\u0444\u0438\u0440\u0430, \u0442\u0435\u043f\u043b\u0430\u044f \u0432\u0430\u043d\u0438\u043b\u044c. \u041d\u043e\u0442\u044b: \u0444\u0440\u0443\u043a\u0442\u043e\u0432\u044b\u0439, \u0441\u043b\u0430\u0434\u043a\u0438\u0439.<\/li>\n<\/ul>\n<p><em>\u0421\u043e\u0447\u0435\u0442\u0430\u0439\u0442\u0435 \u0441 \u0441\u043e\u043e\u0442\u0432\u0435\u0442\u0441\u0442\u0432\u0443\u044e\u0449\u0438\u043c \u043b\u043e\u0441\u044c\u043e\u043d\u043e\u043c Fragrance Lotion \u0434\u043b\u044f \u0434\u043b\u0438\u0442\u0435\u043b\u044c\u043d\u043e\u0433\u043e \u043e\u0449\u0443\u0449\u0435\u043d\u0438\u044f \u0430\u0440\u043e\u043c\u0430\u0442\u0430.<\/em><\/p>\n<p>\ud83c\uddfa\ud83c\uddf8 Victoria\u2019s Secret Candied Fragrance Mist (250ml)<\/p>\n<ul>\n<li><em><strong>Velvet Petals Candied<\/strong><\/em> \u2013 Type: Floral Gourmand. Notes: caramel ribbon, glazed petals, nutty praline<\/li>\n<li><em><strong>Love Spell Candied<\/strong><\/em> \u2013 Type: Fruity Floral. Notes: peach gum drop, crystallized muguet, candied cherry<\/li>\n<li><em><strong>Pure Seduction Candied<\/strong><\/em> \u2013 Type: Citrus Fruity Gourmand, Notes: plum swirl, sweet musk, pink sugar<\/li>\n<li><em><strong>Bare Vanilla Candied<\/strong><\/em> \u2013 Type: fruity, sweet. Notes: strawberry crumble, marshmallow flower, warm vanilla.<\/li>\n<\/ul>\n<p><em>Pair with matching Fragrance Lotion for a long-lasting fragrance experience.<\/em><\/p>\n","protected":false},"featured_media":14751,"template":"","meta":{"jetpack_publicize_message":"","jetpack_publicize_feature_enabled":true,"jetpack_social_post_already_shared":false,"jetpack_social_options":{"image_generator_settings":{"template":"highway","default_image_id":0,"font":"","enabled":false},"version":2}},"product_brand":[],"product_cat":[910,927,341],"product_tag":[],"class_list":{"0":"post-17463","1":"product","2":"type-product","3":"status-publish","4":"has-post-thumbnail","6":"product_cat-kehaspreid","7":"product_cat-victorias-secret-body-mists","8":"product_cat-victorias-secret","9":"pa_lohn-bare-vanilla-candied","10":"pa_lohn-love-spell-candied","11":"pa_lohn-pure-seduction-candied-2","12":"pa_lohn-velvet-petals-candied","14":"first","15":"outofstock","16":"sale","17":"shipping-taxable","18":"product-type-variable"},"jetpack_publicize_connections":[],"jetpack_sharing_enabled":true,"jetpack_likes_enabled":true,"_links":{"self":[{"href":"https:\/\/superstore.ee\/index.php\/wp-json\/wp\/v2\/product\/17463","targetHints":{"allow":["GET"]}}],"collection":[{"href":"https:\/\/superstore.ee\/index.php\/wp-json\/wp\/v2\/product"}],"about":[{"href":"https:\/\/superstore.ee\/index.php\/wp-json\/wp\/v2\/types\/product"}],"wp:featuredmedia":[{"embeddable":true,"href":"https:\/\/superstore.ee\/index.php\/wp-json\/wp\/v2\/media\/14751"}],"wp:attachment":[{"href":"https:\/\/superstore.ee\/index.php\/wp-json\/wp\/v2\/media?parent=17463"}],"wp:term":[{"taxonomy":"product_brand","embeddable":true,"href":"https:\/\/superstore.ee\/index.php\/wp-json\/wp\/v2\/product_brand?post=17463"},{"taxonomy":"product_cat","embeddable":true,"href":"https:\/\/superstore.ee\/index.php\/wp-json\/wp\/v2\/product_cat?post=17463"},{"taxonomy":"product_tag","embeddable":true,"href":"https:\/\/superstore.ee\/index.php\/wp-json\/wp\/v2\/product_tag?post=17463"}],"curies":[{"name":"wp","href":"https:\/\/api.w.org\/{rel}","templated":true}]}}