{"id":18116,"date":"2024-09-03T17:42:25","date_gmt":"2024-09-03T14:42:25","guid":{"rendered":"https:\/\/superstore.ee\/?post_type=product&#038;p=18116"},"modified":"2025-05-08T22:40:10","modified_gmt":"2025-05-08T19:40:10","slug":"mitsellaarvesi-meigi-eemaldamiseks-kiko-milano-new-pure-clean-micellar-water-200ml","status":"publish","type":"product","link":"https:\/\/superstore.ee\/index.php\/toode\/mitsellaarvesi-meigi-eemaldamiseks-kiko-milano-new-pure-clean-micellar-water-200ml\/","title":{"rendered":"Mitsellaarvesi meigi eemaldamiseks KIKO Milano New Pure Clean Micellar Water (200ml)"},"content":{"rendered":"","protected":false},"excerpt":{"rendered":"<div class=\"ProductDetails__Name visible-md\">\n<div role=\"heading\" data-size=\"medium\">\n<div class=\"woocommerce-product-details__short-description\">\n<p>\ud83c\uddea\ud83c\uddea Mitsellaarvesi KIKO Milano (200ml)<\/p>\n<p>Mitsellaar meigieemaldusvesi normaalsele kuni kombineeritud nahale<\/p>\n<ul>\n<li>kerge ja mugav, j\u00e4tab naha pehmeks ja niisutatuks;<\/li>\n<li>puhastab n\u00e4o ja silma\u00fcmbruse kergesti;<\/li>\n<li>uuendatud valem on rikastatud h\u00fcaluroonhappe, keskkonnas\u00f5braliku Itaalia granaat\u00f5una ekstrakti, valge paju koore ekstrakti ja magnoolia ekstraktiga;<\/li>\n<li>l\u00f5hnastatud magnoolia, virsiku ja sandlipuu nootidega.<\/li>\n<\/ul>\n<\/div>\n<div class=\"woocommerce-product-details__short-description\">\n<p>\ud83c\uddf7\ud83c\uddfa \u041c\u0438\u0446\u0435\u043b\u043b\u044f\u0440\u043d\u0430\u044f \u0432\u043e\u0434\u0430 KIKO Milano (200\u043c\u043b) \u0434\u043b\u044f \u0441\u043d\u044f\u0442\u0438\u044f \u043c\u0430\u043a\u0438\u044f\u0436\u0430 (\u0434\u043b\u044f \u043d\u043e\u0440\u043c\u0430\u043b\u044c\u043d\u043e\u0439 \u0438 \u043a\u043e\u043c\u0431\u0438\u043d\u0438\u0440\u043e\u0432\u0430\u043d\u043d\u043e\u0439 \u043a\u043e\u0436\u0438)<\/p>\n<ul>\n<li>\u043b\u0435\u0433\u043a\u0430\u044f \u0438 \u043f\u0440\u0438\u044f\u0442\u043d\u0430\u044f \u043d\u0430 \u043a\u043e\u0436\u0435, \u043e\u0441\u0442\u0430\u0432\u043b\u044f\u0435\u0442 \u0435\u0435 \u043c\u044f\u0433\u043a\u043e\u0439 \u0438 \u0443\u0432\u043b\u0430\u0436\u043d\u0435\u043d\u043d\u043e\u0439;<\/li>\n<li>\u043b\u0435\u0433\u043a\u043e \u043e\u0447\u0438\u0449\u0430\u0435\u0442 \u043b\u0438\u0446\u043e \u0438 \u043e\u0431\u043b\u0430\u0441\u0442\u044c \u0432\u043e\u043a\u0440\u0443\u0433 \u0433\u043b\u0430\u0437;<\/li>\n<li>\u043e\u0431\u043d\u043e\u0432\u043b\u0435\u043d\u043d\u0430\u044f \u0444\u043e\u0440\u043c\u0443\u043b\u0430 \u043e\u0431\u043e\u0433\u0430\u0449\u0435\u043d\u0430 \u0433\u0438\u0430\u043b\u0443\u0440\u043e\u043d\u043e\u0432\u043e\u0439 \u043a\u0438\u0441\u043b\u043e\u0442\u043e\u0439, \u044d\u043a\u043e\u043b\u043e\u0433\u0438\u0447\u0435\u0441\u043a\u0438 \u0447\u0438\u0441\u0442\u044b\u043c \u0438\u0442\u0430\u043b\u044c\u044f\u043d\u0441\u043a\u0438\u043c \u044d\u043a\u0441\u0442\u0440\u0430\u043a\u0442\u043e\u043c \u0433\u0440\u0430\u043d\u0430\u0442\u0430, \u044d\u043a\u0441\u0442\u0440\u0430\u043a\u0442\u043e\u043c \u043a\u043e\u0440\u044b \u0431\u0435\u043b\u043e\u0439 \u0438\u0432\u044b \u0438 \u044d\u043a\u0441\u0442\u0440\u0430\u043a\u0442\u043e\u043c \u043c\u0430\u0433\u043d\u043e\u043b\u0438\u0438;<\/li>\n<li>\u0430\u0440\u043e\u043c\u0430\u0442\u0438\u0437\u0438\u0440\u043e\u0432\u0430\u043d\u0430 \u043d\u043e\u0442\u0430\u043c\u0438 \u043c\u0430\u0433\u043d\u043e\u043b\u0438\u0438, \u043f\u0435\u0440\u0441\u0438\u043a\u0430 \u0438 \u0441\u0430\u043d\u0434\u0430\u043b\u043e\u0432\u043e\u0433\u043e \u0434\u0435\u0440\u0435\u0432\u0430.<\/li>\n<\/ul>\n<p>\ud83c\uddfa\ud83c\uddf8 KIKO Milano New Pure Clean Micellar Water (200ml)<\/p>\n<\/div>\n<p>Micellar water face and eye make-up remover for normal to combination skin<\/p>\n<div class=\"woocommerce-product-details__short-description\">\n<ul>\n<li>weightless and pleasant on the skin, it leaves it soft and hydrated;<\/li>\n<li>cleanses the face and eye area with ease;<\/li>\n<li>updated formula is enriched with hyaluronic acid, sustainably sourced Italian pomegranate extract, white willow bark extract and magnolia extract;<\/li>\n<li>scented with notes of magnolia, peach and sandalwood.<\/li>\n<\/ul>\n<\/div>\n<\/div>\n<\/div>\n","protected":false},"featured_media":18117,"template":"","meta":{"jetpack_publicize_message":"","jetpack_publicize_feature_enabled":true,"jetpack_social_post_already_shared":false,"jetpack_social_options":{"image_generator_settings":{"template":"highway","default_image_id":0,"font":"","enabled":false},"version":2}},"product_brand":[],"product_cat":[340,912,964,965],"product_tag":[],"class_list":{"0":"post-18116","1":"product","2":"type-product","3":"status-publish","4":"has-post-thumbnail","6":"product_cat-kiko-milano","7":"product_cat-nahahooldus","8":"product_cat-face-care","9":"product_cat-face-cleansers","11":"first","12":"outofstock","13":"shipping-taxable","14":"purchasable","15":"product-type-simple"},"jetpack_publicize_connections":[],"jetpack_sharing_enabled":true,"jetpack_likes_enabled":true,"_links":{"self":[{"href":"https:\/\/superstore.ee\/index.php\/wp-json\/wp\/v2\/product\/18116","targetHints":{"allow":["GET"]}}],"collection":[{"href":"https:\/\/superstore.ee\/index.php\/wp-json\/wp\/v2\/product"}],"about":[{"href":"https:\/\/superstore.ee\/index.php\/wp-json\/wp\/v2\/types\/product"}],"wp:featuredmedia":[{"embeddable":true,"href":"https:\/\/superstore.ee\/index.php\/wp-json\/wp\/v2\/media\/18117"}],"wp:attachment":[{"href":"https:\/\/superstore.ee\/index.php\/wp-json\/wp\/v2\/media?parent=18116"}],"wp:term":[{"taxonomy":"product_brand","embeddable":true,"href":"https:\/\/superstore.ee\/index.php\/wp-json\/wp\/v2\/product_brand?post=18116"},{"taxonomy":"product_cat","embeddable":true,"href":"https:\/\/superstore.ee\/index.php\/wp-json\/wp\/v2\/product_cat?post=18116"},{"taxonomy":"product_tag","embeddable":true,"href":"https:\/\/superstore.ee\/index.php\/wp-json\/wp\/v2\/product_tag?post=18116"}],"curies":[{"name":"wp","href":"https:\/\/api.w.org\/{rel}","templated":true}]}}