{"id":18388,"date":"2024-09-15T18:09:16","date_gmt":"2024-09-15T15:09:16","guid":{"rendered":"https:\/\/superstore.ee\/?post_type=product&#038;p=18388"},"modified":"2024-11-17T19:38:33","modified_gmt":"2024-11-17T16:38:33","slug":"kreemjas-huulepulk-kiko-milano-dolce-diva-glam-lips-stylo-01","status":"publish","type":"product","link":"https:\/\/superstore.ee\/index.php\/toode\/kreemjas-huulepulk-kiko-milano-dolce-diva-glam-lips-stylo-01\/","title":{"rendered":"Kreemjas huulepulk\u00a0KIKO Milano Dolce Diva Glam-Lips Stylo (01)"},"content":{"rendered":"","protected":false},"excerpt":{"rendered":"<p>\ud83c\uddea\ud83c\uddea\u00a0 Kreemjas huulepulk KIKO Milano Dolce Diva Glam-Lips Stylo 01<\/p>\n<p>Spetsiaalne tekstuur katab huuled, j\u00e4ttes heleda v\u00e4rvi, mis sulandub ideaalselt nahaga. Uus disain tagab lihtsa ja \u00fclit\u00e4pse pealekandmise<\/p>\n<p>\ud83c\uddf7\ud83c\uddfa \u041a\u0440\u0435\u043c\u043e\u0432\u0430\u044f \u0433\u0443\u0431\u043d\u0430\u044f \u043f\u043e\u043c\u0430\u0434\u0430 KIKO Milano \u0441 \u0441\u0438\u044f\u044e\u0449\u0438\u043c \u0444\u0438\u043d\u0438\u0448\u0435\u043c 01.<\/p>\n<p>\u041e\u0441\u043e\u0431\u0430\u044f \u0442\u0435\u043a\u0441\u0442\u0443\u0440\u0430 \u043e\u0431\u0432\u043e\u043b\u0430\u043a\u0438\u0432\u0430\u0435\u0442 \u0433\u0443\u0431\u044b, \u043e\u0441\u0442\u0430\u0432\u043b\u044f\u044f \u043b\u0435\u0433\u043a\u0443\u044e \u0432\u0443\u0430\u043b\u044c \u0446\u0432\u0435\u0442\u0430, \u043a\u043e\u0442\u043e\u0440\u0430\u044f \u0438\u0434\u0435\u0430\u043b\u044c\u043d\u043e \u043b\u043e\u0436\u0438\u0442\u0441\u044f \u043d\u0430 \u043a\u043e\u0436\u0443. \u041d\u043e\u0432\u044b\u0439 \u0434\u0438\u0437\u0430\u0439\u043d \u043e\u0431\u0435\u0441\u043f\u0435\u0447\u0438\u0432\u0430\u0435\u0442 \u043b\u0435\u0433\u043a\u043e\u0435 \u0438 \u0441\u0432\u0435\u0440\u0445\u0442\u043e\u0447\u043d\u043e\u0435 \u043d\u0430\u043d\u0435\u0441\u0435\u043d\u0438\u0435.<\/p>\n<p>\ud83c\uddfa\ud83c\uddf8 KIKO Milano Dolce Diva Glam-Lips Stylo. Creamy lipstick with a radiant finish. 01.<\/p>\n<p>Its special texture envelops the lips in an extreme feeling of comfort, leaving a light veil of colour which adheres perfectly. The new design allows for easy and ultra-precise application.<\/p>\n","protected":false},"featured_media":18394,"template":"","meta":{"jetpack_publicize_message":"","jetpack_publicize_feature_enabled":true,"jetpack_social_post_already_shared":false,"jetpack_social_options":{"image_generator_settings":{"template":"highway","default_image_id":0,"font":"","enabled":false},"version":2}},"product_brand":[],"product_cat":[340,631],"product_tag":[],"class_list":{"0":"post-18388","1":"product","2":"type-product","3":"status-publish","4":"has-post-thumbnail","6":"product_cat-kiko-milano","7":"product_cat-sale","8":"pa_varv-01-warm-sand","9":"pa_varv-02-ladylike-mauve","10":"pa_varv-03-luxury-magenta","12":"first","13":"outofstock","14":"sale","15":"shipping-taxable","16":"product-type-variable"},"jetpack_publicize_connections":[],"jetpack_sharing_enabled":true,"jetpack_likes_enabled":true,"_links":{"self":[{"href":"https:\/\/superstore.ee\/index.php\/wp-json\/wp\/v2\/product\/18388","targetHints":{"allow":["GET"]}}],"collection":[{"href":"https:\/\/superstore.ee\/index.php\/wp-json\/wp\/v2\/product"}],"about":[{"href":"https:\/\/superstore.ee\/index.php\/wp-json\/wp\/v2\/types\/product"}],"wp:featuredmedia":[{"embeddable":true,"href":"https:\/\/superstore.ee\/index.php\/wp-json\/wp\/v2\/media\/18394"}],"wp:attachment":[{"href":"https:\/\/superstore.ee\/index.php\/wp-json\/wp\/v2\/media?parent=18388"}],"wp:term":[{"taxonomy":"product_brand","embeddable":true,"href":"https:\/\/superstore.ee\/index.php\/wp-json\/wp\/v2\/product_brand?post=18388"},{"taxonomy":"product_cat","embeddable":true,"href":"https:\/\/superstore.ee\/index.php\/wp-json\/wp\/v2\/product_cat?post=18388"},{"taxonomy":"product_tag","embeddable":true,"href":"https:\/\/superstore.ee\/index.php\/wp-json\/wp\/v2\/product_tag?post=18388"}],"curies":[{"name":"wp","href":"https:\/\/api.w.org\/{rel}","templated":true}]}}