{"id":1928,"date":"2022-02-25T20:53:09","date_gmt":"2022-02-25T18:53:09","guid":{"rendered":"https:\/\/superstore.ee\/?post_type=product&#038;p=1928"},"modified":"2022-04-07T15:48:22","modified_gmt":"2022-04-07T13:48:22","slug":"uniseks-dressikostuum-calvin-klein-puksid-pusa-fliisvooder","status":"publish","type":"product","link":"https:\/\/superstore.ee\/index.php\/toode\/uniseks-dressikostuum-calvin-klein-puksid-pusa-fliisvooder\/","title":{"rendered":"Uniseks dressikost\u00fc\u00fcm Calvin Klein p\u00fcksid + pusa (fliisvooder)"},"content":{"rendered":"","protected":false},"excerpt":{"rendered":"<p><span style=\"font-weight: 400;\">\ud83c\uddea\ud83c\uddeaUus uniseks dressikost\u00fc\u00fcm Calvin Klein p\u00fcksid + pusa (fliisvooder)<\/span><\/p>\n<p><span style=\"font-weight: 400;\">Suurus : 16a, sobib tavalisele S suurusele ja pikkusele 170-175cm<\/span><\/p>\n<p><span style=\"font-weight: 400;\">Materjal: 73% puuvill 27% pol\u00fcester (fliisvooder)<\/span><\/p>\n<p><span style=\"font-weight: 400;\">Pusa: rind 105cm, \u00fcldpikkus \u00f5last 64cm, varruka pikkus \u00f5last 65cm, \u00f5lg 8cm<\/span><\/p>\n<p><span style=\"font-weight: 400;\">\ud83c\udf81Tasuta tarne!<\/span><\/p>\n<p>&nbsp;<\/p>\n<p><span style=\"font-weight: 400;\">\ud83c\uddf7\ud83c\uddfa \u041d\u043e\u0432\u044b\u0439\u00a0 \u043e\u0440\u0438\u0433\u0438\u043d\u0430\u043b\u044c\u043d\u044b\u0439 \u0443\u043d\u0438\u0441\u0435\u043a\u0441 Calvin Klein \u043a\u043e\u0441\u0442\u044e\u043c \u0448\u0442\u0430\u043d\u044b + \u043a\u043e\u0444\u0442\u0430<\/span><\/p>\n<p><span style=\"font-weight: 400;\">\u0420\u0430\u0437\u043c\u0435\u0440: 16\u043b\u0435\u0442, \u043f\u043e\u0434\u043e\u0439\u0434\u0435\u0442 \u043d\u0430 \u043e\u0431\u044b\u0447\u043d\u044b\u0439 S \u0440\u0430\u0437\u043c\u0435\u0440 \u0438 \u0440\u043e\u0441\u0442 170-175cm<\/span><\/p>\n<p><span style=\"font-weight: 400;\">\u041c\u0430\u0442\u0435\u0440\u0438\u0430\u043b: 73% \u0445\u043b\u043e\u043f\u043e\u043a 27% \u043f\u043e\u043b\u0438\u044d\u0441\u0442\u0435\u0440 (\u0444\u043b\u0438\u0441\u043e\u0432\u0430\u044f \u043f\u043e\u0434\u043a\u043b\u0430\u0434\u043a\u0430)<\/span><\/p>\n<p><span style=\"font-weight: 400;\">\u041a\u043e\u0444\u0442\u0430: \u0433\u0440\u0443\u0434\u044c 105\u0441\u043c, \u043e\u0431\u0449\u0430\u044f \u0434\u043b\u0438\u043d\u0430 \u043e\u0442 \u043f\u043b\u0435\u0447\u0430 64\u0441\u043c, \u0434\u043b\u0438\u043d\u0430 \u0440\u0443\u043a\u0430\u0432\u0430 \u043e\u0442 \u043f\u043b\u0435\u0447\u0430 65\u0441\u043c, \u043f\u043b\u0435\u0447\u043e 8\u0441\u043c<\/span><\/p>\n<p><span style=\"font-weight: 400;\">\ud83c\udf81 \u0411\u0435\u0441\u043f\u043b\u0430\u0442\u043d\u0430\u044f \u0434\u043e\u0441\u0442\u0430\u0432\u043a\u0430!<\/span><\/p>\n<p>&nbsp;<\/p>\n<p><span style=\"font-weight: 400;\">\ud83c\uddfa\ud83c\uddf8 New unisex Calvin Klein women\u2019s set joggers + hoodie<\/span><\/p>\n<p><span style=\"font-weight: 400;\">Size: 16y, fits S size<\/span><\/p>\n<p><span style=\"font-weight: 400;\">Material: 73% cotton 27% polyester (fleece lining)<\/span><\/p>\n<p><span style=\"font-weight: 400;\">Hoodie: chest 105cm, total length from shoulder 64cm, sleeve length from shoulder 65cm, shoulder 8cm<\/span><\/p>\n<p><span style=\"font-weight: 400;\">\ud83c\udf81 Free shipping!<\/span><\/p>\n","protected":false},"featured_media":2185,"template":"","meta":{"jetpack_publicize_message":"","jetpack_publicize_feature_enabled":true,"jetpack_social_post_already_shared":false,"jetpack_social_options":{"image_generator_settings":{"template":"highway","default_image_id":0,"font":"","enabled":false},"version":2}},"product_brand":[],"product_cat":[15],"product_tag":[],"class_list":{"0":"post-1928","1":"product","2":"type-product","3":"status-publish","4":"has-post-thumbnail","6":"product_cat-maaramata","8":"first","9":"outofstock","10":"sale","11":"shipping-taxable","12":"purchasable","13":"product-type-simple"},"jetpack_publicize_connections":[],"jetpack_sharing_enabled":true,"jetpack_likes_enabled":true,"_links":{"self":[{"href":"https:\/\/superstore.ee\/index.php\/wp-json\/wp\/v2\/product\/1928","targetHints":{"allow":["GET"]}}],"collection":[{"href":"https:\/\/superstore.ee\/index.php\/wp-json\/wp\/v2\/product"}],"about":[{"href":"https:\/\/superstore.ee\/index.php\/wp-json\/wp\/v2\/types\/product"}],"wp:featuredmedia":[{"embeddable":true,"href":"https:\/\/superstore.ee\/index.php\/wp-json\/wp\/v2\/media\/2185"}],"wp:attachment":[{"href":"https:\/\/superstore.ee\/index.php\/wp-json\/wp\/v2\/media?parent=1928"}],"wp:term":[{"taxonomy":"product_brand","embeddable":true,"href":"https:\/\/superstore.ee\/index.php\/wp-json\/wp\/v2\/product_brand?post=1928"},{"taxonomy":"product_cat","embeddable":true,"href":"https:\/\/superstore.ee\/index.php\/wp-json\/wp\/v2\/product_cat?post=1928"},{"taxonomy":"product_tag","embeddable":true,"href":"https:\/\/superstore.ee\/index.php\/wp-json\/wp\/v2\/product_tag?post=1928"}],"curies":[{"name":"wp","href":"https:\/\/api.w.org\/{rel}","templated":true}]}}