{"id":19425,"date":"2024-10-14T16:04:05","date_gmt":"2024-10-14T13:04:05","guid":{"rendered":"https:\/\/superstore.ee\/?post_type=product&#038;p=19425"},"modified":"2026-03-02T00:28:35","modified_gmt":"2026-03-01T22:28:35","slug":"puhastav-naomask-soe-ja-musta-saviga-kiko-milano-black-clay-mask","status":"publish","type":"product","link":"https:\/\/superstore.ee\/index.php\/toode\/puhastav-naomask-soe-ja-musta-saviga-kiko-milano-black-clay-mask\/","title":{"rendered":"Puhastav n\u00e4omask s\u00f6e ja musta saviga KIKO Milano Black Clay Mask"},"content":{"rendered":"","protected":false},"excerpt":{"rendered":"<p style=\"padding-left: 40px;\">\ud83c\uddea\ud83c\uddeaPuhastav n\u00e4omask KIKO Milano matistava viimistlusega, <strong>s\u00f6e<\/strong> ja <strong>musta saviga<\/strong>.<\/p>\n<ul>\n<li>Selle koostis on rikastatud puhastava sidruniekstrakti ja taimse s\u00f6ega ning musta saviga, mis imab rasu.<\/li>\n<li>Kreemjas tekstuur puhastab nahka mustusest ja matistab, ilma seda raskeks muutmata.<\/li>\n<li>Lihtne peale kanda ja ei libise maha, mis v\u00f5imaldab j\u00e4tkata igap\u00e4evaseid tegemisi.<\/li>\n<\/ul>\n<p>Soovitatav <em><strong>kombineeritud<\/strong><\/em> ja <em><strong>rasusele<\/strong><\/em> nahale.<\/p>\n<p><strong>Tulemus<\/strong>: nahk on \u00f5rnalt puhastatud ja hoolitsetud.<\/p>\n<p><em><strong>Kasutamine<\/strong>:<\/em><\/p>\n<p><em>1. Kandke v\u00e4ike kogus maski puhtale ja kuivale nahale, v\u00e4ltides silma\u00fcmbruse ja huulte piirkonda.<\/em><br \/>\n<em>2. Laske m\u00f5juda 5-10 minutit ja loputage hoolikalt.<\/em><br \/>\n<em>3. Kasutage 1-2 korda n\u00e4dalas.<\/em><\/p>\n<p><em>Dermatoloogiliselt testitud. Mittekomedogeenne.<\/em><\/p>\n<p>\ud83c\uddf7\ud83c\uddfa \u041e\u0447\u0438\u0449\u0430\u044e\u0449\u0430\u044f \u043c\u0430\u0441\u043a\u0430 \u0434\u043b\u044f \u043b\u0438\u0446\u0430 KIKO Milano \u0441 \u043c\u0430\u0442\u043e\u0432\u044b\u043c \u0444\u0438\u043d\u0438\u0448\u0435\u043c \u043d\u0430 \u043e\u0441\u043d\u043e\u0432\u0435 <strong>\u0443\u0433\u043b\u044f<\/strong> \u0438 <strong>\u0447\u0435\u0440\u043d\u043e\u0439 \u0433\u043b\u0438\u043d\u044b<\/strong>.<\/p>\n<ul>\n<li>\u0424\u043e\u0440\u043c\u0443\u043b\u0430 \u043e\u0431\u043e\u0433\u0430\u0449\u0435\u043d\u0430 \u043e\u0447\u0438\u0449\u0430\u044e\u0449\u0438\u043c \u044d\u043a\u0441\u0442\u0440\u0430\u043a\u0442\u043e\u043c \u043b\u0438\u043c\u043e\u043d\u0430 \u0438 \u0440\u0430\u0441\u0442\u0438\u0442\u0435\u043b\u044c\u043d\u044b\u043c \u0443\u0433\u043b\u0435\u043c, \u0430 \u0442\u0430\u043a\u0436\u0435 \u0447\u0435\u0440\u043d\u043e\u0439 \u0433\u043b\u0438\u043d\u043e\u0439, \u043a\u043e\u0442\u043e\u0440\u0430\u044f \u0432\u043f\u0438\u0442\u044b\u0432\u0430\u0435\u0442 \u043a\u043e\u0436\u043d\u044b\u0439 \u0436\u0438\u0440.<\/li>\n<li>\u0415\u0435 \u043a\u0440\u0435\u043c\u043e\u0432\u0430\u044f \u0442\u0435\u043a\u0441\u0442\u0443\u0440\u0430 \u043e\u0447\u0438\u0449\u0430\u0435\u0442 \u043a\u043e\u0436\u0443 \u043e\u0442 \u0437\u0430\u0433\u0440\u044f\u0437\u043d\u0435\u043d\u0438\u0439 \u0438 \u043c\u0430\u0442\u0438\u0440\u0443\u0435\u0442, \u043d\u0435 \u0443\u0442\u044f\u0436\u0435\u043b\u044f\u044f \u0435\u0451.<\/li>\n<li>\u041b\u0435\u0433\u043a\u043e \u043d\u0430\u043d\u043e\u0441\u0438\u0442\u0441\u044f \u0438 \u043d\u0435 \u0441\u0442\u0435\u043a\u0430\u0435\u0442, \u0447\u0442\u043e \u043f\u043e\u0437\u0432\u043e\u043b\u044f\u0435\u0442 \u043f\u0440\u043e\u0434\u043e\u043b\u0436\u0430\u0442\u044c \u0437\u0430\u043d\u0438\u043c\u0430\u0442\u044c\u0441\u044f \u0441\u0432\u043e\u0438\u043c\u0438 \u0434\u0435\u043b\u0430\u043c\u0438.<\/li>\n<\/ul>\n<p>\u0420\u0435\u043a\u043e\u043c\u0435\u043d\u0434\u0443\u0435\u0442\u0441\u044f \u0434\u043b\u044f <em><strong>\u043a\u043e\u043c\u0431\u0438\u043d\u0438\u0440\u043e\u0432\u0430\u043d\u043d\u043e\u0439<\/strong><\/em> \u0438 <em><strong>\u0436\u0438\u0440\u043d\u043e\u0439<\/strong><\/em> \u043a\u043e\u0436\u0438.<\/p>\n<p><strong>\u0420\u0435\u0437\u0443\u043b\u044c\u0442\u0430\u0442<\/strong>: \u043a\u043e\u0436\u0430 \u043d\u0435\u0436\u043d\u043e \u043e\u0447\u0438\u0449\u0435\u043d\u0430 \u043e\u0442 \u0437\u0430\u0433\u0440\u044f\u0437\u043d\u0435\u043d\u0438\u0439 \u0438 \u0443\u0445\u043e\u0436\u0435\u043d\u0430.<\/p>\n<p><em><strong>\u041a\u0430\u043a \u0438\u0441\u043f\u043e\u043b\u044c\u0437\u043e\u0432\u0430\u0442\u044c:<\/strong><\/em><\/p>\n<p><em>1. \u041d\u0430\u043d\u0435\u0441\u0438\u0442\u0435 \u043d\u0435\u0431\u043e\u043b\u044c\u0448\u043e\u0435 \u043a\u043e\u043b\u0438\u0447\u0435\u0441\u0442\u0432\u043e \u043c\u0430\u0441\u043a\u0438 \u043d\u0430 \u0447\u0438\u0441\u0442\u0443\u044e \u0441\u0443\u0445\u0443\u044e \u043a\u043e\u0436\u0443, \u0438\u0437\u0431\u0435\u0433\u0430\u044f \u043e\u0431\u043b\u0430\u0441\u0442\u0438 \u0432\u043e\u043a\u0440\u0443\u0433 \u0433\u043b\u0430\u0437 \u0438 \u0433\u0443\u0431.<\/em><br \/>\n<em>2. \u041e\u0441\u0442\u0430\u0432\u044c\u0442\u0435 \u043d\u0430 5-10 \u043c\u0438\u043d\u0443\u0442, \u0437\u0430\u0442\u0435\u043c \u0442\u0449\u0430\u0442\u0435\u043b\u044c\u043d\u043e \u0441\u043c\u043e\u0439\u0442\u0435.<\/em><br \/>\n<em>3. \u0418\u0441\u043f\u043e\u043b\u044c\u0437\u0443\u0439\u0442\u0435 1-2 \u0440\u0430\u0437\u0430 \u0432 \u043d\u0435\u0434\u0435\u043b\u044e.<\/em><\/p>\n<p><em>\u0414\u0435\u0440\u043c\u0430\u0442\u043e\u043b\u043e\u0433\u0438\u0447\u0435\u0441\u043a\u0438 \u043f\u0440\u043e\u0442\u0435\u0441\u0442\u0438\u0440\u043e\u0432\u0430\u043d\u0430. \u041d\u0435\u043a\u043e\u043c\u0435\u0434\u043e\u0433\u0435\u043d\u043d\u0430.<\/em><\/p>\n<p>\ud83c\uddfa\ud83c\uddf8 KIKO Milano black clay mask. Purifying matte-finish face mask with charcoal and black clay.<\/p>\n<ul>\n<li>its formula is enriched with purifying lemon extract and plant-based charcoal, and sebum-absorbing black clay;<\/li>\n<li>its creamy texture cleanses the skin of impurities and mattifies, without weighing it down;<\/li>\n<li>it\u2019s easy to apply and keep in place, it doesn&#8217;t slip off and allows you to go about your daily life while it works;<\/li>\n<\/ul>\n<p><strong>Recommended for: <\/strong>combination to oily skin.<\/p>\n<div class=\"ProductInfo__Tab Tab\" data-scrollable=\"true\" data-component=\"Tabs\" data-boilerplate-active=\"true\">\n<div class=\"Tab__Body Tab__Body--Classic\">\n<div id=\"tabinfo-1\" class=\"Tab__Body__Content fade active\" data-tab-panel=\"true\" aria-hidden=\"false\">\n<div class=\"Tab__Body__Content__Text\">\n<p><strong>Result<\/strong>: skin is pampered and gently cleansed of impurities.<\/p>\n<p><strong>How to use:<\/strong><\/p>\n<div class=\"ProductInfo__Tab Tab\" data-scrollable=\"true\" data-component=\"Tabs\" data-boilerplate-active=\"true\">\n<div class=\"Tab__Body Tab__Body--Classic\">\n<div id=\"tabinfo-2\" class=\"Tab__Body__Content fade active\" data-tab-panel=\"true\" aria-hidden=\"false\">\n<div class=\"Tab__Body__Content__Text\">\n<p><em><strong>1.\u00a0<\/strong>Apply a small amount onto clean, dry skin, avoiding the eye contour area and the lips.<\/em><br \/>\n<em><strong>2.<\/strong>\u00a0Let it sit for 5-10 minutes and carefully rinse.<\/em><br \/>\n<em><strong>3.<\/strong> Use once or twice a week.<\/em><\/p>\n<\/div>\n<\/div>\n<\/div>\n<\/div>\n<\/div>\n<\/div>\n<\/div>\n<\/div>\n<p><em>Dermatologically tested. Non-comedogenic<\/em><\/p>\n","protected":false},"featured_media":19432,"template":"","meta":{"jetpack_publicize_message":"","jetpack_publicize_feature_enabled":true,"jetpack_social_post_already_shared":false,"jetpack_social_options":{"image_generator_settings":{"template":"highway","default_image_id":0,"font":"","enabled":false},"version":2}},"product_brand":[],"product_cat":[340,631,966,912,964],"product_tag":[],"class_list":{"0":"post-19425","1":"product","2":"type-product","3":"status-publish","4":"has-post-thumbnail","6":"product_cat-kiko-milano","7":"product_cat-sale","8":"product_cat-masks","9":"product_cat-nahahooldus","10":"product_cat-face-care","12":"first","13":"outofstock","14":"sale","15":"shipping-taxable","16":"purchasable","17":"product-type-simple"},"jetpack_publicize_connections":[],"jetpack_sharing_enabled":true,"jetpack_likes_enabled":true,"_links":{"self":[{"href":"https:\/\/superstore.ee\/index.php\/wp-json\/wp\/v2\/product\/19425","targetHints":{"allow":["GET"]}}],"collection":[{"href":"https:\/\/superstore.ee\/index.php\/wp-json\/wp\/v2\/product"}],"about":[{"href":"https:\/\/superstore.ee\/index.php\/wp-json\/wp\/v2\/types\/product"}],"wp:featuredmedia":[{"embeddable":true,"href":"https:\/\/superstore.ee\/index.php\/wp-json\/wp\/v2\/media\/19432"}],"wp:attachment":[{"href":"https:\/\/superstore.ee\/index.php\/wp-json\/wp\/v2\/media?parent=19425"}],"wp:term":[{"taxonomy":"product_brand","embeddable":true,"href":"https:\/\/superstore.ee\/index.php\/wp-json\/wp\/v2\/product_brand?post=19425"},{"taxonomy":"product_cat","embeddable":true,"href":"https:\/\/superstore.ee\/index.php\/wp-json\/wp\/v2\/product_cat?post=19425"},{"taxonomy":"product_tag","embeddable":true,"href":"https:\/\/superstore.ee\/index.php\/wp-json\/wp\/v2\/product_tag?post=19425"}],"curies":[{"name":"wp","href":"https:\/\/api.w.org\/{rel}","templated":true}]}}