{"id":19531,"date":"2024-10-18T23:28:50","date_gmt":"2024-10-18T21:28:50","guid":{"rendered":"https:\/\/superstore.ee\/?post_type=product&#038;p=19531"},"modified":"2025-06-23T10:28:11","modified_gmt":"2025-06-23T07:28:11","slug":"victorias-secret-natural-beauty-pineapple-shea-komplekt-kehasprei-kehalosjoon-kehakoorija-kehapesukreem","status":"publish","type":"product","link":"https:\/\/superstore.ee\/index.php\/toode\/victorias-secret-natural-beauty-pineapple-shea-komplekt-kehasprei-kehalosjoon-kehakoorija-kehapesukreem\/","title":{"rendered":"Victoria\u2019s Secret Natural Beauty Pineapple &amp; Shea Komplekt (Kehasprei + Kehalosjoon + Kehakoorija + Kehapesukreem)"},"content":{"rendered":"","protected":false},"excerpt":{"rendered":"<p><span style=\"font-weight: 400;\">\ud83c\uddea\ud83c\uddea Kehasprei Victoria\u2019s Secret Natural Beauty <em><strong>Pineapple &amp; Shea<\/strong><\/em> komplekt (Kehasprei 250ml + Kehalosjoon 236ml + Kehakoorija 368g + Kehapesukreem 236ml)<\/span><\/p>\n<p>T\u00fc\u00fcp: puuviljane soe. S\u00e4rage ananassi ja sheav\u00f5i l\u00f5hnaga. See on t\u00e4ielik \u00f5nn.<\/p>\n<p><span style=\"font-weight: 400;\">\ud83c\uddf7\ud83c\uddfa Victoria\u2019s Secret Natural Beauty <em><strong>Pineapple &amp; Shea <\/strong><\/em>\u043a\u043e\u043c\u043f\u043b\u0435\u043a\u0442 (\u0421\u043f\u0440\u0435\u0439 250ml + \u041b\u043e\u0441\u044c\u043e\u043d 236ml + \u0421\u043a\u0440\u0430\u0431 368g + \u041a\u0440\u0435\u043c \u0434\u043b\u044f \u043c\u044b\u0442\u044c\u044f \u0442\u0435\u043b\u0430 236ml)<\/span><\/p>\n<p>\u0422\u0438\u043f: \u0444\u0440\u0443\u043a\u0442\u043e\u0432\u044b\u0439 \u0442\u0435\u043f\u043b\u044b\u0439. \u0421\u0438\u044f\u0439\u0442\u0435 \u0441 \u0430\u0440\u043e\u043c\u0430\u0442\u043e\u043c \u0430\u043d\u0430\u043d\u0430\u0441\u0430 \u0438 \u043c\u0430\u0441\u043b\u0430 \u0448\u0438. \u042d\u0442\u043e \u0430\u0431\u0441\u043e\u043b\u044e\u0442\u043d\u043e\u0435 \u0441\u0447\u0430\u0441\u0442\u044c\u0435.<\/p>\n<p><span style=\"font-weight: 400;\">\ud83c\uddfa\ud83c\uddf8 Victoria\u2019s Secret Natural Beauty <strong><em>Pineapple &amp; Shea<\/em><\/strong> set (Body Mist 250ml + Body Lotion 236ml + Body Scrub 368g + Cream Body Wash 236ml)<\/span><\/p>\n<p>Type: Fruity Warm. Glow with the scent of Pineapple &amp; Shea. It&#8217;s complete happiness.<\/p>\n","protected":false},"featured_media":20345,"template":"","meta":{"jetpack_publicize_message":"","jetpack_publicize_feature_enabled":true,"jetpack_social_post_already_shared":false,"jetpack_social_options":{"image_generator_settings":{"template":"highway","default_image_id":0,"font":"","enabled":false},"version":2}},"product_brand":[],"product_cat":[930,929,926,927,910,830,342,912,341],"product_tag":[],"class_list":{"0":"post-19531","1":"product","2":"type-product","3":"status-publish","4":"has-post-thumbnail","6":"product_cat-victorias-secret-body-washes","7":"product_cat-victorias-secret-body-scrubs","8":"product_cat-victorias-secret-body-lotions","9":"product_cat-victorias-secret-body-mists","10":"product_cat-kehaspreid","11":"product_cat-kingitused","12":"product_cat-komplektid-victorias-secret","13":"product_cat-nahahooldus","14":"product_cat-victorias-secret","15":"pa_lohn-aqua-kiss","16":"pa_lohn-bare-vanilla","17":"pa_lohn-love-spell","18":"pa_lohn-pure-seduction","19":"pa_lohn-velvet-petals","21":"first","22":"outofstock","23":"sale","24":"shipping-taxable","25":"purchasable","26":"product-type-simple"},"jetpack_publicize_connections":[],"jetpack_sharing_enabled":true,"jetpack_likes_enabled":true,"_links":{"self":[{"href":"https:\/\/superstore.ee\/index.php\/wp-json\/wp\/v2\/product\/19531","targetHints":{"allow":["GET"]}}],"collection":[{"href":"https:\/\/superstore.ee\/index.php\/wp-json\/wp\/v2\/product"}],"about":[{"href":"https:\/\/superstore.ee\/index.php\/wp-json\/wp\/v2\/types\/product"}],"wp:featuredmedia":[{"embeddable":true,"href":"https:\/\/superstore.ee\/index.php\/wp-json\/wp\/v2\/media\/20345"}],"wp:attachment":[{"href":"https:\/\/superstore.ee\/index.php\/wp-json\/wp\/v2\/media?parent=19531"}],"wp:term":[{"taxonomy":"product_brand","embeddable":true,"href":"https:\/\/superstore.ee\/index.php\/wp-json\/wp\/v2\/product_brand?post=19531"},{"taxonomy":"product_cat","embeddable":true,"href":"https:\/\/superstore.ee\/index.php\/wp-json\/wp\/v2\/product_cat?post=19531"},{"taxonomy":"product_tag","embeddable":true,"href":"https:\/\/superstore.ee\/index.php\/wp-json\/wp\/v2\/product_tag?post=19531"}],"curies":[{"name":"wp","href":"https:\/\/api.w.org\/{rel}","templated":true}]}}