{"id":19816,"date":"2024-11-02T16:23:55","date_gmt":"2024-11-02T13:23:55","guid":{"rendered":"https:\/\/superstore.ee\/?post_type=product&#038;p=19816"},"modified":"2025-06-23T11:38:37","modified_gmt":"2025-06-23T08:38:37","slug":"victorias-secret-kehapesukreem-sheavoiga-almond-blossom-oat-milk-236ml","status":"publish","type":"product","link":"https:\/\/superstore.ee\/index.php\/toode\/victorias-secret-kehapesukreem-sheavoiga-almond-blossom-oat-milk-236ml\/","title":{"rendered":"Victoria\u2019s Secret Natural Beauty Cream Body Wash Almond Blossom &#038; Oat Milk With Shea Butter"},"content":{"rendered":"","protected":false},"excerpt":{"rendered":"<p><span style=\"font-weight: 400;\">\u00a0Kehapesukreem Victoria\u2019s Secret Natural Beauty Cream Body Wash (236ml).<\/span><\/p>\n<p>Rikastatud E-vitamiiniga, toetab see geel-kreem teie naha tervist ja elastsust. Sheav\u00f5i toidab ja niisutab intensiivselt, j\u00e4ttes naha pehmeks ja siledaks. Kookos\u00f5li pehmendab ja niisutab t\u00e4iendavalt, luues kogu p\u00e4evaks v\u00e4rskuse ja mugavuse tunde.<\/p>\n<ol>\n<li><strong>Almond Blossom &amp; Oat Milk<\/strong> &#8211; <strong>L\u00f5hnastiil<\/strong>: Soe lilleline \u2022 Mandli\u00f5is. Kaerapiim. S<span style=\"font-weight: 400;\">heav\u00f5i.<\/span><\/li>\n<\/ol>\n<p data-sourcepos=\"5:1-5:166\">Uus igap\u00e4evane kehahooldusrituaal. Niisuta nahka juba puhastamise ajal selle kreemja sheav\u00f5iga rikastatud koostisega. Nahk tundub niisutatum juba p\u00e4rast esimest pesu.<\/p>\n<p data-sourcepos=\"9:1-9:222\">Osa Natural Beauty kehahoolduskollektsioonist, mis on inspireeritud loodusest, et tagada pehme ja terve naha tunne. Luksuslik, t\u00f5hus koostis. Botaaniline inspiratsioon.<\/p>\n<p><em>Kombineerige sobiva Natural Beauty parf\u00fcmeeritud kehasprei, niisutava kehalosjooni ja kehakoorijaga.<\/em><\/p>\n<details>\n<summary>Details<\/summary>\n<div translate=\"no\">\n<p>Victoria\u2019s Secret Natural Beauty Cream Body Wash (236ml). A new kind of daily body ritual. Moisturize as you cleanse with this creamy Shea Butter-infused formula. Skin feels more hydrated after just one wash.Feel calm with the scent of Coconut Milk &amp; Rose. It&#8217;s true tranquility.<\/p>\n<p>Part of the Natural Beauty Body Care Collection, inspired by nature for soft-, healthy-feeling skin. Scents plus benefits. Luxurious, efficacious formulas. Botanical inspiration, daily transformation.<\/p>\n<p>Almond Blossom &amp; Oat Milk &#8211; Fragrance Style: Warm Floral \u2022 Almond Blossom. Oat Milk. Shea butter.<\/p>\n<p>Pair it with matching Natural Beauty Fragrance Mist, Hydrating Body Lotion and Exfoliating Body Scrub.<\/p>\n<p>INGREDIENTS:<br \/>\nWater (Aqua, Eau), Sodium Cocoyl Isethionate, Sodium C14-16 Olefin Sulfonate, Butyrospermum Parkii (Shea) Butter, Stearyl Alcohol, Glycerin, Acrylates Copolymer, Fragrance (Parfum), Cocamide MIPA, Glycol Distearate, Cocamidopropyl Betaine, Cocos Nucifera (Coconut) Oil, Phenoxyethanol, Aminomethyl Propanol, Potassium Sorbate, Polysorbate 20, Tocopherol, Ethylhexylglycerin, Disodium EDTA, Limonene, Benzyl Salicylate, Alpha-Isomethyl Ionone, CitronellolIngredients are subject to change. For an accurate list of ingredients, please refer to the product packaging.<\/p>\n<\/div>\n<p>Victoria\u2019s Secret Natural Beauty \u041a\u0440\u0435\u043c \u0434\u043b\u044f \u043c\u044b\u0442\u044c\u044f \u0442\u0435\u043b\u0430 \u0441 \u043c\u0430\u0441\u043b\u043e\u043c \u0448\u0438 (236 \u043c\u043b) (\u0433\u0435\u043b\u044c \u0434\u043b\u044f \u0434\u0443\u0448\u0430)<\/p>\n<p>\u041e\u0431\u043e\u0433\u0430\u0449\u0451\u043d \u0432\u0438\u0442\u0430\u043c\u0438\u043d\u043e\u043c \u0415, \u044d\u0442\u043e\u0442 \u0433\u0435\u043b\u044c-\u043a\u0440\u0435\u043c \u043f\u043e\u0434\u0434\u0435\u0440\u0436\u0438\u0432\u0430\u0435\u0442 \u0437\u0434\u043e\u0440\u043e\u0432\u044c\u0435 \u0438 \u0443\u043f\u0440\u0443\u0433\u043e\u0441\u0442\u044c \u0432\u0430\u0448\u0435\u0439 \u043a\u043e\u0436\u0438. \u041c\u0430\u0441\u043b\u043e \u0448\u0438 \u0438\u043d\u0442\u0435\u043d\u0441\u0438\u0432\u043d\u043e \u043f\u0438\u0442\u0430\u0435\u0442 \u0438 \u0443\u0432\u043b\u0430\u0436\u043d\u044f\u0435\u0442, \u043e\u0441\u0442\u0430\u0432\u043b\u044f\u044f \u043a\u043e\u0436\u0443 \u043c\u044f\u0433\u043a\u043e\u0439 \u0438 \u0433\u043b\u0430\u0434\u043a\u043e\u0439. \u041a\u043e\u043a\u043e\u0441\u043e\u0432\u043e\u0435 \u043c\u0430\u0441\u043b\u043e \u0434\u043e\u043f\u043e\u043b\u043d\u0438\u0442\u0435\u043b\u044c\u043d\u043e \u0441\u043c\u044f\u0433\u0447\u0430\u0435\u0442 \u0438 \u0443\u0432\u043b\u0430\u0436\u043d\u044f\u0435\u0442, \u0441\u043e\u0437\u0434\u0430\u0432\u0430\u044f \u043e\u0449\u0443\u0449\u0435\u043d\u0438\u0435 \u0441\u0432\u0435\u0436\u0435\u0441\u0442\u0438 \u0438 \u043a\u043e\u043c\u0444\u043e\u0440\u0442\u0430 \u043d\u0430 \u0432\u0435\u0441\u044c \u0434\u0435\u043d\u044c.<\/p>\n<p>Almond Blossom &amp; Oat Milk &#8211; \u0421\u0442\u0438\u043b\u044c \u0430\u0440\u043e\u043c\u0430\u0442\u0430: \u0422\u0435\u043f\u043b\u044b\u0439 \u0446\u0432\u0435\u0442\u043e\u0447\u043d\u044b\u0439 \u2022 \u0426\u0432\u0435\u0442\u043e\u043a \u043c\u0438\u043d\u0434\u0430\u043b\u044f. \u041e\u0432\u0441\u044f\u043d\u043e\u0435 \u043c\u043e\u043b\u043e\u043a\u043e, \u043c\u0430\u0441\u043b\u043e \u0448\u0438.<\/p>\n<p>\u0421\u043e\u0447\u0435\u0442\u0430\u0439\u0442\u0435 \u0441\u043f\u0440\u0435\u0439 \u0441 \u0441\u043e\u043e\u0442\u0432\u0435\u0442\u0441\u0442\u0432\u0443\u044e\u0449\u0438\u043c \u043f\u0430\u0440\u0444\u044e\u043c\u0438\u0440\u043e\u0432\u0430\u043d\u043d\u044b\u043c \u0441\u043f\u0435\u0435\u043c Natural Beauty, \u0443\u0432\u043b\u0430\u0436\u043d\u044f\u044e\u0449\u0438\u043c \u043b\u043e\u0441\u044c\u043e\u043d\u043e\u043c \u0434\u043b\u044f \u0442\u0435\u043b\u0430 \u0438 \u043e\u0442\u0448\u0435\u043b\u0443\u0448\u0438\u0432\u0430\u044e\u0449\u0438\u043c \u0441\u043a\u0440\u0430\u0431\u043e\u043c \u0434\u043b\u044f \u0442\u0435\u043b\u0430.<\/p>\n<\/details>\n","protected":false},"featured_media":11422,"template":"","meta":{"jetpack_publicize_message":"","jetpack_publicize_feature_enabled":true,"jetpack_social_post_already_shared":false,"jetpack_social_options":{"image_generator_settings":{"template":"highway","default_image_id":0,"font":"","enabled":false},"version":2}},"product_brand":[],"product_cat":[930,912,341],"product_tag":[],"class_list":{"0":"post-19816","1":"product","2":"type-product","3":"status-publish","4":"has-post-thumbnail","6":"product_cat-victorias-secret-body-washes","7":"product_cat-nahahooldus","8":"product_cat-victorias-secret","9":"pa_lohn-cucumber-green-tea","10":"pa_lohn-jasmine-elderberry","11":"pa_lohn-water-lily-sea-salt","13":"first","14":"outofstock","15":"sale","16":"shipping-taxable","17":"purchasable","18":"product-type-simple"},"jetpack_publicize_connections":[],"jetpack_sharing_enabled":true,"jetpack_likes_enabled":true,"_links":{"self":[{"href":"https:\/\/superstore.ee\/index.php\/wp-json\/wp\/v2\/product\/19816","targetHints":{"allow":["GET"]}}],"collection":[{"href":"https:\/\/superstore.ee\/index.php\/wp-json\/wp\/v2\/product"}],"about":[{"href":"https:\/\/superstore.ee\/index.php\/wp-json\/wp\/v2\/types\/product"}],"wp:featuredmedia":[{"embeddable":true,"href":"https:\/\/superstore.ee\/index.php\/wp-json\/wp\/v2\/media\/11422"}],"wp:attachment":[{"href":"https:\/\/superstore.ee\/index.php\/wp-json\/wp\/v2\/media?parent=19816"}],"wp:term":[{"taxonomy":"product_brand","embeddable":true,"href":"https:\/\/superstore.ee\/index.php\/wp-json\/wp\/v2\/product_brand?post=19816"},{"taxonomy":"product_cat","embeddable":true,"href":"https:\/\/superstore.ee\/index.php\/wp-json\/wp\/v2\/product_cat?post=19816"},{"taxonomy":"product_tag","embeddable":true,"href":"https:\/\/superstore.ee\/index.php\/wp-json\/wp\/v2\/product_tag?post=19816"}],"curies":[{"name":"wp","href":"https:\/\/api.w.org\/{rel}","templated":true}]}}