{"id":19818,"date":"2024-11-02T16:43:33","date_gmt":"2024-11-02T13:43:33","guid":{"rendered":"https:\/\/superstore.ee\/?post_type=product&#038;p=19818"},"modified":"2025-06-23T10:24:00","modified_gmt":"2025-06-23T07:24:00","slug":"victorias-secret-komplekt-almond-blossom-oat-milk-kehalosjoon-kehapesukreem","status":"publish","type":"product","link":"https:\/\/superstore.ee\/index.php\/toode\/victorias-secret-komplekt-almond-blossom-oat-milk-kehalosjoon-kehapesukreem\/","title":{"rendered":"Victoria\u2019s Secret komplekt Almond Blossom &#038; Oat Milk (Kehalosjoon + Kehapesukreem)"},"content":{"rendered":"","protected":false},"excerpt":{"rendered":"<p><span style=\"font-weight: 400;\">\ud83c\uddea\ud83c\uddeaVictoria\u2019s Secret <strong>Almond Blossom &amp; Oat Milk<\/strong>\u00a0 komplekt (Kehapesukreem 236ml + Kehalosjoon 236ml) Natural Beauty <\/span><\/p>\n<ul>\n<li>Kehapesukreem Victoria\u2019s Secret Natural Beauty Cream Body Wash (236ml)<\/li>\n<li>Victoria\u2019s Secret parf\u00fcmeeritud kehalosjoon shea- ja kookosev\u00f5iga Natural Beauty Hydrating Body Lotion (236ml)<\/li>\n<\/ul>\n<p><strong>Almond Blossom &amp; Oat Milk<\/strong>\u00a0\u2013\u00a0<strong>L\u00f5hnastiil<\/strong>: Soe lilleline \u2022 Mandli\u00f5is. Kaerapiim. Sheav\u00f5i.<\/p>\n<p>Kehapesukreem Rikastatud E-vitamiiniga, toetab see geel-kreem teie naha tervist ja elastsust. Sheav\u00f5i toidab ja niisutab intensiivselt, j\u00e4ttes naha pehmeks ja siledaks. Kookos\u00f5li pehmendab ja niisutab t\u00e4iendavalt, luues kogu p\u00e4evaks v\u00e4rskuse ja mugavuse tunde.<\/p>\n<p>Kehakreem sheav\u00f5iga niisutab s\u00fcgavuti nahka 24h tunni jooksul. Tekstuur on pehme ja j\u00e4tab naha magusalt l\u00f5hnama.<\/p>\n<ul>\n<li>Rikastatud\u00a0<em><strong>E-vitamiiniga<\/strong><\/em>\u00a0\u2013 toetab teie naha tervist ja elastsust<\/li>\n<li><em><strong>Sheav\u00f5i<\/strong><\/em>\u00a0toidab ja niisutab intensiivselt, j\u00e4ttes naha pehmeks ja siledaks<\/li>\n<li><em><strong>Kookos\u00f5li<\/strong><\/em>\u00a0pehmendab ja niisutab t\u00e4iendavalt, luues kogu p\u00e4evaks v\u00e4rskuse ja mugavuse tunde<\/li>\n<li><em><strong>Aloe vera<\/strong><\/em>\u00a0\u2013 rahustab ja niisutab<\/li>\n<\/ul>\n<p><span style=\"font-weight: 400;\">\ud83c\uddf7\ud83c\uddfa Victoria\u2019s Secret <strong>Almond Blossom &amp; Oat Milk<\/strong><strong>\u00a0<\/strong>\u043a\u043e\u043c\u043f\u043b\u0435\u043a\u0442 (\u0421\u043f\u0440\u0435\u0439 \u0434\u043b\u044f \u0442\u0435\u043b\u0430 250ml + \u041f\u0430\u0440\u0444\u044e\u043c\u0438\u0440\u043e\u0432\u0430\u043d\u043d\u044b\u0439 \u043b\u043e\u0441\u044c\u043e\u043d 236ml) Natural Beauty<\/span><\/p>\n<ul>\n<li>Victoria\u2019s Secret \u041a\u0440\u0435\u043c \u0434\u043b\u044f \u043c\u044b\u0442\u044c\u044f \u0442\u0435\u043b\u0430 Natural Beauty Cream Body Wash (236ml)<\/li>\n<li>Victoria\u2019s Secret \u043f\u0430\u0440\u0444\u044e\u043c\u0438\u0440\u043e\u0432\u0430\u043d\u043d\u044b\u0439 \u043b\u043e\u0441\u044c\u043e\u043d \u0441 \u043c\u0430\u0441\u043b\u043e\u043c \u0448\u0438 \u0438 \u043a\u043e\u043a\u043e\u0441\u0430 Natural Beauty Hydrating Body Lotion (236ml)<\/li>\n<\/ul>\n<p><span class=\"sc-1916wqc-0 jKKLdk prism-typography\" data-testid=\"SelectedChoiceLabel\"><strong>Almond Blossom &amp; Oat Milk<\/strong>\u00a0\u2013\u00a0<\/span><strong>\u0421\u0442\u0438\u043b\u044c \u0430\u0440\u043e\u043c\u0430\u0442\u0430<\/strong>: \u0422\u0435\u043f\u043b\u044b\u0439 \u0446\u0432\u0435\u0442\u043e\u0447\u043d\u044b\u0439 \u2022 \u0426\u0432\u0435\u0442\u043e\u043a \u043c\u0438\u043d\u0434\u0430\u043b\u044f. \u041e\u0432\u0441\u044f\u043d\u043e\u0435 \u043c\u043e\u043b\u043e\u043a\u043e, \u043c\u0430\u0441\u043b\u043e \u0448\u0438.<\/p>\n<p>\u041a\u0440\u0435\u043c \u0434\u043b\u044f \u043c\u044b\u0442\u044c\u044f \u0442\u0435\u043b\u0430 \u043e\u0431\u043e\u0433\u0430\u0449\u0451\u043d \u0432\u0438\u0442\u0430\u043c\u0438\u043d\u043e\u043c \u0415, \u044d\u0442\u043e\u0442 \u0433\u0435\u043b\u044c-\u043a\u0440\u0435\u043c \u043f\u043e\u0434\u0434\u0435\u0440\u0436\u0438\u0432\u0430\u0435\u0442 \u0437\u0434\u043e\u0440\u043e\u0432\u044c\u0435 \u0438 \u0443\u043f\u0440\u0443\u0433\u043e\u0441\u0442\u044c \u0432\u0430\u0448\u0435\u0439 \u043a\u043e\u0436\u0438. \u041c\u0430\u0441\u043b\u043e \u0448\u0438 \u0438\u043d\u0442\u0435\u043d\u0441\u0438\u0432\u043d\u043e \u043f\u0438\u0442\u0430\u0435\u0442 \u0438 \u0443\u0432\u043b\u0430\u0436\u043d\u044f\u0435\u0442, \u043e\u0441\u0442\u0430\u0432\u043b\u044f\u044f \u043a\u043e\u0436\u0443 \u043c\u044f\u0433\u043a\u043e\u0439 \u0438 \u0433\u043b\u0430\u0434\u043a\u043e\u0439. \u041a\u043e\u043a\u043e\u0441\u043e\u0432\u043e\u0435 \u043c\u0430\u0441\u043b\u043e \u0434\u043e\u043f\u043e\u043b\u043d\u0438\u0442\u0435\u043b\u044c\u043d\u043e \u0441\u043c\u044f\u0433\u0447\u0430\u0435\u0442 \u0438 \u0443\u0432\u043b\u0430\u0436\u043d\u044f\u0435\u0442, \u0441\u043e\u0437\u0434\u0430\u0432\u0430\u044f \u043e\u0449\u0443\u0449\u0435\u043d\u0438\u0435 \u0441\u0432\u0435\u0436\u0435\u0441\u0442\u0438 \u0438 \u043a\u043e\u043c\u0444\u043e\u0440\u0442\u0430 \u043d\u0430 \u0432\u0435\u0441\u044c \u0434\u0435\u043d\u044c.<\/p>\n<p>\u041f\u0430\u0440\u0444\u044e\u043c\u0438\u0440\u043e\u0432\u0430\u043d\u043d\u044b\u0439 \u043b\u043e\u0441\u044c\u043e\u043d \u0434\u043b\u044f \u0442\u0435\u043b\u0430 \u0441 \u043c\u0430\u0441\u043b\u043e\u043c \u0448\u0438 \u0433\u043b\u0443\u0431\u043e\u043a\u043e \u0443\u0432\u043b\u0430\u0436\u043d\u044f\u0435\u0442 \u043a\u043e\u0436\u0443 \u043d\u0430 24 \u0447\u0430\u0441\u0430. \u0422\u0435\u043a\u0441\u0442\u0443\u0440\u0430 \u043c\u044f\u0433\u043a\u0430\u044f, \u043e\u0441\u0442\u0430\u0432\u043b\u044f\u0435\u0442 \u043d\u0430 \u043a\u043e\u0436\u0435 \u043f\u0440\u0438\u044f\u0442\u043d\u044b\u0439 \u0430\u0440\u043e\u043c\u0430\u0442.<\/p>\n<ul>\n<li>\u041e\u0431\u043e\u0433\u0430\u0449\u0451\u043d\u00a0<em><strong>\u0432\u0438\u0442\u0430\u043c\u0438\u043d\u043e\u043c \u0415<\/strong><\/em>\u00a0\u2013 \u043f\u043e\u0434\u0434\u0435\u0440\u0436\u0438\u0432\u0430\u0435\u0442 \u0437\u0434\u043e\u0440\u043e\u0432\u044c\u0435 \u0438 \u0443\u043f\u0440\u0443\u0433\u043e\u0441\u0442\u044c \u0432\u0430\u0448\u0435\u0439 \u043a\u043e\u0436\u0438<\/li>\n<li><em><strong>\u041c\u0430\u0441\u043b\u043e \u0448\u0438<\/strong><\/em>\u00a0\u0438\u043d\u0442\u0435\u043d\u0441\u0438\u0432\u043d\u043e \u043f\u0438\u0442\u0430\u0435\u0442 \u0438 \u0443\u0432\u043b\u0430\u0436\u043d\u044f\u0435\u0442, \u043e\u0441\u0442\u0430\u0432\u043b\u044f\u044f \u043a\u043e\u0436\u0443 \u043c\u044f\u0433\u043a\u043e\u0439 \u0438 \u0433\u043b\u0430\u0434\u043a\u043e\u0439<\/li>\n<li><em><strong>\u041a\u043e\u043a\u043e\u0441\u043e\u0432\u043e\u0435 \u043c\u0430\u0441\u043b\u043e<\/strong><\/em>\u00a0\u0434\u043e\u043f\u043e\u043b\u043d\u0438\u0442\u0435\u043b\u044c\u043d\u043e \u0441\u043c\u044f\u0433\u0447\u0430\u0435\u0442 \u0438 \u0443\u0432\u043b\u0430\u0436\u043d\u044f\u0435\u0442, \u0441\u043e\u0437\u0434\u0430\u0432\u0430\u044f \u043e\u0449\u0443\u0449\u0435\u043d\u0438\u0435 \u0441\u0432\u0435\u0436\u0435\u0441\u0442\u0438 \u0438 \u043a\u043e\u043c\u0444\u043e\u0440\u0442\u0430 \u043d\u0430 \u0432\u0435\u0441\u044c \u0434\u0435\u043d\u044c<\/li>\n<li><em><strong>\u0410\u043b\u043e\u044d \u0432\u0435\u0440\u0430<\/strong><\/em>\u00a0\u2013 \u0443\u0441\u043f\u043e\u043a\u0430\u0438\u0432\u0430\u0435\u0442 \u0438 \u0443\u0432\u043b\u0430\u0436\u043d\u044f\u0435\u0442<\/li>\n<\/ul>\n<p>\ud83c\uddfa\ud83c\uddf8 Victoria\u2019s Secret Natural Beauty Almond Blossom &amp; Oat Milk Set (236ml) Body Wash 236ml + Natural Beauty Hydrating Body Lotion 236ml<\/p>\n<p><strong><span class=\"sc-1916wqc-0 jKKLdk prism-typography\" data-testid=\"SelectedChoiceLabel\">Almond Blossom &amp; Oat Milk\u00a0<\/span><\/strong>\u2013 Fragrance Style: Warm Floral \u2022 Almond Blossom. Oat Milk. Shea butter.<\/p>\n","protected":false},"featured_media":19822,"template":"","meta":{"jetpack_publicize_message":"","jetpack_publicize_feature_enabled":true,"jetpack_social_post_already_shared":false,"jetpack_social_options":{"image_generator_settings":{"template":"highway","default_image_id":0,"font":"","enabled":false},"version":2}},"product_brand":[],"product_cat":[930,926,342,912,341],"product_tag":[],"class_list":{"0":"post-19818","1":"product","2":"type-product","3":"status-publish","4":"has-post-thumbnail","6":"product_cat-victorias-secret-body-washes","7":"product_cat-victorias-secret-body-lotions","8":"product_cat-komplektid-victorias-secret","9":"product_cat-nahahooldus","10":"product_cat-victorias-secret","11":"pa_lohn-velvet-petals","13":"first","14":"outofstock","15":"sale","16":"shipping-taxable","17":"purchasable","18":"product-type-simple"},"jetpack_publicize_connections":[],"jetpack_sharing_enabled":true,"jetpack_likes_enabled":true,"_links":{"self":[{"href":"https:\/\/superstore.ee\/index.php\/wp-json\/wp\/v2\/product\/19818","targetHints":{"allow":["GET"]}}],"collection":[{"href":"https:\/\/superstore.ee\/index.php\/wp-json\/wp\/v2\/product"}],"about":[{"href":"https:\/\/superstore.ee\/index.php\/wp-json\/wp\/v2\/types\/product"}],"wp:featuredmedia":[{"embeddable":true,"href":"https:\/\/superstore.ee\/index.php\/wp-json\/wp\/v2\/media\/19822"}],"wp:attachment":[{"href":"https:\/\/superstore.ee\/index.php\/wp-json\/wp\/v2\/media?parent=19818"}],"wp:term":[{"taxonomy":"product_brand","embeddable":true,"href":"https:\/\/superstore.ee\/index.php\/wp-json\/wp\/v2\/product_brand?post=19818"},{"taxonomy":"product_cat","embeddable":true,"href":"https:\/\/superstore.ee\/index.php\/wp-json\/wp\/v2\/product_cat?post=19818"},{"taxonomy":"product_tag","embeddable":true,"href":"https:\/\/superstore.ee\/index.php\/wp-json\/wp\/v2\/product_tag?post=19818"}],"curies":[{"name":"wp","href":"https:\/\/api.w.org\/{rel}","templated":true}]}}