{"id":20158,"date":"2024-12-02T11:15:40","date_gmt":"2024-12-02T09:15:40","guid":{"rendered":"https:\/\/superstore.ee\/?post_type=product&#038;p=20158"},"modified":"2026-02-01T17:58:33","modified_gmt":"2026-02-01T15:58:33","slug":"victorias-secret-natural-beauty-body-oil-200ml-kehaoli","status":"publish","type":"product","link":"https:\/\/superstore.ee\/index.php\/toode\/victorias-secret-natural-beauty-body-oil-200ml-kehaoli\/","title":{"rendered":"Victoria\u2019s Secret Natural Beauty Body Oil (200ml)"},"content":{"rendered":"","protected":false},"excerpt":{"rendered":"<p><span style=\"font-weight: 400;\">Victoria\u2019s Secret Keha\u00f5li (200ml) looduskosmeetika sarjast<\/span><\/p>\n<p>Hellita oma nahka erakordse hooldusega! \u00d5rna ja looduslike \u00f5lidega rikastatud koostis imendub kiiresti, j\u00e4ttes naha siidiselt sileda, pehme ja tervisliku v\u00e4limusega.<\/p>\n<p><strong>Miks valida see toode?<\/strong><\/p>\n<ul>\n<li><strong>T\u00f5hus niisutus.<\/strong> Jojoba\u00f5li tagab s\u00fcgava niisutuse, muutes naha pehmeks ja elastseks.<\/li>\n<li><strong>Looduslik ja nahas\u00f5bralik koostis.<\/strong> Viinamarjaseemne-, p\u00e4evalille- ja saflori\u00f5li koos kurgi- ja rosmariiniekstraktiga toidavad ja kaitsevad nahka.<\/li>\n<li><strong>Ei sisalda kunstlikke v\u00e4rvaineid.<\/strong><\/li>\n<\/ul>\n<p>Vegan koostis. Ei ole loomade peal testitud.<\/p>\n<ul>\n<li><em><strong>Pomegranate &amp; Lotus <\/strong><\/em>\u2014 L\u00f5hnastiil: puuviljane lilleline. Noodid: granaat\u00f5un, lootos<\/li>\n<li><strong><em>Lavender &amp; Vanilla<\/em><\/strong> \u2014 L\u00f5hnastiil: lilleline soe. Noodid: lavendel, vanill<\/li>\n<li><strong><em>Coconut Milk &amp; Rose<\/em><\/strong> \u2014 L\u00f5hnastiil: puuviljane lilleline. Noodid: kookospiim, roos<\/li>\n<\/ul>\n<p><strong>Nipp: <\/strong>Kombineeri teiste Natural Beauty Body Care kollektsiooni toodetega \u2013 l\u00f5hnasprei, niisutava kreem-geeliga ja kehakoorijaga. Loo t\u00e4iuslik hooldusrituaal ja naudi harmooniat luksusliku l\u00f5hna ja t\u00f5husa kehahoolduse vahel!<\/p>\n<details>\n<summary>Details<\/summary>\n<div translate=\"no\">\n<p>Victoria\u2019s Secret Body Oil (200ml). Natural BeautyIndulge your skin with exceptional care! The gentle, oil-enriched formula absorbs quickly, leaving your skin silky smooth, soft, and healthy-looking.<\/p>\n<p>Why choose this product?<\/p>\n<p>Effective hydration. Jojoba oil provides deep moisturization, making your skin soft and supple.<br \/>\nNatural and skin-friendly formula. Grape seed, sunflower, and safflower oils combined with cucumber and rosemary extracts nourish and protect your skin.<br \/>\nFree from artificial dyes.<\/p>\n<p>Vegan formula. Not tested on animals.<\/p>\n<p>Pomegranate &amp; Lotus \u2014 Fragrance Style: Fruity Floral. Notes: Pomegranate, Lotus<br \/>\nLavender &amp; Vanilla \u2014 Fragrance Style: Floral Warm. Notes: Lavender, Vanilla<br \/>\nCoconut Milk &amp; Rose \u2014 Fragrance Style: Fruity Floral. Notes: Coconut Milk, Rose<\/p>\n<p>Nature-inspired care for your skin:<br \/>\nThis body oil is enriched with natural ingredients such as jojoba oil, rice bran extract, and cucumber extract, along with vitamins and antioxidants to hydrate, protect, and nourish your skin.<\/p>\n<p>Tip:<br \/>\nPair it with other products from the Natural Beauty Body Care Collection \u2013 body mist, moisturizing cream wash, and body scrub. Create the perfect body care ritual and enjoy the harmony of luxurious fragrance and effective skincare!<\/p>\n<p>INGREDIENTS:<\/p>\n<\/div>\n<p>Victoria\u2019s Secret \u041c\u0430\u0441\u043b\u043e \u0434\u043b\u044f \u0442\u0435\u043b\u0430 (200ml) \u0438\u0437 \u0441\u0435\u0440\u0438\u0438 \u043d\u0430\u0442\u0443\u0440\u0430\u043b\u044c\u043d\u043e\u0439 \u043a\u043e\u0441\u043c\u0435\u0442\u0438\u043a\u0438.<\/p>\n<p>\u041d\u043e\u0432\u044b\u0439 \u0440\u0438\u0442\u0443\u0430\u043b \u0443\u0445\u043e\u0434\u0430 \u0441 Natural Beauty Body Care Collection. \u041f\u043e\u0434\u0430\u0440\u0438\u0442\u0435 \u0441\u0432\u043e\u0435\u0439 \u043a\u043e\u0436\u0435 \u0443\u0445\u043e\u0434 \u0441 \u043d\u0435\u0436\u043d\u043e\u0439 \u0444\u043e\u0440\u043c\u0443\u043b\u043e\u0439, \u043e\u0431\u043e\u0433\u0430\u0449\u0435\u043d\u043d\u043e\u0439 \u043d\u0430\u0442\u0443\u0440\u0430\u043b\u044c\u043d\u044b\u043c\u0438 \u043c\u0430\u0441\u043b\u0430\u043c\u0438. \u041c\u0430\u0441\u043b\u043e \u0431\u044b\u0441\u0442\u0440\u043e \u0432\u043f\u0438\u0442\u044b\u0432\u0430\u0435\u0442\u0441\u044f, \u0434\u0435\u043b\u0430\u044f \u043a\u043e\u0436\u0443 \u0433\u043b\u0430\u0434\u043a\u043e\u0439 \u0438 \u0437\u0434\u043e\u0440\u043e\u0432\u043e\u0439.<\/p>\n<p>\u041f\u043e\u0447\u0435\u043c\u0443 \u0441\u0442\u043e\u0438\u0442 \u043f\u043e\u043f\u0440\u043e\u0431\u043e\u0432\u0430\u0442\u044c?<\/p>\n<p>\u042d\u0444\u0444\u0435\u043a\u0442\u0438\u0432\u043d\u043e\u0435 \u0443\u0432\u043b\u0430\u0436\u043d\u0435\u043d\u0438\u0435: \u0411\u043b\u0430\u0433\u043e\u0434\u0430\u0440\u044f \u043c\u0430\u0441\u043b\u0443 \u0436\u043e\u0436\u043e\u0431\u0430 \u043a\u043e\u0436\u0430 \u0441\u0442\u0430\u043d\u043e\u0432\u0438\u0442\u0441\u044f \u043c\u044f\u0433\u043a\u043e\u0439 \u0438 \u0443\u043f\u0440\u0443\u0433\u043e\u0439.<br \/>\n\u041d\u0430\u0442\u0443\u0440\u0430\u043b\u044c\u043d\u044b\u0439 \u0441\u043e\u0441\u0442\u0430\u0432: \u041c\u0430\u0441\u043b\u0430 \u0432\u0438\u043d\u043e\u0433\u0440\u0430\u0434\u043d\u044b\u0445 \u043a\u043e\u0441\u0442\u043e\u0447\u0435\u043a, \u043f\u043e\u0434\u0441\u043e\u043b\u043d\u0435\u0447\u043d\u0438\u043a\u0430, \u0441\u0430\u0444\u043b\u043e\u0440\u0430, \u043e\u0433\u0443\u0440\u0435\u0447\u043d\u044b\u0439 \u044d\u043a\u0441\u0442\u0440\u0430\u043a\u0442 \u0438 \u044d\u043a\u0441\u0442\u0440\u0430\u043a\u0442 \u0440\u043e\u0437\u043c\u0430\u0440\u0438\u043d\u0430 \u043f\u0438\u0442\u0430\u044e\u0442 \u0438 \u0437\u0430\u0449\u0438\u0449\u0430\u044e\u0442 \u043a\u043e\u0436\u0443.<br \/>\n\u0411\u0435\u0437 \u0438\u0441\u043a\u0443\u0441\u0441\u0442\u0432\u0435\u043d\u043d\u044b\u0445 \u043a\u0440\u0430\u0441\u0438\u0442\u0435\u043b\u0435\u0439.<\/p>\n<p>Pomegranate &amp; Lotus \u2014 \u0421\u0442\u0438\u043b\u044c \u0430\u0440\u043e\u043c\u0430\u0442\u0430: \u0444\u0440\u0443\u043a\u0442\u043e\u0432\u044b\u0439, \u0446\u0432\u0435\u0442\u043e\u0447\u043d\u044b\u0439. \u041d\u043e\u0442\u044b: \u0432\u0430\u043d\u0438\u043b\u044c, \u0433\u0440\u0430\u043d\u0430\u0442, \u043b\u043e\u0442\u043e\u0441<br \/>\nLavender &amp; Vanilla \u2014 \u0421\u0442\u0438\u043b\u044c \u0430\u0440\u043e\u043c\u0430\u0442\u0430: \u0446\u0432\u0435\u0442\u043e\u0447\u043d\u044b\u0439, \u0442\u0451\u043f\u043b\u044b\u0439. \u041d\u043e\u0442\u044b: \u043b\u0430\u0432\u0430\u043d\u0434\u0430, \u0432\u0430\u043d\u0438\u043b\u044c<br \/>\nCoconut Milk &amp; Rose\u2014 \u0421\u0442\u0438\u043b\u044c \u0430\u0440\u043e\u043c\u0430\u0442\u0430: \u0444\u0440\u0443\u043a\u0442\u043e\u0432\u044b\u0439, \u0446\u0432\u0435\u0442\u043e\u0447\u043d\u044b\u0439. \u041d\u043e\u0442\u044b: \u043a\u043e\u043a\u043e\u0441\u043e\u0432\u043e\u0435 \u043c\u043e\u043b\u043e\u043a\u043e, \u0440\u043e\u0437\u0430<\/p>\n<p>\u0421\u043e\u0441\u0442\u0430\u0432, \u0432\u0434\u043e\u0445\u043d\u043e\u0432\u043b\u0435\u043d\u043d\u044b\u0439 \u043f\u0440\u0438\u0440\u043e\u0434\u043e\u0439, \u0434\u043b\u044f \u0432\u0430\u0448\u0435\u0433\u043e \u0438\u0434\u0435\u0430\u043b\u044c\u043d\u043e\u0433\u043e \u0443\u0445\u043e\u0434\u0430:<br \/>\n\u041e\u0431\u043e\u0433\u0430\u0449\u0435\u043d \u043d\u0430\u0442\u0443\u0440\u0430\u043b\u044c\u043d\u044b\u043c\u0438 \u0438\u043d\u0433\u0440\u0435\u0434\u0438\u0435\u043d\u0442\u0430\u043c\u0438, \u0442\u0430\u043a\u0438\u043c\u0438 \u043a\u0430\u043a \u043c\u0430\u0441\u043b\u043e \u0436\u043e\u0436\u043e\u0431\u0430, \u044d\u043a\u0441\u0442\u0440\u0430\u043a\u0442\u044b \u0440\u0438\u0441\u043e\u0432\u044b\u0445 \u043e\u0442\u0440\u0443\u0431\u0435\u0439 \u0438 \u043e\u0433\u0443\u0440\u0446\u0430, \u0432\u0438\u0442\u0430\u043c\u0438\u043d\u044b \u0438 \u0430\u043d\u0442\u0438\u043e\u043a\u0441\u0438\u0434\u0430\u043d\u0442\u044b \u0434\u043b\u044f \u0443\u0432\u043b\u0430\u0436\u043d\u0435\u043d\u0438\u044f \u0438 \u0437\u0430\u0449\u0438\u0442\u044b \u043a\u043e\u0436\u0438.<\/p>\n<\/details>\n","protected":false},"featured_media":19589,"template":"","meta":{"jetpack_publicize_message":"","jetpack_publicize_feature_enabled":true,"jetpack_social_post_already_shared":true,"jetpack_social_options":{"image_generator_settings":{"template":"highway","default_image_id":0,"font":"","enabled":false},"version":2}},"product_brand":[],"product_cat":[928,912,341],"product_tag":[],"class_list":{"0":"post-20158","1":"product","2":"type-product","3":"status-publish","4":"has-post-thumbnail","6":"product_cat-victorias-secret-body-oils","7":"product_cat-nahahooldus","8":"product_cat-victorias-secret","9":"pa_lohn-coconut-milk-rose","10":"pa_lohn-lavender-vanilla","11":"pa_lohn-pomegranate-lotus","13":"first","14":"outofstock","15":"sale","16":"shipping-taxable","17":"product-type-variable"},"jetpack_publicize_connections":[],"jetpack_sharing_enabled":true,"jetpack_likes_enabled":true,"_links":{"self":[{"href":"https:\/\/superstore.ee\/index.php\/wp-json\/wp\/v2\/product\/20158","targetHints":{"allow":["GET"]}}],"collection":[{"href":"https:\/\/superstore.ee\/index.php\/wp-json\/wp\/v2\/product"}],"about":[{"href":"https:\/\/superstore.ee\/index.php\/wp-json\/wp\/v2\/types\/product"}],"wp:featuredmedia":[{"embeddable":true,"href":"https:\/\/superstore.ee\/index.php\/wp-json\/wp\/v2\/media\/19589"}],"wp:attachment":[{"href":"https:\/\/superstore.ee\/index.php\/wp-json\/wp\/v2\/media?parent=20158"}],"wp:term":[{"taxonomy":"product_brand","embeddable":true,"href":"https:\/\/superstore.ee\/index.php\/wp-json\/wp\/v2\/product_brand?post=20158"},{"taxonomy":"product_cat","embeddable":true,"href":"https:\/\/superstore.ee\/index.php\/wp-json\/wp\/v2\/product_cat?post=20158"},{"taxonomy":"product_tag","embeddable":true,"href":"https:\/\/superstore.ee\/index.php\/wp-json\/wp\/v2\/product_tag?post=20158"}],"curies":[{"name":"wp","href":"https:\/\/api.w.org\/{rel}","templated":true}]}}