{"id":20165,"date":"2024-12-02T11:21:40","date_gmt":"2024-12-02T09:21:40","guid":{"rendered":"https:\/\/superstore.ee\/?post_type=product&#038;p=20165"},"modified":"2026-03-05T12:07:39","modified_gmt":"2026-03-05T10:07:39","slug":"victorias-secret-parfumeeritud-kehalosjoon-kookos-ja-sheavoiga-236ml","status":"publish","type":"product","link":"https:\/\/superstore.ee\/index.php\/toode\/victorias-secret-parfumeeritud-kehalosjoon-kookos-ja-sheavoiga-236ml\/","title":{"rendered":"Victoria\u2019s Secret Coconut Milk &#038; Rose Natural Beauty Hydrating Body Lotion"},"content":{"rendered":"","protected":false},"excerpt":{"rendered":"<p>Victoria\u2019s Secret parf\u00fcmeeritud kehalosjoon shea- ja kookosev\u00f5iga (236ml). <span style=\"font-weight: 400;\">Natural Beauty Hydrating Body Lotion<\/span><\/p>\n<p>Kehakreem sheav\u00f5iga niisutab s\u00fcgavuti nahka 24h tunni jooksul. Tekstuur on pehme ja j\u00e4tab naha magusalt l\u00f5hnama.<\/p>\n<ul>\n<li>Rikastatud <em><strong>E-vitamiiniga<\/strong><\/em>\u00a0\u2013 toetab teie naha tervist ja elastsust<\/li>\n<li><em><strong>Sheav\u00f5i<\/strong><\/em>\u00a0toidab ja niisutab intensiivselt, j\u00e4ttes naha pehmeks ja siledaks<\/li>\n<li><em><strong>Kookos\u00f5li<\/strong><\/em>\u00a0pehmendab ja niisutab t\u00e4iendavalt, luues kogu p\u00e4evaks v\u00e4rskuse ja mugavuse tunde<\/li>\n<li><em><strong>Aloe vera<\/strong><\/em>\u00a0\u2013 rahustab ja niisutab<\/li>\n<\/ul>\n<p><span style=\"font-weight: 400;\"><strong>Coconut Milk &amp; Rose<\/strong> &#8211; T\u00fc\u00fcp: Puuviljane Lilleline \u2022 Kookospiim. Roos.<\/span><\/p>\n<p><span style=\"font-weight: 400;\">Kombineerige sobiva kehasprei, kehakreemi, kehakoorija ja niisutava keha\u00f5liga.<\/span><\/p>\n<details>\n<summary>Details<\/summary>\n<div translate=\"no\">\n<p>Victoria\u2019s Secret Natural Beauty Hydrating Body Lotion with shea and coconut butter (236ml)A new kind of daily body ritual. Hydrate with this silky Shea Butter- and Coconut Oil- infused formula for a soft feel and subtle scent. Simply smooth on for 24-hour moisture and subtle scent. Feel Calm with the scent of Coconut Milk Rose. It\u2019s true tranquility. Part of the Natural Beauty Body Care Collection, inspired by nature for soft-, healthy-feeling skin. Scents plus benefits. Luxurious, efficacious formulas. Botanical inspiration, daily transformation<\/p>\n<p>Coconut Milk &amp; Rose &#8211; Type: Fruity Floral \u2022 Coconut Milk. Rose.<\/p>\n<p>To maximize your scent benefit, pair with matching Fragrance Mist, Body Lotion, Exfoliating Body Scrub, and Hydrating Body Butter.<br \/>\nINGREDIENTS:<br \/>\nWater (Aqua, Eau), Glycerin, Cetearyl Alcohol, Isopropyl Palmitate, Fragrance (Parfum), Caprylic\/Capric Triglyceride, Glyceryl Stearate SE, Cetyl Esters, Phenoxyethanol, Acrylates\/C10-30 Alkyl Acrylate Crosspolymer, Potassium Sorbate, Xanthan Gum, Chlorphenesin, Butyrospermum Parkii (Shea) Butter, Polysorbate 60, Aminomethyl Propanol, Cocos Nucifera (Coconut) Oil, Disodium EDTA, Ethylhexylglycerin, Sodium Stearoyl Lactylate, Tocopheryl Acetate, Aloe Barbadensis Leaf Juice, Limonene, Linalool, Benzyl Salicylate, Citronellol, Citral<\/p>\n<\/div>\n<p>Victoria\u2019s Secret \u043f\u0430\u0440\u0444\u044e\u043c\u0438\u0440\u043e\u0432\u0430\u043d\u043d\u044b\u0439 \u043b\u043e\u0441\u044c\u043e\u043d \u0441 \u043c\u0430\u0441\u043b\u043e\u043c \u0448\u0438 \u0438 \u043a\u043e\u043a\u043e\u0441\u0430 (236\u043c\u043bl). Natural Beauty Hydrating Body Lotion<\/p>\n<p>\u041a\u0440\u0435\u043c \u0434\u043b\u044f \u0442\u0435\u043b\u0430 \u0441 \u043c\u0430\u0441\u043b\u043e\u043c \u0448\u0438 \u0433\u043b\u0443\u0431\u043e\u043a\u043e \u0443\u0432\u043b\u0430\u0436\u043d\u044f\u0435\u0442 \u043a\u043e\u0436\u0443 \u043d\u0430 24 \u0447\u0430\u0441\u0430. \u0422\u0435\u043a\u0441\u0442\u0443\u0440\u0430 \u043c\u044f\u0433\u043a\u0430\u044f, \u043e\u0441\u0442\u0430\u0432\u043b\u044f\u0435\u0442 \u043d\u0430 \u043a\u043e\u0436\u0435 \u043f\u0440\u0438\u044f\u0442\u043d\u044b\u0439 \u0430\u0440\u043e\u043c\u0430\u0442.<\/p>\n<p>\u041e\u0431\u043e\u0433\u0430\u0449\u0451\u043d\u00a0\u0432\u0438\u0442\u0430\u043c\u0438\u043d\u043e\u043c \u0415\u00a0\u2013 \u043f\u043e\u0434\u0434\u0435\u0440\u0436\u0438\u0432\u0430\u0435\u0442 \u0437\u0434\u043e\u0440\u043e\u0432\u044c\u0435 \u0438 \u0443\u043f\u0440\u0443\u0433\u043e\u0441\u0442\u044c \u0432\u0430\u0448\u0435\u0439 \u043a\u043e\u0436\u0438<br \/>\n\u041c\u0430\u0441\u043b\u043e \u0448\u0438\u00a0\u0438\u043d\u0442\u0435\u043d\u0441\u0438\u0432\u043d\u043e \u043f\u0438\u0442\u0430\u0435\u0442 \u0438 \u0443\u0432\u043b\u0430\u0436\u043d\u044f\u0435\u0442, \u043e\u0441\u0442\u0430\u0432\u043b\u044f\u044f \u043a\u043e\u0436\u0443 \u043c\u044f\u0433\u043a\u043e\u0439 \u0438 \u0433\u043b\u0430\u0434\u043a\u043e\u0439<br \/>\n\u041a\u043e\u043a\u043e\u0441\u043e\u0432\u043e\u0435 \u043c\u0430\u0441\u043b\u043e\u00a0\u0434\u043e\u043f\u043e\u043b\u043d\u0438\u0442\u0435\u043b\u044c\u043d\u043e \u0441\u043c\u044f\u0433\u0447\u0430\u0435\u0442 \u0438 \u0443\u0432\u043b\u0430\u0436\u043d\u044f\u0435\u0442, \u0441\u043e\u0437\u0434\u0430\u0432\u0430\u044f \u043e\u0449\u0443\u0449\u0435\u043d\u0438\u0435 \u0441\u0432\u0435\u0436\u0435\u0441\u0442\u0438 \u0438 \u043a\u043e\u043c\u0444\u043e\u0440\u0442\u0430 \u043d\u0430 \u0432\u0435\u0441\u044c \u0434\u0435\u043d\u044c<br \/>\n\u0410\u043b\u043e\u044d \u0432\u0435\u0440\u0430\u00a0\u2013 \u0443\u0441\u043f\u043e\u043a\u0430\u0438\u0432\u0430\u0435\u0442 \u0438 \u0443\u0432\u043b\u0430\u0436\u043d\u044f\u0435\u0442<\/p>\n<p>Coconut Milk &amp; Rose &#8211; \u0422\u0438\u043f: \u0424\u0440\u0443\u043a\u0442\u043e\u0432\u043e-\u0446\u0432\u0435\u0442\u043e\u0447\u043d\u044b\u0439 \u2022 \u041a\u043e\u043a\u043e\u0441\u043e\u0432\u043e\u0435 \u043c\u043e\u043b\u043e\u043a\u043e. \u0420\u043e\u0437\u0430.<\/p>\n<p>\u0421\u043e\u0447\u0435\u0442\u0430\u0439\u0442\u0435 \u0441 \u043f\u043e\u0434\u0445\u043e\u0434\u044f\u0449\u0438\u043c \u0441\u043f\u0440\u0435\u0435\u043c \u0434\u043b\u044f \u0442\u0435\u043b\u0430, \u043b\u043e\u0441\u044c\u043e\u043d\u043e\u043c, \u0441\u043a\u0440\u0430\u0431\u043e\u043c \u0438 \u0443\u0432\u043b\u0430\u0436\u043d\u044f\u044e\u0449\u0438\u043c \u043c\u0430\u0441\u043b\u043e\u043c \u0434\u043b\u044f \u0442\u0435\u043b\u0430.<\/p>\n<\/details>\n","protected":false},"featured_media":24051,"template":"","meta":{"jetpack_publicize_message":"","jetpack_publicize_feature_enabled":true,"jetpack_social_post_already_shared":false,"jetpack_social_options":{"image_generator_settings":{"template":"highway","default_image_id":0,"font":"","enabled":false},"version":2}},"product_brand":[],"product_cat":[926,912,341],"product_tag":[],"class_list":{"0":"post-20165","1":"product","2":"type-product","3":"status-publish","4":"has-post-thumbnail","6":"product_cat-victorias-secret-body-lotions","7":"product_cat-nahahooldus","8":"product_cat-victorias-secret","9":"pa_suurus-15-ml-tester","10":"pa_suurus-236-ml-full-size","11":"pa_suurus-30-ml-tester","13":"first","14":"instock","15":"shipping-taxable","16":"purchasable","17":"product-type-variable"},"jetpack_publicize_connections":[],"jetpack_sharing_enabled":true,"jetpack_likes_enabled":true,"_links":{"self":[{"href":"https:\/\/superstore.ee\/index.php\/wp-json\/wp\/v2\/product\/20165","targetHints":{"allow":["GET"]}}],"collection":[{"href":"https:\/\/superstore.ee\/index.php\/wp-json\/wp\/v2\/product"}],"about":[{"href":"https:\/\/superstore.ee\/index.php\/wp-json\/wp\/v2\/types\/product"}],"wp:featuredmedia":[{"embeddable":true,"href":"https:\/\/superstore.ee\/index.php\/wp-json\/wp\/v2\/media\/24051"}],"wp:attachment":[{"href":"https:\/\/superstore.ee\/index.php\/wp-json\/wp\/v2\/media?parent=20165"}],"wp:term":[{"taxonomy":"product_brand","embeddable":true,"href":"https:\/\/superstore.ee\/index.php\/wp-json\/wp\/v2\/product_brand?post=20165"},{"taxonomy":"product_cat","embeddable":true,"href":"https:\/\/superstore.ee\/index.php\/wp-json\/wp\/v2\/product_cat?post=20165"},{"taxonomy":"product_tag","embeddable":true,"href":"https:\/\/superstore.ee\/index.php\/wp-json\/wp\/v2\/product_tag?post=20165"}],"curies":[{"name":"wp","href":"https:\/\/api.w.org\/{rel}","templated":true}]}}