{"id":20166,"date":"2024-12-02T11:21:44","date_gmt":"2024-12-02T09:21:44","guid":{"rendered":"https:\/\/superstore.ee\/?post_type=product&#038;p=20166"},"modified":"2026-02-02T14:09:18","modified_gmt":"2026-02-02T12:09:18","slug":"victorias-secret-kehasprei-250ml-natural-beauty-fragrance-mist","status":"publish","type":"product","link":"https:\/\/superstore.ee\/index.php\/toode\/victorias-secret-kehasprei-250ml-natural-beauty-fragrance-mist\/","title":{"rendered":"Victoria\u2019s Secret Natural Beauty Fragrance Mist Coconut Milk &#038; Rose"},"content":{"rendered":"","protected":false},"excerpt":{"rendered":"<div id=\"model-response-message-contentr_5d79bf8a8d872320\" class=\"markdown markdown-main-panel enable-updated-hr-color\" dir=\"ltr\">\n<p data-sourcepos=\"1:1-1:92\">Victoria\u2019s Secret Natural Beauty L\u00f5hnastatud Kehasprei Coconut Milk &amp; Rose<\/p>\n<p><span style=\"font-weight: 400;\">T\u00fc\u00fcp: Puuviljane Lilleline \u2022 Kookospiim. Roos.<\/span><\/p>\n<p data-sourcepos=\"6:1-6:137\">See kerge ja v\u00e4rskendav kehasprei \u00fchendab endas kookospiima ja roosi rahustavad noodid, luues t\u00f5eliselt harmoonilise ja hellitava aroomi.<\/p>\n<p data-sourcepos=\"8:1-8:88\">Pikaajalise ja intensiivsema aroomielamuse saamiseks kasuta koos sama sarja kehakreemiga.<\/p>\n<p data-sourcepos=\"8:1-8:88\">Pakume ka selle <strong>toote testereid<\/strong>, mis sobivad ideaalselt nii aroomiga <strong>tutvumiseks<\/strong> kui ka mugavaks <strong>reisimiseks<\/strong>.<\/p>\n<\/div>\n<details>\n<summary>Details<\/summary>\n<div translate=\"no\">\n<p>Victoria\u2019s Secret\u00a0 Natural Beauty Fragrance Mist (250ml )Coconut Milk &amp; Rose &#8211; Type: Fruity Floral \u2022 Coconut Milk. Rose.<\/p>\n<p>Pair with matching Fragrance Lotion for a long-lasting fragrance experience.<\/p>\n<\/div>\n<p>Victoria\u2019s Secret \u0421\u043f\u0440\u0435\u0439 \u0434\u043b\u044f \u0442\u0435\u043b\u0430 (250ml) Natural Beauty Fragrance Mist<\/p>\n<p>Coconut Milk &amp; Rose &#8211; \u0422\u0438\u043f: \u0424\u0440\u0443\u043a\u0442\u043e\u0432\u043e-\u0446\u0432\u0435\u0442\u043e\u0447\u043d\u044b\u0439 \u2022 \u041a\u043e\u043a\u043e\u0441\u043e\u0432\u043e\u0435 \u043c\u043e\u043b\u043e\u043a\u043e. \u0420\u043e\u0437\u0430.<\/p>\n<p>\u0421\u043e\u0447\u0435\u0442\u0430\u0439\u0442\u0435 \u0441 \u0441\u043e\u043e\u0442\u0432\u0435\u0442\u0441\u0442\u0432\u0443\u044e\u0449\u0438\u043c \u043b\u043e\u0441\u044c\u043e\u043d\u043e\u043c Fragrance Lotion \u0434\u043b\u044f \u0434\u043b\u0438\u0442\u0435\u043b\u044c\u043d\u043e\u0433\u043e \u043e\u0449\u0443\u0449\u0435\u043d\u0438\u044f \u0430\u0440\u043e\u043c\u0430\u0442\u0430.<\/p>\n<\/details>\n","protected":false},"featured_media":24048,"template":"","meta":{"jetpack_publicize_message":"","jetpack_publicize_feature_enabled":true,"jetpack_social_post_already_shared":false,"jetpack_social_options":{"image_generator_settings":{"template":"highway","default_image_id":0,"font":"","enabled":false},"version":2}},"product_brand":[],"product_cat":[910,927,993,341],"product_tag":[],"class_list":{"0":"post-20166","1":"product","2":"type-product","3":"status-publish","4":"has-post-thumbnail","6":"product_cat-kehaspreid","7":"product_cat-victorias-secret-body-mists","8":"product_cat-samples","9":"product_cat-victorias-secret","10":"pa_suurus-10-ml-tester","11":"pa_suurus-2-ml-tester","12":"pa_suurus-250-ml-full-size","13":"pa_suurus-30-ml-tester","15":"first","16":"outofstock","17":"sale","18":"shipping-taxable","19":"product-type-variable"},"jetpack_publicize_connections":[],"jetpack_sharing_enabled":true,"jetpack_likes_enabled":true,"_links":{"self":[{"href":"https:\/\/superstore.ee\/index.php\/wp-json\/wp\/v2\/product\/20166","targetHints":{"allow":["GET"]}}],"collection":[{"href":"https:\/\/superstore.ee\/index.php\/wp-json\/wp\/v2\/product"}],"about":[{"href":"https:\/\/superstore.ee\/index.php\/wp-json\/wp\/v2\/types\/product"}],"wp:featuredmedia":[{"embeddable":true,"href":"https:\/\/superstore.ee\/index.php\/wp-json\/wp\/v2\/media\/24048"}],"wp:attachment":[{"href":"https:\/\/superstore.ee\/index.php\/wp-json\/wp\/v2\/media?parent=20166"}],"wp:term":[{"taxonomy":"product_brand","embeddable":true,"href":"https:\/\/superstore.ee\/index.php\/wp-json\/wp\/v2\/product_brand?post=20166"},{"taxonomy":"product_cat","embeddable":true,"href":"https:\/\/superstore.ee\/index.php\/wp-json\/wp\/v2\/product_cat?post=20166"},{"taxonomy":"product_tag","embeddable":true,"href":"https:\/\/superstore.ee\/index.php\/wp-json\/wp\/v2\/product_tag?post=20166"}],"curies":[{"name":"wp","href":"https:\/\/api.w.org\/{rel}","templated":true}]}}