{"id":20174,"date":"2024-12-02T11:35:26","date_gmt":"2024-12-02T09:35:26","guid":{"rendered":"https:\/\/superstore.ee\/?post_type=product&#038;p=20174"},"modified":"2025-03-12T23:42:24","modified_gmt":"2025-03-12T21:42:24","slug":"victorias-secret-vanilla-bean-macadamia-kehakoorija-368g","status":"publish","type":"product","link":"https:\/\/superstore.ee\/index.php\/toode\/victorias-secret-vanilla-bean-macadamia-kehakoorija-368g\/","title":{"rendered":"Victoria\u2019s Secret Vanilla Bean &amp; Macadamia Kehakoorija (368g)"},"content":{"rendered":"","protected":false},"excerpt":{"rendered":"<p>\ud83c\uddea\ud83c\uddea Victoria\u2019s Secret Vanilla Bean &amp; Macadamia kehakoorija kreeka p\u00e4hklitega (368g)<\/p>\n<p style=\"text-align: left;\"><em><strong>Vanilla Bean &amp; Macadamia<\/strong><\/em> \u2013 L\u00f5hnastiil: soe, magus, h\u00f5rk. Noodid: vanill, makadaamiap\u00e4hkel, kreeka p\u00e4hkel.<\/p>\n<p>Avasta naha hooldamisel uus tase selle luksusliku kehakoorijaga, mis on loodud hoolikalt valitud looduslike koostisosadega:<\/p>\n<ul>\n<li>Suhkur \u2014 koorib \u00f5rnalt, kuid t\u00f5husalt kuivanud naharakud, j\u00e4ttes naha siledaks ja s\u00e4ravaks.<\/li>\n<li>Kreeka p\u00e4hkli koore pulber \u2014 silub ja poleerib nahapinda ilma seda kahjustamata.<\/li>\n<li>Vanilliekstrakt ja makadaamia\u00f5li \u2014 toidavad ja niisutavad nahka, muutes selle erakordselt pehmeks ja siidiseks, pakkudes samal ajal sooja ja hubast aroomi.<\/li>\n<li>E-vitamiin (tokofer\u00fc\u00fclatsetaat) \u2014 tugev antioks\u00fcdant, mis kaitseb nahka v\u00e4listegurite eest ja soodustab selle taastumist.<\/li>\n<li>\u00d5rnad puhastusained \u2014 nagu kookosiseitionaat ja naatriumtauraat, mis puhastavad nahka \u00f5rnalt, ilma seda kuivatamata.<\/li>\n<\/ul>\n<p>See koorija on loodud neile, kes hindavad nii tulemust kui ka hoolitsuse protsessi. Selle tekstuur ja looduslik koostis pakuvad nahale t\u00e4ielikku toitumist ja kaitset, hoides selle terve ja niisutatuna.<\/p>\n<p><em>Kombineerige sobiva parf\u00fcmeeritud kehasprei, niisutava kehalosjooni ja keha\u00f5liga.<\/em><\/p>\n<p>\ud83c\uddf7\ud83c\uddfa Victoria\u2019s Secret \u0441\u0430\u0445\u0430\u0440\u043d\u044b\u0439 \u0441\u043a\u0440\u0430\u0431 \u0434\u043b\u044f \u0442\u0435\u043b\u0430 Vanilla Bean &amp; Macadamia (368g)<\/p>\n<p><em><strong>Vanilla Bean &amp; Macadamia<\/strong><\/em> \u2013 \u0421\u0442\u0438\u043b\u044c \u0430\u0440\u043e\u043c\u0430\u0442\u0430: \u0442\u0435\u043f\u043b\u044b\u0439, \u0433\u0443\u0440\u043c\u0430\u043d\u0441\u043a\u0438\u0439. \u041d\u043e\u0442\u044b: \u0432\u0430\u043d\u0438\u043b\u044c, \u043e\u0440\u0435\u0445 \u043c\u0430\u043a\u0430\u0434\u0430\u043c\u0438\u044f, \u0433\u0440\u0435\u0446\u043a\u0438\u0439 \u043e\u0440\u0435\u0445.<\/p>\n<p>\u041e\u0442\u043a\u0440\u043e\u0439\u0442\u0435 \u0434\u043b\u044f \u0441\u0435\u0431\u044f \u043d\u043e\u0432\u044b\u0439 \u0443\u0440\u043e\u0432\u0435\u043d\u044c \u0443\u0445\u043e\u0434\u0430 \u0437\u0430 \u043a\u043e\u0436\u0435\u0439 \u0441 \u044d\u0442\u0438\u043c \u0440\u043e\u0441\u043a\u043e\u0448\u043d\u044b\u043c \u0441\u0430\u0445\u0430\u0440\u043d\u044b\u043c \u0441\u043a\u0440\u0430\u0431\u043e\u043c, \u043a\u043e\u0442\u043e\u0440\u044b\u0439 \u0441\u043e\u0437\u0434\u0430\u043d \u043d\u0430 \u043e\u0441\u043d\u043e\u0432\u0435 \u0442\u0449\u0430\u0442\u0435\u043b\u044c\u043d\u043e \u043f\u043e\u0434\u043e\u0431\u0440\u0430\u043d\u043d\u044b\u0445 \u043d\u0430\u0442\u0443\u0440\u0430\u043b\u044c\u043d\u044b\u0445 \u0438\u043d\u0433\u0440\u0435\u0434\u0438\u0435\u043d\u0442\u043e\u0432:<\/p>\n<ul>\n<li>\u0421\u0430\u0445\u0430\u0440 \u2014 \u043c\u044f\u0433\u043a\u043e, \u043d\u043e \u044d\u0444\u0444\u0435\u043a\u0442\u0438\u0432\u043d\u043e \u043e\u0442\u0448\u0435\u043b\u0443\u0448\u0438\u0432\u0430\u0435\u0442 \u0441\u0443\u0445\u0438\u0435 \u043a\u043b\u0435\u0442\u043a\u0438 \u043a\u043e\u0436\u0438, \u043e\u0441\u0442\u0430\u0432\u043b\u044f\u044f \u0435\u0451 \u0433\u043b\u0430\u0434\u043a\u043e\u0439 \u0438 \u0441\u0438\u044f\u044e\u0449\u0435\u0439.<\/li>\n<li>\u041f\u0443\u0434\u0440\u0430 \u0438\u0437 \u0441\u043a\u043e\u0440\u043b\u0443\u043f\u044b \u0433\u0440\u0435\u0446\u043a\u043e\u0433\u043e \u043e\u0440\u0435\u0445\u0430 \u2014 \u0431\u0435\u0440\u0435\u0436\u043d\u043e \u043f\u043e\u043b\u0438\u0440\u0443\u0435\u0442 \u0438 \u0440\u0430\u0437\u0433\u043b\u0430\u0436\u0438\u0432\u0430\u0435\u0442 \u043f\u043e\u0432\u0435\u0440\u0445\u043d\u043e\u0441\u0442\u044c \u043a\u043e\u0436\u0438, \u043d\u0435 \u043f\u043e\u0432\u0440\u0435\u0436\u0434\u0430\u044f \u0435\u0451.<\/li>\n<li>\u042d\u043a\u0441\u0442\u0440\u0430\u043a\u0442 \u0432\u0430\u043d\u0438\u043b\u0438 \u0438 \u043c\u0430\u0441\u043b\u0430 \u043c\u0430\u043a\u0430\u0434\u0430\u043c\u0438\u0438 \u2014 \u043f\u0438\u0442\u0430\u044e\u0442 \u0438 \u0443\u0432\u043b\u0430\u0436\u043d\u044f\u044e\u0442 \u043a\u043e\u0436\u0443, \u0434\u0435\u043b\u0430\u044f \u0435\u0451 \u043d\u0435\u0432\u0435\u0440\u043e\u044f\u0442\u043d\u043e \u043c\u044f\u0433\u043a\u043e\u0439 \u0438 \u0431\u0430\u0440\u0445\u0430\u0442\u0438\u0441\u0442\u043e\u0439, \u0430 \u0442\u0435\u043f\u043b\u044b\u0439 \u0430\u0440\u043e\u043c\u0430\u0442 \u043e\u043a\u0443\u0442\u0430\u0435\u0442 \u0432\u0430\u0441 \u043e\u0449\u0443\u0449\u0435\u043d\u0438\u0435\u043c \u0443\u044e\u0442\u0430.<\/li>\n<li>\u0412\u0438\u0442\u0430\u043c\u0438\u043d E (\u0422\u043e\u043a\u043e\u0444\u0435\u0440\u0438\u043b \u0430\u0446\u0435\u0442\u0430\u0442) \u2014 \u043c\u043e\u0449\u043d\u044b\u0439 \u0430\u043d\u0442\u0438\u043e\u043a\u0441\u0438\u0434\u0430\u043d\u0442, \u043a\u043e\u0442\u043e\u0440\u044b\u0439 \u0437\u0430\u0449\u0438\u0449\u0430\u0435\u0442 \u043a\u043e\u0436\u0443 \u043e\u0442 \u0432\u043e\u0437\u0434\u0435\u0439\u0441\u0442\u0432\u0438\u044f \u0432\u043d\u0435\u0448\u043d\u0438\u0445 \u0444\u0430\u043a\u0442\u043e\u0440\u043e\u0432 \u0438 \u0441\u043f\u043e\u0441\u043e\u0431\u0441\u0442\u0432\u0443\u0435\u0442 \u0435\u0451 \u0432\u043e\u0441\u0441\u0442\u0430\u043d\u043e\u0432\u043b\u0435\u043d\u0438\u044e.<\/li>\n<li>\u041d\u0435\u0436\u043d\u044b\u0435 \u041f\u0410\u0412\u044b \u2014 \u0442\u0430\u043a\u0438\u0435 \u043a\u0430\u043a \u043a\u043e\u043a\u043e\u0441\u043e\u0432\u044b\u0439 \u0438\u0437\u0435\u0442\u0438\u043e\u043d\u0430\u0442 \u0438 \u0442\u0430\u0443\u0440\u0438\u043d \u043d\u0430\u0442\u0440\u0438\u044f, \u043a\u043e\u0442\u043e\u0440\u044b\u0435 \u043e\u0431\u0435\u0441\u043f\u0435\u0447\u0438\u0432\u0430\u044e\u0442 \u043c\u044f\u0433\u043a\u043e\u0435 \u043e\u0447\u0438\u0449\u0435\u043d\u0438\u0435 \u0431\u0435\u0437 \u043f\u0435\u0440\u0435\u0441\u0443\u0448\u0438\u0432\u0430\u043d\u0438\u044f.<\/li>\n<\/ul>\n<p>\u042d\u0442\u043e\u0442 \u0441\u043a\u0440\u0430\u0431 \u0441\u043e\u0437\u0434\u0430\u043d \u0434\u043b\u044f \u0442\u0435\u0445, \u043a\u0442\u043e \u0446\u0435\u043d\u0438\u0442 \u043d\u0435 \u0442\u043e\u043b\u044c\u043a\u043e \u0440\u0435\u0437\u0443\u043b\u044c\u0442\u0430\u0442, \u043d\u043e \u0438 \u043f\u0440\u043e\u0446\u0435\u0441\u0441 \u0443\u0445\u043e\u0434\u0430. \u0415\u0433\u043e \u0442\u0435\u043a\u0441\u0442\u0443\u0440\u0430 \u0438 \u043d\u0430\u0442\u0443\u0440\u0430\u043b\u044c\u043d\u044b\u0439 \u0441\u043e\u0441\u0442\u0430\u0432 \u0434\u0430\u0440\u044f\u0442 \u0432\u0430\u0448\u0435\u0439 \u043a\u043e\u0436\u0435 \u043f\u043e\u043b\u043d\u043e\u0446\u0435\u043d\u043d\u043e\u0435 \u043f\u0438\u0442\u0430\u043d\u0438\u0435 \u0438 \u0437\u0430\u0449\u0438\u0442\u0443, \u0441\u043e\u0445\u0440\u0430\u043d\u044f\u044f \u0435\u0451 \u0437\u0434\u043e\u0440\u043e\u0432\u043e\u0439 \u0438 \u0443\u0432\u043b\u0430\u0436\u043d\u0451\u043d\u043d\u043e\u0439.<\/p>\n<p><em>\u0421\u043e\u0447\u0435\u0442\u0430\u0439\u0442\u0435 \u0441 \u0441\u043e\u043e\u0442\u0432\u0435\u0442\u0441\u0442\u0432\u0443\u044e\u0449\u0438\u043c \u043f\u0430\u0440\u0444\u044e\u043c\u0438\u0440\u043e\u0432\u0430\u043d\u043d\u044b\u043c \u0441\u043f\u0440\u0435\u0435\u043c, \u0443\u0432\u043b\u0430\u0436\u043d\u044f\u044e\u0449\u0438\u043c \u043b\u043e\u0441\u044c\u043e\u043d\u043e\u043c \u0434\u043b\u044f \u0442\u0435\u043b\u0430 \u0438 \u043c\u0430\u0441\u043b\u043e\u043c \u0434\u043b\u044f \u0442\u0435\u043b\u0430.<\/em><\/p>\n<p>\ud83c\uddfa\ud83c\uddf8 Victoria\u2019s Secret Exfoliating Body Scrub with Walnut Shell Powder (368g)<\/p>\n<p><em><strong>Vanilla Bean &amp; Macadamia<\/strong><\/em> \u2013 Fragrance Style: Warm Gourmand. Notes: Vanilla, Macadamia, Walnut.<\/p>\n<p><em>Pair it with matching Fragrance Mist, Hydrating Body Lotion and Radiant Body Oil.<\/em><\/p>\n","protected":false},"featured_media":19574,"template":"","meta":{"jetpack_publicize_message":"","jetpack_publicize_feature_enabled":true,"jetpack_social_post_already_shared":false,"jetpack_social_options":{"image_generator_settings":{"template":"highway","default_image_id":0,"font":"","enabled":false},"version":2}},"product_brand":[],"product_cat":[929,912,341],"product_tag":[],"class_list":{"0":"post-20174","1":"product","2":"type-product","3":"status-publish","4":"has-post-thumbnail","6":"product_cat-victorias-secret-body-scrubs","7":"product_cat-nahahooldus","8":"product_cat-victorias-secret","9":"pa_lohn-ginger-apple-jewel","10":"pa_lohn-sugar-plum-fig","11":"pa_lohn-vanilla-amber-bourbon","13":"first","14":"outofstock","15":"sale","16":"shipping-taxable","17":"purchasable","18":"product-type-simple"},"jetpack_publicize_connections":[],"jetpack_sharing_enabled":true,"jetpack_likes_enabled":true,"_links":{"self":[{"href":"https:\/\/superstore.ee\/index.php\/wp-json\/wp\/v2\/product\/20174","targetHints":{"allow":["GET"]}}],"collection":[{"href":"https:\/\/superstore.ee\/index.php\/wp-json\/wp\/v2\/product"}],"about":[{"href":"https:\/\/superstore.ee\/index.php\/wp-json\/wp\/v2\/types\/product"}],"wp:featuredmedia":[{"embeddable":true,"href":"https:\/\/superstore.ee\/index.php\/wp-json\/wp\/v2\/media\/19574"}],"wp:attachment":[{"href":"https:\/\/superstore.ee\/index.php\/wp-json\/wp\/v2\/media?parent=20174"}],"wp:term":[{"taxonomy":"product_brand","embeddable":true,"href":"https:\/\/superstore.ee\/index.php\/wp-json\/wp\/v2\/product_brand?post=20174"},{"taxonomy":"product_cat","embeddable":true,"href":"https:\/\/superstore.ee\/index.php\/wp-json\/wp\/v2\/product_cat?post=20174"},{"taxonomy":"product_tag","embeddable":true,"href":"https:\/\/superstore.ee\/index.php\/wp-json\/wp\/v2\/product_tag?post=20174"}],"curies":[{"name":"wp","href":"https:\/\/api.w.org\/{rel}","templated":true}]}}