{"id":21019,"date":"2024-12-21T21:13:25","date_gmt":"2024-12-21T19:13:25","guid":{"rendered":"https:\/\/superstore.ee\/?post_type=product&#038;p=21019"},"modified":"2026-04-04T12:29:46","modified_gmt":"2026-04-04T09:29:46","slug":"kiko-milano-full-coverage-concealer-taiskatvusega-peitekreem","status":"publish","type":"product","link":"https:\/\/superstore.ee\/index.php\/toode\/kiko-milano-full-coverage-concealer-taiskatvusega-peitekreem\/","title":{"rendered":"KIKO Milano Full Coverage Concealer &#8211; T\u00e4iskatvusega Peitekreem"},"content":{"rendered":"","protected":false},"excerpt":{"rendered":"<p>\ud83c\uddea\ud83c\uddea KIKO Milano t\u00e4iskatvusega peitekreem<\/p>\n<p>Kreemjas ja t\u00e4iskatvusega peitekreem, loodud spetsiaalselt naha ebat\u00e4psuste peitmiseks:<\/p>\n<ul>\n<li>Sobib ideaalselt keskmiste kuni t\u00f5siste iluvigade, nagu pigmendilaigud, s\u00fcnnim\u00e4rgid, rosaatsea ja armid, katmiseks.<\/li>\n<li>Tagab tugeva katvuse koos kerge ja mugava koostisega \u2013 ei j\u00e4ta rasvast tunnet ja seda on lihtne nahale kanda t\u00e4nu spetsiaalsetele \u00f5hukestele pigmentidele.<\/li>\n<li>Rasueritust tasakaalustav koostis muudab selle ideaaliks ka v\u00e4ga rasusele nahale.<\/li>\n<\/ul>\n<p>\ud83c\uddf7\ud83c\uddfa \u041a\u043e\u043d\u0441\u0438\u043b\u0435\u0440 KIKO Milano\u00a0\u0441 \u0432\u044b\u0441\u043e\u043a\u043e\u0439 \u0441\u0442\u0435\u043f\u0435\u043d\u044c\u044e \u043f\u043e\u043a\u0440\u044b\u0442\u0438\u044f<\/p>\n<p>\u041a\u0440\u0435\u043c\u043e\u043e\u0431\u0440\u0430\u0437\u043d\u044b\u0439 \u043a\u043e\u043d\u0441\u0438\u043b\u0435\u0440, \u0441\u043e\u0437\u0434\u0430\u044e\u0449\u0438\u0439 \u043f\u043b\u043e\u0442\u043d\u043e\u0435 \u043f\u043e\u043a\u0440\u044b\u0442\u0438\u0435, \u043e\u0441\u043e\u0431\u0435\u043d\u043d\u043e \u043f\u043e\u0434\u0445\u043e\u0434\u0438\u0442 \u0434\u043b\u044f \u043a\u043e\u0436\u0438, \u0438\u043c\u0435\u044e\u0449\u0435\u0439 \u043f\u043e\u043a\u0440\u0430\u0441\u043d\u0435\u043d\u0438\u044f:<\/p>\n<ul>\n<li>\u0438\u0434\u0435\u0430\u043b\u044c\u043d\u043e \u043c\u0430\u0441\u043a\u0438\u0440\u0443\u0435\u0442 \u043b\u044e\u0431\u044b\u0435 \u043d\u0435\u0434\u043e\u0441\u0442\u0430\u0442\u043a\u0438 \u043a\u043e\u0436\u0438, \u043e\u0442 \u0441\u0440\u0435\u0434\u043d\u0438\u0445 \u0434\u043e \u0441\u0435\u0440\u044c\u0451\u0437\u043d\u044b\u0445, \u0442\u0430\u043a\u0438\u0435 \u043a\u0430\u043a: \u043f\u0438\u0433\u043c\u0435\u043d\u0442\u043d\u044b\u0435 \u043f\u044f\u0442\u043d\u0430, \u0440\u043e\u0434\u0438\u043d\u043a\u0438, \u0443\u0433\u0440\u0438 \u0438 \u0448\u0440\u0430\u043c\u044b;<\/li>\n<li>\u0443\u0434\u0438\u0432\u0438\u0442\u0435\u043b\u044c\u043d\u043e \u043b\u0451\u0433\u043a\u0438\u0439 \u043d\u0435\u0436\u0438\u0440\u043d\u044b\u0439 \u0441\u043e\u0441\u0442\u0430\u0432, \u0441\u043e\u0434\u0435\u0440\u0436\u0430\u0449\u0438\u0439 \u043e\u0431\u043b\u0435\u0433\u0447\u0451\u043d\u043d\u044b\u0435 \u043f\u0438\u0433\u043c\u0435\u043d\u0442\u044b, \u0441 \u0432\u044b\u0441\u043e\u043a\u043e\u0439 \u043f\u043e\u043a\u0440\u044b\u0432\u0430\u044e\u0449\u0435\u0439 \u0441\u043f\u043e\u0441\u043e\u0431\u043d\u043e\u0441\u0442\u044c\u044e \u043b\u0435\u0433\u043a\u043e \u043d\u0430\u043d\u043e\u0441\u0438\u0442\u0441\u044f;<\/li>\n<li>\u0436\u0438\u0440\u043e\u0432\u043f\u0438\u0442\u044b\u0432\u0430\u044e\u0449\u0438\u0439 \u043a\u043e\u043c\u043f\u043b\u0435\u043a\u0441 \u0434\u0435\u043b\u0430\u0435\u0442 \u0444\u043e\u0440\u043c\u0443\u043b\u0443 \u043a\u043e\u043d\u0441\u0438\u043b\u0435\u0440\u0430 \u0438\u0434\u0435\u0430\u043b\u044c\u043d\u043e\u0439 \u0434\u0430\u0436\u0435 \u0434\u043b\u044f \u0436\u0438\u0440\u043d\u043e\u0439 \u043a\u043e\u0436\u0438.<\/li>\n<\/ul>\n<p>\ud83c\uddfa\ud83c\uddf8 KIKO Milano Full Coverage Concealer<\/p>\n<p>Creamy total coverage concealer, specifically for problems with skin blemishes:<\/p>\n<ul>\n<li>ideal for minimizing medium to serious imperfections such as age spots, moles, rosacea and scars;<\/li>\n<li>the high coverage power combines with a surprisingly lightweight consistency, is non-greasy and easy to apply thanks to the anti-thickness pigments;<\/li>\n<li>the sebum-absorbing complex makes this formula perfect, even for very oily skin.<\/li>\n<\/ul>\n","protected":false},"featured_media":21025,"template":"","meta":{"jetpack_publicize_message":"","jetpack_publicize_feature_enabled":true,"jetpack_social_post_already_shared":false,"jetpack_social_options":{"image_generator_settings":{"template":"highway","default_image_id":0,"font":"","enabled":false},"version":2}},"product_brand":[],"product_cat":[976,973,340,912,974],"product_tag":[],"class_list":{"0":"post-21019","1":"product","2":"type-product","3":"status-publish","4":"has-post-thumbnail","6":"product_cat-foundation-concealer","7":"product_cat-makeup","8":"product_cat-kiko-milano","9":"product_cat-nahahooldus","10":"product_cat-face","11":"pa_varv-402","12":"pa_varv-403","13":"pa_varv-404","14":"pa_varv-405","15":"pa_varv-406","17":"first","18":"instock","19":"shipping-taxable","20":"purchasable","21":"product-type-variable"},"jetpack_publicize_connections":[],"jetpack_sharing_enabled":true,"jetpack_likes_enabled":true,"_links":{"self":[{"href":"https:\/\/superstore.ee\/index.php\/wp-json\/wp\/v2\/product\/21019","targetHints":{"allow":["GET"]}}],"collection":[{"href":"https:\/\/superstore.ee\/index.php\/wp-json\/wp\/v2\/product"}],"about":[{"href":"https:\/\/superstore.ee\/index.php\/wp-json\/wp\/v2\/types\/product"}],"wp:featuredmedia":[{"embeddable":true,"href":"https:\/\/superstore.ee\/index.php\/wp-json\/wp\/v2\/media\/21025"}],"wp:attachment":[{"href":"https:\/\/superstore.ee\/index.php\/wp-json\/wp\/v2\/media?parent=21019"}],"wp:term":[{"taxonomy":"product_brand","embeddable":true,"href":"https:\/\/superstore.ee\/index.php\/wp-json\/wp\/v2\/product_brand?post=21019"},{"taxonomy":"product_cat","embeddable":true,"href":"https:\/\/superstore.ee\/index.php\/wp-json\/wp\/v2\/product_cat?post=21019"},{"taxonomy":"product_tag","embeddable":true,"href":"https:\/\/superstore.ee\/index.php\/wp-json\/wp\/v2\/product_tag?post=21019"}],"curies":[{"name":"wp","href":"https:\/\/api.w.org\/{rel}","templated":true}]}}