{"id":21457,"date":"2025-01-15T18:27:27","date_gmt":"2025-01-15T16:27:27","guid":{"rendered":"https:\/\/superstore.ee\/?post_type=product&#038;p=21457"},"modified":"2025-08-17T14:31:14","modified_gmt":"2025-08-17T11:31:14","slug":"kiko-milano-holiday-premiere-crystal-lip-balm-huulepalsam-sarava-efektiga","status":"publish","type":"product","link":"https:\/\/superstore.ee\/index.php\/toode\/kiko-milano-holiday-premiere-crystal-lip-balm-huulepalsam-sarava-efektiga\/","title":{"rendered":"KIKO Milano Holiday Premi\u00e8re Crystal Lip Balm &#8211; Huulepalsam s\u00e4rava efektiga"},"content":{"rendered":"","protected":false},"excerpt":{"rendered":"<div class=\"woocommerce-product-details__short-description\">\n<p>\ud83c\uddea\ud83c\uddea KIKO Milano Niisutav huulepalsam s\u00e4rava efektiga<\/p>\n<p><strong>Ideaalne:<\/strong><\/p>\n<ul>\n<li>Huulte niisutamiseks ja nende pehmeks ning hoolitsetuks muutmiseks.<\/li>\n<li>Loodusliku l\u00e4ike ja s\u00e4ra lisamiseks igap\u00e4evase v\u00e4limuse t\u00e4iustamiseks.<\/li>\n<\/ul>\n<p><strong>Omadused ja koostis:<\/strong><\/p>\n<ul>\n<li>Siidine tekstuur klaasja l\u00e4ike efektiga ja elegantsed valge-roosad helbed.<\/li>\n<li>Kastoor\u00f5li, jojoba\u00f5li, mandli\u00f5li ja p\u00e4evalilleseemnevaha tagavad s\u00fcgava niisutuse ja pehmuse.<\/li>\n<li>Kakaov\u00f5i hooldab huuli, pakkudes lisapehmust ja kaitset.<\/li>\n<li>\u00d5rn ja luksuslik aroom apelsini, ingveri ja vanilli nootidega.<\/li>\n<li>Sobib ideaalselt sagedaseks kasutamiseks p\u00e4eva jooksul.<\/li>\n<\/ul>\n<p><strong>Tulemus:<\/strong><br \/>\nJuba esimese kasutuskorraga muutuvad huuled niisutatuks, pehmeks ja loomulikult s\u00e4ravaks.<\/p>\n<p>Hellita oma huuli selle niisutava ja s\u00e4rava huulepalsamiga!<\/p>\n<\/div>\n<div class=\"woocommerce-product-details__short-description\">\n<p>\ud83c\uddf7\ud83c\uddfa KIKO Milano \u0423\u0432\u043b\u0430\u0436\u043d\u044f\u044e\u0449\u0438\u0439 \u0431\u0430\u043b\u044c\u0437\u0430\u043c \u0434\u043b\u044f \u0433\u0443\u0431 \u0441 \u0441\u0438\u044f\u044e\u0449\u0438\u043c \u044d\u0444\u0444\u0435\u043a\u0442\u043e\u043c<\/p>\n<p><strong>\u0418\u0434\u0435\u0430\u043b\u044c\u043d\u043e \u043f\u043e\u0434\u0445\u043e\u0434\u0438\u0442 \u0434\u043b\u044f:<\/strong><\/p>\n<ul>\n<li>\u0423\u0432\u043b\u0430\u0436\u043d\u0435\u043d\u0438\u044f \u0433\u0443\u0431, \u0434\u0435\u043b\u0430\u044f \u0438\u0445 \u043c\u044f\u0433\u043a\u0438\u043c\u0438 \u0438 \u0443\u0445\u043e\u0436\u0435\u043d\u043d\u044b\u043c\u0438.<\/li>\n<li>\u041f\u0440\u0438\u0434\u0430\u043d\u0438\u044f \u0431\u043b\u0435\u0441\u043a\u0430 \u0438 \u0441\u0438\u044f\u043d\u0438\u044f \u0434\u043b\u044f \u0437\u0430\u0432\u0435\u0440\u0448\u0435\u043d\u0438\u044f \u043e\u0431\u0440\u0430\u0437\u0430.<\/li>\n<\/ul>\n<p><strong>\u041e\u0441\u043e\u0431\u0435\u043d\u043d\u043e\u0441\u0442\u0438 \u0438 \u043a\u043b\u044e\u0447\u0435\u0432\u044b\u0435 \u043a\u043e\u043c\u043f\u043e\u043d\u0435\u043d\u0442\u044b:<\/strong><\/p>\n<ul>\n<li>\u0428\u0435\u043b\u043a\u043e\u0432\u0438\u0441\u0442\u0430\u044f \u0442\u0435\u043a\u0441\u0442\u0443\u0440\u0430 \u0441 \u044d\u0444\u0444\u0435\u043a\u0442\u043e\u043c \u0441\u0442\u0435\u043a\u043b\u044f\u043d\u043d\u043e\u0433\u043e \u0431\u043b\u0435\u0441\u043a\u0430 \u0438 \u0438\u0437\u044f\u0449\u043d\u044b\u043c\u0438 \u0431\u0435\u043b\u043e-\u0440\u043e\u0437\u043e\u0432\u044b\u043c\u0438 \u0447\u0430\u0441\u0442\u0438\u0447\u043a\u0430\u043c\u0438.<\/li>\n<li>\u041f\u0438\u0442\u0430\u0442\u0435\u043b\u044c\u043d\u044b\u0439 \u0441\u043e\u0441\u0442\u0430\u0432 \u0441 \u043a\u0430\u0441\u0442\u043e\u0440\u043e\u0432\u044b\u043c \u043c\u0430\u0441\u043b\u043e\u043c, \u043c\u0430\u0441\u043b\u043e\u043c \u0436\u043e\u0436\u043e\u0431\u0430, \u043c\u0438\u043d\u0434\u0430\u043b\u044c\u043d\u044b\u043c \u043c\u0430\u0441\u043b\u043e\u043c \u0438 \u0432\u043e\u0441\u043a\u043e\u043c \u0438\u0437 \u0441\u0435\u043c\u044f\u043d \u043f\u043e\u0434\u0441\u043e\u043b\u043d\u0435\u0447\u043d\u0438\u043a\u0430 \u0434\u043b\u044f \u0433\u043b\u0443\u0431\u043e\u043a\u043e\u0433\u043e \u0443\u0432\u043b\u0430\u0436\u043d\u0435\u043d\u0438\u044f \u0438 \u0441\u043c\u044f\u0433\u0447\u0435\u043d\u0438\u044f \u0433\u0443\u0431.<\/li>\n<li>\u041c\u0430\u0441\u043b\u043e \u043a\u0430\u043a\u0430\u043e \u0434\u043b\u044f \u0434\u043e\u043f\u043e\u043b\u043d\u0438\u0442\u0435\u043b\u044c\u043d\u043e\u0439 \u043c\u044f\u0433\u043a\u043e\u0441\u0442\u0438 \u0438 \u0437\u0430\u0449\u0438\u0442\u044b.<\/li>\n<li>\u0418\u0437\u044b\u0441\u043a\u0430\u043d\u043d\u044b\u0439 \u0430\u0440\u043e\u043c\u0430\u0442 \u0441 \u043d\u043e\u0442\u0430\u043c\u0438 \u0430\u043f\u0435\u043b\u044c\u0441\u0438\u043d\u0430, \u0438\u043c\u0431\u0438\u0440\u044f \u0438 \u0432\u0430\u043d\u0438\u043b\u0438.<\/li>\n<li>\u0423\u0434\u043e\u0431\u0435\u043d \u0434\u043b\u044f \u0447\u0430\u0441\u0442\u043e\u0433\u043e \u0438\u0441\u043f\u043e\u043b\u044c\u0437\u043e\u0432\u0430\u043d\u0438\u044f \u0432 \u0442\u0435\u0447\u0435\u043d\u0438\u0435 \u0434\u043d\u044f.<\/li>\n<\/ul>\n<p><strong>\u0420\u0435\u0437\u0443\u043b\u044c\u0442\u0430\u0442:<\/strong><br \/>\n\u0423\u0436\u0435 \u043f\u043e\u0441\u043b\u0435 \u043f\u0435\u0440\u0432\u043e\u0433\u043e \u043d\u0430\u043d\u0435\u0441\u0435\u043d\u0438\u044f \u0433\u0443\u0431\u044b \u0441\u0442\u0430\u043d\u043e\u0432\u044f\u0442\u0441\u044f \u0443\u0432\u043b\u0430\u0436\u043d\u0435\u043d\u043d\u044b\u043c\u0438, \u043c\u044f\u0433\u043a\u0438\u043c\u0438 \u0438 \u0441\u0438\u044f\u044e\u0449\u0438\u043c\u0438.<\/p>\n<p>\u041f\u043e\u0434\u0430\u0440\u0438\u0442\u0435 \u0441\u0432\u043e\u0438\u043c \u0433\u0443\u0431\u0430\u043c \u0440\u043e\u0441\u043a\u043e\u0448\u043d\u044b\u0439 \u0443\u0445\u043e\u0434 \u0438 \u0441\u0438\u044f\u043d\u0438\u0435 \u0441 \u044d\u0442\u0438\u043c \u0443\u0432\u043b\u0430\u0436\u043d\u044f\u044e\u0449\u0438\u043c \u0431\u0430\u043b\u044c\u0437\u0430\u043c\u043e\u043c!<\/p>\n<p>\ud83c\uddfa\ud83c\uddf8 KIKO Milano Holiday Premi\u00e8re Crystal Lip Balm. Hydrating Lip Balm with a Radiant Effect<\/p>\n<div class=\"product-block\">\n<p><strong>Perfect for:<\/strong><\/p>\n<ul>\n<li>Moisturizing lips and keeping them soft and nourished.<\/li>\n<li>Adding a natural shine and radiant finish to enhance your everyday look.<\/li>\n<\/ul>\n<p><strong>Features and Ingredients:<\/strong><\/p>\n<ul>\n<li>Silky texture with a crystal glass effect and elegant white-pink flecks.<\/li>\n<li>Castor oil, jojoba oil, almond oil, and sunflower seed wax provide deep hydration and softness.<\/li>\n<li>Cocoa butter nourishes and protects lips, adding extra smoothness.<\/li>\n<li>Delicate and luxurious scent with notes of orange, ginger, and vanilla.<\/li>\n<li>Perfect for frequent use throughout the day.<\/li>\n<\/ul>\n<p><strong>Result:<\/strong><br \/>\nFrom the very first application, lips become hydrated, soft, and naturally radiant.<\/p>\n<p>Pamper your lips with this hydrating and radiant lip balm!<\/p>\n<\/div>\n<\/div>\n","protected":false},"featured_media":21466,"template":"","meta":{"jetpack_publicize_message":"","jetpack_publicize_feature_enabled":true,"jetpack_social_post_already_shared":false,"jetpack_social_options":{"image_generator_settings":{"template":"highway","default_image_id":0,"font":"","enabled":false},"version":2}},"product_brand":[],"product_cat":[911,969,987,986,973,340,964],"product_tag":[],"class_list":{"0":"post-21457","1":"product","2":"type-product","3":"status-publish","4":"has-post-thumbnail","6":"product_cat-huuled","7":"product_cat-lip-care","8":"product_cat-lipstick","9":"product_cat-kiko-lips","10":"product_cat-makeup","11":"product_cat-kiko-milano","12":"product_cat-face-care","14":"first","15":"outofstock","16":"sale","17":"shipping-taxable","18":"purchasable","19":"product-type-simple"},"jetpack_publicize_connections":[],"jetpack_sharing_enabled":true,"jetpack_likes_enabled":true,"_links":{"self":[{"href":"https:\/\/superstore.ee\/index.php\/wp-json\/wp\/v2\/product\/21457","targetHints":{"allow":["GET"]}}],"collection":[{"href":"https:\/\/superstore.ee\/index.php\/wp-json\/wp\/v2\/product"}],"about":[{"href":"https:\/\/superstore.ee\/index.php\/wp-json\/wp\/v2\/types\/product"}],"wp:featuredmedia":[{"embeddable":true,"href":"https:\/\/superstore.ee\/index.php\/wp-json\/wp\/v2\/media\/21466"}],"wp:attachment":[{"href":"https:\/\/superstore.ee\/index.php\/wp-json\/wp\/v2\/media?parent=21457"}],"wp:term":[{"taxonomy":"product_brand","embeddable":true,"href":"https:\/\/superstore.ee\/index.php\/wp-json\/wp\/v2\/product_brand?post=21457"},{"taxonomy":"product_cat","embeddable":true,"href":"https:\/\/superstore.ee\/index.php\/wp-json\/wp\/v2\/product_cat?post=21457"},{"taxonomy":"product_tag","embeddable":true,"href":"https:\/\/superstore.ee\/index.php\/wp-json\/wp\/v2\/product_tag?post=21457"}],"curies":[{"name":"wp","href":"https:\/\/api.w.org\/{rel}","templated":true}]}}