{"id":21876,"date":"2025-02-12T19:39:38","date_gmt":"2025-02-12T17:39:38","guid":{"rendered":"https:\/\/superstore.ee\/?post_type=product&#038;p=21876"},"modified":"2025-06-06T15:30:57","modified_gmt":"2025-06-06T12:30:57","slug":"velvet-petals-dream-box","status":"publish","type":"product","link":"https:\/\/superstore.ee\/index.php\/toode\/velvet-petals-dream-box\/","title":{"rendered":"Velvet Petals Dream Box"},"content":{"rendered":"","protected":false},"excerpt":{"rendered":"<p>Victoria\u2019s Secret Velvet Petals kinkekomplekt<\/p>\n<p>T\u00e4iuslik kingitus neile, kes armastavad luksuslikku ja kauakestvat aroomi. Velvet Petals sari \u00fchendab endas puuviljase, magusa ja lillelise l\u00f5hnamaailma, luues sensuaalse ja meeldej\u00e4\u00e4va elamuse.<\/p>\n<p>Komplekt sisaldab:<\/p>\n<p>\u2714 Victoria\u2019s Secret Velvet Petals parf\u00fcmeeritud du\u0161igeel (300 ml)<br \/>\nV\u00e4rskendav du\u0161igeel aaloega, mis niisutab nahka ja j\u00e4tab sellele uskumatult meeldiva aroomi.<\/p>\n<p>&#8211; L\u00f5hnastiil: h\u00f5rkjalt puuviljane, magus, puuvilja-lilleline.<br \/>\n&#8211; Noodid: \u00f5itsev gardeenia, mandliglasuur.<\/p>\n<p>\u2714 Victoria\u2019s Secret parf\u00fcmeeritud kehakreem Velvet Petals Starlit (236 ml)<br \/>\nS\u00fcgavniisutav kehakreem, mis muudab naha siidpehmeks ja lisab sellele k\u00fctkestava l\u00f5hna.<\/p>\n<p>\u2714 Victoria\u2019s Secret kehasprei Velvet Petals Starlit (250 ml)<br \/>\nLuksuslik kehasprei, mis \u00fcmbritseb sind pehme ja sensuaalse l\u00f5hnaga.<\/p>\n<p>&#8211; L\u00f5hnastiil: puuviljane, puidune, magus.<br \/>\n&#8211; Noodid: p\u00f5ldmarjane puit, glasuuritud aprikoos.<\/p>\n<p>\u2714Kinkepakend<\/p>\n<p>T\u00e4iuslik komplekt, mis toob igasse p\u00e4eva luksust ja elegantsi!<\/p>\n","protected":false},"featured_media":21878,"template":"","meta":{"jetpack_publicize_message":"","jetpack_publicize_feature_enabled":true,"jetpack_social_post_already_shared":true,"jetpack_social_options":{"image_generator_settings":{"template":"highway","default_image_id":0,"font":"","enabled":false},"version":2}},"product_brand":[],"product_cat":[830,342,341],"product_tag":[],"class_list":{"0":"post-21876","1":"product","2":"type-product","3":"status-publish","4":"has-post-thumbnail","6":"product_cat-kingitused","7":"product_cat-komplektid-victorias-secret","8":"product_cat-victorias-secret","10":"first","11":"outofstock","12":"sale","13":"shipping-taxable","14":"purchasable","15":"product-type-simple"},"jetpack_publicize_connections":[],"jetpack_sharing_enabled":true,"jetpack_likes_enabled":true,"_links":{"self":[{"href":"https:\/\/superstore.ee\/index.php\/wp-json\/wp\/v2\/product\/21876","targetHints":{"allow":["GET"]}}],"collection":[{"href":"https:\/\/superstore.ee\/index.php\/wp-json\/wp\/v2\/product"}],"about":[{"href":"https:\/\/superstore.ee\/index.php\/wp-json\/wp\/v2\/types\/product"}],"wp:featuredmedia":[{"embeddable":true,"href":"https:\/\/superstore.ee\/index.php\/wp-json\/wp\/v2\/media\/21878"}],"wp:attachment":[{"href":"https:\/\/superstore.ee\/index.php\/wp-json\/wp\/v2\/media?parent=21876"}],"wp:term":[{"taxonomy":"product_brand","embeddable":true,"href":"https:\/\/superstore.ee\/index.php\/wp-json\/wp\/v2\/product_brand?post=21876"},{"taxonomy":"product_cat","embeddable":true,"href":"https:\/\/superstore.ee\/index.php\/wp-json\/wp\/v2\/product_cat?post=21876"},{"taxonomy":"product_tag","embeddable":true,"href":"https:\/\/superstore.ee\/index.php\/wp-json\/wp\/v2\/product_tag?post=21876"}],"curies":[{"name":"wp","href":"https:\/\/api.w.org\/{rel}","templated":true}]}}