{"id":22061,"date":"2025-02-19T15:51:25","date_gmt":"2025-02-19T13:51:25","guid":{"rendered":"https:\/\/superstore.ee\/?post_type=product&#038;p=22061"},"modified":"2026-04-01T13:10:00","modified_gmt":"2026-04-01T10:10:00","slug":"victorias-secret-bestseller-mist-75ml-kehasprei-2","status":"publish","type":"product","link":"https:\/\/superstore.ee\/index.php\/toode\/victorias-secret-bestseller-mist-75ml-kehasprei-2\/","title":{"rendered":"Victoria&#8217;s Secret Fragrance Shimmer Mist (75ml) BESTSELLER"},"content":{"rendered":"","protected":false},"excerpt":{"rendered":"<p>Victoria\u2019s Secret\u2019i Kehasprei s\u00e4delusega (75ml) Bestseller<\/p>\n<ul>\n<li><strong>Love Spell<\/strong> \u2014 T\u00fc\u00fcp: Puuvilja-lilleline, Noodid: kirsi\u00f5ied, v\u00e4rske virsik. V\u00f5imatu vastu panna.<\/li>\n<li><strong>Pure Seduction<\/strong> \u2014 T\u00fc\u00fcp: puuviljane, Noodid: mahlane ploom, \u00f5rn freesia. S\u00e4ra kogu \u00f6\u00f6.<\/li>\n<li><strong>Bare Vanilla<\/strong> \u2014 T\u00fc\u00fcp: magus, Noodid: vahustatud vanilje, pehme ka\u0161miir. Nahk nahale.<\/li>\n<li><strong>Velvet Petals<\/strong> \u2014 T\u00fc\u00fcp: H\u00f5rkjalt puuviljane \u2022 Magus, puuvilja-lilleline, kreemjas l\u00f5hn \u00f5itseva gardeenia ja mandliglasuuri nootidega.<\/li>\n<\/ul>\n<details>\n<summary>Details<\/summary>\n<div>Victoria\u2019s Secret Bestseller Shimmer Mist (75ml)Love Spell \u2014 Type: Fruity Floral, Notes: Cherry blossom, Fresh peach. Impossible to resist.<br \/>\nPure Seduction \u2014 Type: Fruity, Notes: Juiced plum, Crushed freesia. All night long.<br \/>\nBare Vanilla \u2014 Type: Gourmand, Notes: Whipped vanilla, Soft cashmere. Skin to skin.<br \/>\nVelvet Petals \u2014 Type: Fruit Gourmand, Notes: Lush blooms, Almond glaze. Made you blush.Ingredients: Alcohol Denat., Water (Aqua, Eau), Fragrance (Parfum), Hexamethylindanopyran, Acrylates\/C10-30 Alkyl Acrylate Crosspolymer, Vanillin, Tetramethyl acetyloctahydronaphthalenes, Ethylhexyl Methoxycinnamate, Synthetic Fluorphlogopite, Linalyl acetate, Ethylhexyl Salicylate, Titanium Dioxide (CI 77891), Butyl Methoxydibenzoylmethane, Aminomethyl Propanol, Limonene, Linalool, Pinene, Citrus Aurantium Peel Oil, Benzyl Alcohol, Beta-Caryophyllene<br \/>\nIngredients are subject to change. For an accurate list of ingredients, please refer to the product packaging.<\/div>\n<p>Victoria\u2019s Secret \u0441\u043f\u0440\u0435\u0439 \u0434\u043b\u044f \u0442\u0435\u043b\u0430 \u0441 \u0431\u043b\u0451\u0441\u0442\u043a\u0430\u043c\u0438 (75ml) Bestseller \u0441\u043f\u0440\u0435\u0439 \u0434\u043b\u044f \u0442\u0435\u043b\u0430<\/p>\n<\/details>\n","protected":false},"featured_media":20980,"template":"","meta":{"jetpack_publicize_message":"","jetpack_publicize_feature_enabled":true,"jetpack_social_post_already_shared":true,"jetpack_social_options":{"image_generator_settings":{"template":"highway","default_image_id":0,"font":"","enabled":false},"version":2}},"product_brand":[],"product_cat":[927,910,993,341],"product_tag":[900,901],"class_list":{"0":"post-22061","1":"product","2":"type-product","3":"status-publish","4":"has-post-thumbnail","6":"product_cat-victorias-secret-body-mists","7":"product_cat-kehaspreid","8":"product_cat-samples","9":"product_cat-victorias-secret","10":"product_tag-kehasprei","11":"product_tag-mist","12":"pa_lohn-bare-vanilla","13":"pa_lohn-love-spell","14":"pa_lohn-pure-seduction","15":"pa_lohn-velvet-petals","17":"first","18":"instock","19":"sale","20":"shipping-taxable","21":"purchasable","22":"product-type-variable"},"jetpack_publicize_connections":[],"jetpack_sharing_enabled":true,"jetpack_likes_enabled":true,"_links":{"self":[{"href":"https:\/\/superstore.ee\/index.php\/wp-json\/wp\/v2\/product\/22061","targetHints":{"allow":["GET"]}}],"collection":[{"href":"https:\/\/superstore.ee\/index.php\/wp-json\/wp\/v2\/product"}],"about":[{"href":"https:\/\/superstore.ee\/index.php\/wp-json\/wp\/v2\/types\/product"}],"wp:featuredmedia":[{"embeddable":true,"href":"https:\/\/superstore.ee\/index.php\/wp-json\/wp\/v2\/media\/20980"}],"wp:attachment":[{"href":"https:\/\/superstore.ee\/index.php\/wp-json\/wp\/v2\/media?parent=22061"}],"wp:term":[{"taxonomy":"product_brand","embeddable":true,"href":"https:\/\/superstore.ee\/index.php\/wp-json\/wp\/v2\/product_brand?post=22061"},{"taxonomy":"product_cat","embeddable":true,"href":"https:\/\/superstore.ee\/index.php\/wp-json\/wp\/v2\/product_cat?post=22061"},{"taxonomy":"product_tag","embeddable":true,"href":"https:\/\/superstore.ee\/index.php\/wp-json\/wp\/v2\/product_tag?post=22061"}],"curies":[{"name":"wp","href":"https:\/\/api.w.org\/{rel}","templated":true}]}}