{"id":22198,"date":"2025-03-01T21:07:55","date_gmt":"2025-03-01T19:07:55","guid":{"rendered":"https:\/\/superstore.ee\/?post_type=product&#038;p=22198"},"modified":"2025-11-03T16:23:41","modified_gmt":"2025-11-03T14:23:41","slug":"body-wash-aurodhea-myrrh-fragrance-250-ml","status":"publish","type":"product","link":"https:\/\/superstore.ee\/index.php\/toode\/body-wash-aurodhea-myrrh-fragrance-250-ml\/","title":{"rendered":"Body Wash Aurodhea &#8211; Myrrh Fragrance (250 ml)"},"content":{"rendered":"","protected":false},"excerpt":{"rendered":"<h4>Aurodhea du\u0161igeel &#8220;Myrrh&#8221;<\/h4>\n<p>Aurodhea <strong>&#8220;Myrrh&#8221;<\/strong> du\u0161igeel moodustab pehme vahu ja \u00f5rna koostisega, sobides ka tundlikule nahale. Selle m\u00fcrrist inspireeritud idamaine aroom viib meeled kaugetele maadele, luues rahu ja heaolutunde.<\/p>\n<p><strong>Eelised:<\/strong><\/p>\n<ul>\n<li>Puhastab \u00f5rnalt, nahka kuivatamata<\/li>\n<li>Aaloe niisutab ja rahustab<\/li>\n<li>Gl\u00fctseriin aitab s\u00e4ilitada naha loomuliku niiskustasakaalu<\/li>\n<li>E-vitamiin kaitseb nahka v\u00e4lism\u00f5jude eest<\/li>\n<li>Kookos\u00f5li baasil puhastusained puhastavad \u00f5rnalt<\/li>\n<li>Ei sisalda agressiivseid sulfaate (SLS, SLES), sobib tundlikule nahale<\/li>\n<li>Vegan, SCIC sertifitseeritud, pakend on taaskasutatav<\/li>\n<\/ul>\n<p><strong>Tootekood:<\/strong> BS11<br \/>\n<strong>Maht:<\/strong> 250 ml<br \/>\n<strong>PAO (k\u00f5lblikkusaeg p\u00e4rast avamist):<\/strong> 6 kuud<br \/>\n<strong>P\u00e4ritoluriik:<\/strong> Itaalia<\/p>\n<details open=\"open\">\n<div translate=\"no\">Body Wash Aurodhea &#8211; Myrrh Fragrance &#8211; 250 ml<\/div>\n<div translate=\"no\">The Aurodhea Body Wash, with its soft foam and gentle formula, is ideal for the daily hygiene of even themost sensitive skin. Its oriental fragrance of Myrrh evokes atmospheres of distant lands, giving an overallsense of well-being<\/div>\n<div translate=\"no\"><\/div>\n<div translate=\"no\">\n<p>Code BS11<\/p>\n<p>PAO DEADLINE 6 Months<\/p>\n<p>INGREDIENTS: Aqua, cocamidopropyl betaine, aloe barbadensis leaf juice, ammonium lauryl sulfate, caprylyl\/caprylglucoside, glycerin, acrylates\/C10-30 alkyl acrylate crosspolymer, sodium benzoate, potassium sorbate,benzyl alcohol, benzoic acid, dehydroacetic acid, tocopherol, citric acid, parfum, hexyl cinnamal, linalool<\/p>\n<\/div>\n<p data-start=\"51\" data-end=\"278\">\u0413\u0435\u043b\u044c \u0434\u043b\u044f \u0434\u0443\u0448\u0430 <strong data-start=\"65\" data-end=\"85\">Aurodhea &#8220;Myrrh&#8221;<\/strong> \u0441 \u043c\u044f\u0433\u043a\u043e\u0439 \u043f\u0435\u043d\u043e\u0439 \u0438 \u0434\u0435\u043b\u0438\u043a\u0430\u0442\u043d\u043e\u0439 \u0444\u043e\u0440\u043c\u0443\u043b\u043e\u0439 \u043f\u043e\u0434\u0445\u043e\u0434\u0438\u0442 \u0434\u0430\u0436\u0435 \u0434\u043b\u044f \u0447\u0443\u0432\u0441\u0442\u0432\u0438\u0442\u0435\u043b\u044c\u043d\u043e\u0439 \u043a\u043e\u0436\u0438. \u0415\u0433\u043e \u0443\u0442\u043e\u043d\u0447\u0451\u043d\u043d\u044b\u0439 \u0432\u043e\u0441\u0442\u043e\u0447\u043d\u044b\u0439 \u0430\u0440\u043e\u043c\u0430\u0442 \u043c\u0438\u0440\u0440\u044b \u043f\u0435\u0440\u0435\u043d\u043e\u0441\u0438\u0442 \u0432 \u0430\u0442\u043c\u043e\u0441\u0444\u0435\u0440\u0443 \u0434\u0430\u043b\u0451\u043a\u0438\u0445 \u0437\u0435\u043c\u0435\u043b\u044c, \u0441\u043e\u0437\u0434\u0430\u0432\u0430\u044f \u043e\u0449\u0443\u0449\u0435\u043d\u0438\u0435 \u043a\u043e\u043c\u0444\u043e\u0440\u0442\u0430 \u0438 \u0433\u0430\u0440\u043c\u043e\u043d\u0438\u0438.<\/p>\n<\/details>\n","protected":false},"featured_media":22199,"template":"","meta":{"jetpack_publicize_message":"","jetpack_publicize_feature_enabled":true,"jetpack_social_post_already_shared":true,"jetpack_social_options":{"image_generator_settings":{"template":"highway","default_image_id":0,"font":"","enabled":false},"version":2}},"product_brand":[],"product_cat":[918,920,912],"product_tag":[],"class_list":{"0":"post-22198","1":"product","2":"type-product","3":"status-publish","4":"has-post-thumbnail","6":"product_cat-chogan","7":"product_cat-chogan-body-wash","8":"product_cat-nahahooldus","10":"first","11":"outofstock","12":"shipping-taxable","13":"purchasable","14":"product-type-simple"},"jetpack_publicize_connections":[],"jetpack_sharing_enabled":true,"jetpack_likes_enabled":true,"_links":{"self":[{"href":"https:\/\/superstore.ee\/index.php\/wp-json\/wp\/v2\/product\/22198","targetHints":{"allow":["GET"]}}],"collection":[{"href":"https:\/\/superstore.ee\/index.php\/wp-json\/wp\/v2\/product"}],"about":[{"href":"https:\/\/superstore.ee\/index.php\/wp-json\/wp\/v2\/types\/product"}],"wp:featuredmedia":[{"embeddable":true,"href":"https:\/\/superstore.ee\/index.php\/wp-json\/wp\/v2\/media\/22199"}],"wp:attachment":[{"href":"https:\/\/superstore.ee\/index.php\/wp-json\/wp\/v2\/media?parent=22198"}],"wp:term":[{"taxonomy":"product_brand","embeddable":true,"href":"https:\/\/superstore.ee\/index.php\/wp-json\/wp\/v2\/product_brand?post=22198"},{"taxonomy":"product_cat","embeddable":true,"href":"https:\/\/superstore.ee\/index.php\/wp-json\/wp\/v2\/product_cat?post=22198"},{"taxonomy":"product_tag","embeddable":true,"href":"https:\/\/superstore.ee\/index.php\/wp-json\/wp\/v2\/product_tag?post=22198"}],"curies":[{"name":"wp","href":"https:\/\/api.w.org\/{rel}","templated":true}]}}