{"id":22367,"date":"2025-03-11T11:45:02","date_gmt":"2025-03-11T09:45:02","guid":{"rendered":"https:\/\/superstore.ee\/?post_type=product&#038;p=22367"},"modified":"2026-03-15T17:50:15","modified_gmt":"2026-03-15T15:50:15","slug":"victorias-secret-kehasprei-fragrance-mist-250ml-top-kollektsioon-2","status":"publish","type":"product","link":"https:\/\/superstore.ee\/index.php\/toode\/victorias-secret-kehasprei-fragrance-mist-250ml-top-kollektsioon-2\/","title":{"rendered":"Victoria\u2019s Secret kehasprei Fragrance Mist (250ml) BESTSELLER \u2b50"},"content":{"rendered":"","protected":false},"excerpt":{"rendered":"<p><span style=\"font-weight: 400;\">Victoria\u2019s Secret kehasprei (250ml) TOP! <\/span>See on k\u00f5ige populaarsem kollektsioon isu\u00e4ratavate aroomidega!<\/p>\n<p><strong>Cashmere Fleur<\/strong> \u2013 Aroomit\u00fc\u00fcp: Lilleline ja magus<\/p>\n<ul>\n<li>Tipunoodid: Kastega pirn, suhkrustatud roos<\/li>\n<li>S\u00fcdamenoodid: Kreemjas jasmiin, vanilline ka\u0161miir<\/li>\n<li>Baasnoodid: Kohev muskus, Dreamwood\u2019i akord<\/li>\n<\/ul>\n<p><strong>Midnight Bloom \u2013 <\/strong>Aroomit\u00fc\u00fcp: Soe lilleline<\/p>\n<ul>\n<li>Tipunoodid: \u00d5huline roosa freesia, marjakimp<\/li>\n<li>S\u00fcdamenoodid: Kuu\u00f5is, vahustatud pralinee<\/li>\n<li>Baasnoodid: S\u00e4ravad puidunoodid, kreemjas vanill<\/li>\n<\/ul>\n<p><strong>Bare Vanilla \u2013 <\/strong>Aroomit\u00fc\u00fcp: magus<\/p>\n<ul>\n<li>Tipunoodid: Bergamot, \u00f5unapuu\u00f5is<\/li>\n<li>S\u00fcdamenoodid: Valge ingliorhidee, suhkruvatt<\/li>\n<li>Baasnoodid: Vahustatud vanill, pehme ka\u0161miir<\/li>\n<\/ul>\n<p><strong>Love Spell \u2013 <\/strong>Aroomit\u00fc\u00fcp: Puuviljane \/ lilleline<\/p>\n<ul>\n<li>Tipunoodid: Punane \u00f5un, kirsipuu\u00f5is<\/li>\n<li>S\u00fcdamenoodid: Liilia, v\u00e4rske virsik<\/li>\n<li>Baasnoodid: Muskus, valged puidud<\/li>\n<\/ul>\n<p><strong>Pure Seduction \u2013 <\/strong>Aroomit\u00fc\u00fcp: Puuviljane<\/p>\n<ul>\n<li>Tipunoodid: Kasabamelon, punane ploom<\/li>\n<li>S\u00fcdamenoodid: Hommikukaste ts\u00fcklamen, freesia<\/li>\n<li>Baasnoodid: \u00d5rn muskus, roosipuu<\/li>\n<\/ul>\n<p><strong>Velvet Petals \u2013 <\/strong>Aroomit\u00fc\u00fcp: Puuviljane ja magus<\/p>\n<ul>\n<li>Tipunoodid: S\u00e4delev karambola, magus mandliglaseering<\/li>\n<li>S\u00fcdamenoodid: Kookospiim, suhkrustatud aprikoosi\u00f5is<\/li>\n<li>Baasnoodid: Hubased muskused, kreemjas sandlipuu<\/li>\n<\/ul>\n<p><strong>Coconut Passion \u2013 <\/strong>Aroomit\u00fc\u00fcp: Kookose\/magus<\/p>\n<ul>\n<li>Tipunoodid: P\u00f5ldmurakas, kookospiim<\/li>\n<li>S\u00fcdamenoodid: Metsik liilia, vaarika\u00f5is<\/li>\n<li>Baasnoodid: Suhkrustatud merevaik, soe liiv<\/li>\n<\/ul>\n<p><strong>Aqua Kiss \u2013 <\/strong>Aroomit\u00fc\u00fcp: V\u00e4rske<\/p>\n<ul>\n<li>Tipunoodid: Roosa greip, vihmast puudutatud freesia<\/li>\n<li>S\u00fcdamenoodid: Vesiroos, pirnikommid (pear drops)<\/li>\n<li>Baasnoodid: Valge merevaik, mineraalne muskus<\/li>\n<\/ul>\n<p><strong>Amber Romance \u2013 <\/strong>Aroomit\u00fc\u00fcp: Merevaigune ja magus<\/p>\n<ul>\n<li>Tipunoodid: Must kirss, kuldne aprikoos<\/li>\n<li>S\u00fcdamenoodid: V\u00fcrtsikas \u201eau lait\u201d, kaneelipilv<\/li>\n<li>Baasnoodid: Kreemjas vanill, kuldne merevaik<\/li>\n<\/ul>\n<p>Kauakestva l\u00f5hnaelamuse saamiseks \u00fchendage sobiva kehalosjooniga.<\/p>\n<details>\n<summary>Details<\/summary>\n<div translate=\"no\">\n<p>Victoria\u2019s Secret Body Fragrance Mist (250ml) TOP!This is the most popular collection with best aromas!<\/p>\n<p>Amber Romance \u2022 Type: Gourmand \u2022 Deep amber. Sugar kisses. Chasing sunsets.<br \/>\nPure Seduction \u2022 Type: Fruity \u2022 Juiced plum. Crushed freesia. All night long.<br \/>\nCoconut Passion \u2022 Type: Gourmand \u2022 Island coconut. Warm sands. Beach days forever.<br \/>\nVelvet Petals \u2022 Type: Fruity Gourmand \u2022 Lush blooms. Almond glaze. Made you blush.<br \/>\nMidnight Bloom \u2022 Type: Warm floral \u2022 Jasmine flower, musk. Delicate romantic bouquet. Creamy woods.<br \/>\nBare Vanilla \u2022 Type: Gourmand \u2022 Whipped vanilla. Soft cashmere. Skin to skin.<br \/>\nPear Glac\u00e9 \u2022 Type: Fruity \u2022 Sugared Pear. Dewy Melon. Oh la la.<br \/>\nLove Spell \u2022 Type: Fruity Floral \u2022 Cherry blossom. Fresh peach. Impossible to resist.<br \/>\nAqua Kiss \u2022 Type: Fresh \u2022 Cool waters. Bright daisy. Make a splash.<\/p>\n<p>Pair with a matching Fragrance Lotion for a long-lasting fragrance experience.<\/p>\n<p>INGREDIENTS:<br \/>\nAlcohol Denat., Water (Aqua, Eau), Fragrance (Parfum), Propylene Glycol, Glycerin, Vanillin, Limonene, Tetramethyl acetyloctahydronaphthalenes, Linalool, Linalyl acetate, Citrus Aurantium Bergamia Peel Oil, Pinene, Citronellol, Hexyl Cinnamal, PPG-26-Buteth-26, PEG-40 Hydrogenated Castor Oil, Ethylhexyl Methoxycinnamate, Ethylhexyl Salicylate, Butyl Methoxydibenzoylmethane<br \/>\nIngredients are subject to change. For an accurate list of ingredients, please refer to the product packaging.<\/p>\n<\/div>\n<p>Victoria\u2019s Secret \u0441\u043f\u0440\u0435\u0439 \u0434\u043b\u044f \u0442\u0435\u043b\u0430 (250ml ) TOP!<\/p>\n<p>\u042d\u0442\u043e \u0441\u0430\u043c\u0430\u044f \u043f\u043e\u043f\u0443\u043b\u044f\u0440\u043d\u0430\u044f \u043a\u043e\u043b\u043b\u0435\u043a\u0446\u0438\u044f \u0441 \u043d\u0435\u0432\u0435\u0440\u043e\u044f\u0442\u043d\u043e \u0430\u043f\u043f\u0435\u0442\u0438\u0442\u043d\u044b\u043c\u0438 \u0430\u0440\u043e\u043c\u0430\u0442\u0430\u043c\u0438!<\/p>\n<p>Amber Romance \u2022 \u0422\u0438\u043f: \u0421\u043b\u0430\u0434\u043a\u0438\u0439, \u0433\u0443\u0440\u043c\u0430\u043d\u0441\u043a\u0438\u0439 \u2022 \u041d\u0435\u0436\u043d\u044b\u0439 \u044f\u043d\u0442\u0430\u0440\u044c. \u0421\u0430\u0445\u0430\u0440\u043d\u044b\u0435 \u043f\u043e\u0446\u0435\u043b\u0443\u0438. \u0417\u043e\u043b\u043e\u0442\u044b\u0435 \u0437\u0430\u043a\u0430\u0442\u044b.<br \/>\nPure Seduction \u2022 \u0422\u0438\u043f: \u0424\u0440\u0443\u043a\u0442\u043e\u0432\u044b\u0439 \u2022 \u0421\u043e\u0447\u043d\u0430\u044f \u0441\u043b\u0438\u0432\u0430. \u041d\u0435\u0436\u043d\u0430\u044f \u0444\u0440\u0435\u0437\u0438\u044f. \u0421\u0438\u044f\u0439 \u0432\u0441\u044e \u043d\u043e\u0447\u044c.<br \/>\nCoconut Passion \u2022 \u0422\u0438\u043f: \u0421\u043b\u0430\u0434\u043a\u0438\u0439 \u043a\u043e\u043a\u043e\u0441, \u0433\u0443\u0440\u043c\u0430\u043d\u0441\u043a\u0438\u0439 \u2022 \u041a\u043e\u043a\u043e\u0441\u043e\u0432\u044b\u0435 \u043f\u0430\u043b\u044c\u043c\u044b. \u0422\u0435\u043f\u043b\u044b\u0435 \u043f\u0435\u0441\u0447\u0430\u043d\u044b\u0435 \u043f\u043b\u044f\u0436\u0438. \u041d\u0430\u0432\u0441\u0435\u0433\u0434\u0430 \u043d\u0430 \u043f\u043b\u044f\u0436\u0435.<br \/>\nVelvet Petals \u2022 \u0422\u0438\u043f: \u0424\u0440\u0443\u043a\u0442\u043e\u0432\u044b\u0439 \u0433\u0443\u0440\u043c\u0430\u043d\u0441\u043a\u0438\u0439, \u0441\u043b\u0430\u0434\u043a\u0438\u0439, \u0444\u0440\u0443\u043a\u0442\u043e\u0432\u043e-\u0446\u0432\u0435\u0442\u043e\u0447\u043d\u044b\u0439, \u043a\u0440\u0435\u043c\u043e\u0432\u044b\u0439 \u0430\u0440\u043e\u043c\u0430\u0442 \u0441 \u043d\u043e\u0442\u043a\u0430\u043c\u0438 \u0446\u0432\u0435\u0442\u0443\u0449\u0435\u0439 \u0433\u0430\u0440\u0434\u0435\u043d\u0438\u0438 \u0438 \u043c\u0438\u043d\u0434\u0430\u043b\u044c\u043d\u043e\u0439 \u0433\u043b\u0430\u0437\u0443\u0440\u0438.<br \/>\nMidnight Bloom \u2022 \u0422\u0438\u043f: \u0422\u0435\u043f\u043b\u044b\u0439 \u0446\u0432\u0435\u0442\u043e\u0447\u043d\u044b\u0439 \u2022 \u0426\u0432\u0435\u0442\u043e\u043a \u0436\u0430\u0441\u043c\u0438\u043d\u0430, \u043c\u0443\u0441\u043a\u0443\u0441. \u041d\u0435\u0436\u043d\u044b\u0439 \u0440\u043e\u043c\u0430\u043d\u0442\u0438\u0447\u0435\u0441\u043a\u0438\u0439 \u0431\u0443\u043a\u0435\u0442. \u041a\u0440\u0435\u043c\u043e\u0432\u044b\u0435 \u043b\u0435\u0441\u0430.<br \/>\nBare Vanilla \u2022 \u0422\u0438\u043f: \u0421\u043b\u0430\u0434\u043a\u0438\u0439, \u0433\u0443\u0440\u043c\u0430\u043d\u0441\u043a\u0438\u0439 \u2022 \u0412\u0437\u0431\u0438\u0442\u0430\u044f \u0432\u0430\u043d\u0438\u043b\u044c. \u041c\u044f\u0433\u043a\u0438\u0439 \u043a\u0430\u0448\u0435\u043c\u0438\u0440. \u041a\u043e\u0436\u0430 \u043a \u043a\u043e\u0436\u0435.<br \/>\nPear Glac\u00e9 \u2022 \u0422\u0438\u043f: \u0424\u0440\u0443\u043a\u0442\u043e\u0432\u044b\u0439 \u2022 \u0417\u0430\u0441\u0430\u0445\u0430\u0440\u0435\u043d\u043d\u0430\u044f \u0433\u0440\u0443\u0448\u0430. \u0421\u043e\u0447\u043d\u0430\u044f \u0434\u044b\u043d\u044f. \u0421\u043b\u0430\u0434\u043a\u0438\u0439 \u0441\u043e\u0431\u043b\u0430\u0437\u043d.<br \/>\nLove Spell \u2022 \u0422\u0438\u043f: \u0424\u0440\u0443\u043a\u0442\u043e\u0432\u043e-\u0446\u0432\u0435\u0442\u043e\u0447\u043d\u044b\u0439 \u2022 \u0412\u0438\u0448\u043d\u0435\u0432\u044b\u0439 \u0446\u0432\u0435\u0442. \u0421\u0432\u0435\u0436\u0438\u0439 \u043f\u0435\u0440\u0441\u0438\u043a. \u041d\u0435\u0432\u043e\u0437\u043c\u043e\u0436\u043d\u043e \u0443\u0441\u0442\u043e\u044f\u0442\u044c.<br \/>\nAqua Kiss \u2022 \u0422\u0438\u043f: \u0421\u0432\u0435\u0436\u0438\u0439 \u2022 \u041f\u0440\u043e\u0445\u043b\u0430\u0434\u043d\u0430\u044f \u0432\u043e\u0434\u0430. \u042f\u0440\u043a\u0430\u044f \u0440\u043e\u043c\u0430\u0448\u043a\u0430. \u0412\u0441\u043f\u043b\u0435\u0441\u043a.<\/p>\n<p>\u0421\u043e\u0447\u0435\u0442\u0430\u0439\u0442\u0435 \u0441 \u0441\u043e\u043e\u0442\u0432\u0435\u0442\u0441\u0442\u0432\u0443\u044e\u0449\u0438\u043c \u043b\u043e\u0441\u044c\u043e\u043d\u043e\u043c \u0434\u043b\u044f \u0434\u043b\u0438\u0442\u0435\u043b\u044c\u043d\u043e\u0433\u043e \u043e\u0449\u0443\u0449\u0435\u043d\u0438\u044f \u0430\u0440\u043e\u043c\u0430\u0442\u0430.<\/p>\n<\/details>\n","protected":false},"featured_media":25627,"template":"","meta":{"jetpack_publicize_message":"","jetpack_publicize_feature_enabled":true,"jetpack_social_post_already_shared":true,"jetpack_social_options":{"image_generator_settings":{"template":"highway","default_image_id":0,"font":"","enabled":false},"version":2}},"product_brand":[],"product_cat":[910,927,341],"product_tag":[900,901],"class_list":{"0":"post-22367","1":"product","2":"type-product","3":"status-publish","4":"has-post-thumbnail","6":"product_cat-kehaspreid","7":"product_cat-victorias-secret-body-mists","8":"product_cat-victorias-secret","9":"product_tag-kehasprei","10":"product_tag-mist","11":"pa_lohn-amber-romance","12":"pa_lohn-aqua-kiss","13":"pa_lohn-bare-vanilla","14":"pa_lohn-cashmere-fleur","15":"pa_lohn-coconut-passion","16":"pa_lohn-love-spell","17":"pa_lohn-midnight-bloom","18":"pa_lohn-pear-glace","19":"pa_lohn-pure-seduction","20":"pa_lohn-velvet-petals","22":"first","23":"instock","24":"sale","25":"shipping-taxable","26":"purchasable","27":"product-type-variable"},"jetpack_publicize_connections":[],"jetpack_sharing_enabled":true,"jetpack_likes_enabled":true,"_links":{"self":[{"href":"https:\/\/superstore.ee\/index.php\/wp-json\/wp\/v2\/product\/22367","targetHints":{"allow":["GET"]}}],"collection":[{"href":"https:\/\/superstore.ee\/index.php\/wp-json\/wp\/v2\/product"}],"about":[{"href":"https:\/\/superstore.ee\/index.php\/wp-json\/wp\/v2\/types\/product"}],"wp:featuredmedia":[{"embeddable":true,"href":"https:\/\/superstore.ee\/index.php\/wp-json\/wp\/v2\/media\/25627"}],"wp:attachment":[{"href":"https:\/\/superstore.ee\/index.php\/wp-json\/wp\/v2\/media?parent=22367"}],"wp:term":[{"taxonomy":"product_brand","embeddable":true,"href":"https:\/\/superstore.ee\/index.php\/wp-json\/wp\/v2\/product_brand?post=22367"},{"taxonomy":"product_cat","embeddable":true,"href":"https:\/\/superstore.ee\/index.php\/wp-json\/wp\/v2\/product_cat?post=22367"},{"taxonomy":"product_tag","embeddable":true,"href":"https:\/\/superstore.ee\/index.php\/wp-json\/wp\/v2\/product_tag?post=22367"}],"curies":[{"name":"wp","href":"https:\/\/api.w.org\/{rel}","templated":true}]}}