{"id":22553,"date":"2025-03-16T20:47:19","date_gmt":"2025-03-16T18:47:19","guid":{"rendered":"https:\/\/superstore.ee\/?post_type=product&#038;p=22553"},"modified":"2025-06-10T19:12:19","modified_gmt":"2025-06-10T16:12:19","slug":"bath-body-works-moonlight-path-body-lotion-236ml","status":"publish","type":"product","link":"https:\/\/superstore.ee\/index.php\/toode\/bath-body-works-moonlight-path-body-lotion-236ml\/","title":{"rendered":"Bath &#038; Body Works Moonlight Path Body Lotion (236ml)"},"content":{"rendered":"","protected":false},"excerpt":{"rendered":"<p data-start=\"1160\" data-end=\"1210\">Bath &amp; Body Works Moonlight Path\u00a0kehakreem<\/p>\n<p data-start=\"1212\" data-end=\"1363\">Sukelduge \u00f5rna ja rahustavasse aroomi, mis \u00fchendab <strong data-start=\"1263\" data-end=\"1360\">\u00f6\u00f6sel \u00f5itseva jasmiini, sinise kannikese, l\u00e4bipaistva lavendli, maikellukese ja pehme muskuse<\/strong>.<\/p>\n<p data-start=\"1365\" data-end=\"1666\">\u2714 <strong data-start=\"1367\" data-end=\"1395\">Tagab 24 tundi niisutust<\/strong>, j\u00e4ttes naha pehmeks ja siledaks<br data-start=\"1428\" data-end=\"1431\" \/>\u2714 <strong data-start=\"1433\" data-end=\"1480\">Sisaldab kookos\u00f5li, sheav\u00f5id ja E-vitamiini<\/strong>, mis toidavad ja kaitsevad nahka<br data-start=\"1513\" data-end=\"1516\" \/>\u2714 <strong data-start=\"1518\" data-end=\"1551\">K\u00f5ige kergem niisutav koostis<\/strong>, mis imendub kiiresti<br data-start=\"1573\" data-end=\"1576\" \/><strong>\u2714 Ei sisalda parabeene ega kunstlikke v\u00e4rvaineid<\/strong><br data-start=\"1628\" data-end=\"1631\" \/><strong>\u2714 Dermatoloogiliselt testitud<\/strong><\/p>\n<p data-start=\"1668\" data-end=\"1727\" data-is-last-node=\"\" data-is-only-node=\"\">Maht: 236 ml (8 fl oz)<br data-start=\"1694\" data-end=\"1697\" \/>Br\u00e4ndi p\u00e4ritoluriik: USA<\/p>\n<details>\n<summary>Details<\/summary>\n<div translate=\"no\">Bath &amp; Body Works Moonlight Path Body Lotion<br \/>\nWhat it smells like: wandering out to the lush, fragrant flower garden at midnight.Fragrance notes: night-blooming jasmine, blue violet, sheer lavender, lily of the valley and soft musk.<br \/>\nWhat it does: provides 24 hours of continuous moisture so your skin feels soft, nourished and conditioned.Why you&#8217;ll love it:Infused with the good stuff (coconut oil, shea butter and vitamin E)<br \/>\nOur lightest way to moisturize<br \/>\nMade without parabens or artificial dyes<br \/>\nDermatologist testedVolume: 236 ml (8 fl oz)<br \/>\nBrand country: USA<\/p>\n<p>INGREDIENTS:<br \/>\nWater (Aqua, Eau), Dimethicone, Glycerin, Cetyl Alcohol, Fragrance (Parfum), C12-15 Alkyl Benzoate, Butyrospermum Parkii (Shea) Butter, Cocos Nucifera (Coconut) Oil, Cetearyl Alcohol, Ceteareth-20, Phenoxyethanol, Isododecane, Palmitic Acid, Glyceryl Stearate SE, Stearic Acid, Chlorphenesin, Dimethiconol, Dimethicone Crosspolymer, Carbomer, Disodium EDTA, Sodium Hydroxide, Tocopheryl Acetate, Ethylhexylglycerin, Alpha-Isomethyl Ionone, Coumarin, Hydroxycitronellal, Linalool, Benzyl Benzoate, Citronellol, Hexyl Cinnamal, Geraniol, Cinnamyl Alcohol, Limonene, Benzyl Salicylate.<\/p>\n<\/div>\n<p>Bath &amp; Body Works Moonlight Path \u043b\u043e\u0441\u044c\u043e\u043d \u0434\u043b\u044f \u0442\u0435\u043b\u0430 (\u043a\u0440\u0435\u043c \u0434\u043b\u044f \u0442\u0435\u043b\u0430). \u041f\u043e\u0433\u0440\u0443\u0437\u0438\u0442\u0435\u0441\u044c \u0432 \u043d\u0435\u0436\u043d\u044b\u0439 \u0438 \u0443\u0441\u043f\u043e\u043a\u0430\u0438\u0432\u0430\u044e\u0449\u0438\u0439 \u0430\u0440\u043e\u043c\u0430\u0442, \u0441\u043e\u0447\u0435\u0442\u0430\u044e\u0449\u0438\u0439 \u043d\u043e\u0447\u043d\u043e\u0439 \u0436\u0430\u0441\u043c\u0438\u043d, \u0433\u043e\u043b\u0443\u0431\u0443\u044e \u0444\u0438\u0430\u043b\u043a\u0443, \u043f\u0440\u043e\u0437\u0440\u0430\u0447\u043d\u0443\u044e \u043b\u0430\u0432\u0430\u043d\u0434\u0443, \u043b\u0430\u043d\u0434\u044b\u0448 \u0438 \u043c\u044f\u0433\u043a\u0438\u0439 \u043c\u0443\u0441\u043a\u0443\u0441. \u041e\u0431\u0435\u0441\u043f\u0435\u0447\u0438\u0432\u0430\u0435\u0442 24 \u0447\u0430\u0441\u0430 \u0443\u0432\u043b\u0430\u0436\u043d\u0435\u043d\u0438\u044f, \u0434\u0435\u043b\u0430\u044f \u043a\u043e\u0436\u0443 \u043c\u044f\u0433\u043a\u043e\u0439 \u0438 \u0433\u043b\u0430\u0434\u043a\u043e\u0439. \u0421\u043e\u0434\u0435\u0440\u0436\u0438\u0442 \u043a\u043e\u043a\u043e\u0441\u043e\u0432\u043e\u0435 \u043c\u0430\u0441\u043b\u043e, \u043c\u0430\u0441\u043b\u043e \u0448\u0438 \u0438 \u0432\u0438\u0442\u0430\u043c\u0438\u043d E, \u043a\u043e\u0442\u043e\u0440\u044b\u0435 \u043f\u0438\u0442\u0430\u044e\u0442 \u0438 \u0437\u0430\u0449\u0438\u0449\u0430\u044e\u0442 \u043a\u043e\u0436\u0443<\/p>\n<\/details>\n","protected":false},"featured_media":22602,"template":"","meta":{"jetpack_publicize_message":"","jetpack_publicize_feature_enabled":true,"jetpack_social_post_already_shared":true,"jetpack_social_options":{"image_generator_settings":{"template":"highway","default_image_id":0,"font":"","enabled":false},"version":2}},"product_brand":[],"product_cat":[919,936,912],"product_tag":[],"class_list":{"0":"post-22553","1":"product","2":"type-product","3":"status-publish","4":"has-post-thumbnail","6":"product_cat-bath-and-body-works","7":"product_cat-bath-and-body-works-body-lotions","8":"product_cat-nahahooldus","10":"first","11":"instock","12":"sale","13":"shipping-taxable","14":"purchasable","15":"product-type-simple"},"jetpack_publicize_connections":[],"jetpack_sharing_enabled":true,"jetpack_likes_enabled":true,"_links":{"self":[{"href":"https:\/\/superstore.ee\/index.php\/wp-json\/wp\/v2\/product\/22553","targetHints":{"allow":["GET"]}}],"collection":[{"href":"https:\/\/superstore.ee\/index.php\/wp-json\/wp\/v2\/product"}],"about":[{"href":"https:\/\/superstore.ee\/index.php\/wp-json\/wp\/v2\/types\/product"}],"wp:featuredmedia":[{"embeddable":true,"href":"https:\/\/superstore.ee\/index.php\/wp-json\/wp\/v2\/media\/22602"}],"wp:attachment":[{"href":"https:\/\/superstore.ee\/index.php\/wp-json\/wp\/v2\/media?parent=22553"}],"wp:term":[{"taxonomy":"product_brand","embeddable":true,"href":"https:\/\/superstore.ee\/index.php\/wp-json\/wp\/v2\/product_brand?post=22553"},{"taxonomy":"product_cat","embeddable":true,"href":"https:\/\/superstore.ee\/index.php\/wp-json\/wp\/v2\/product_cat?post=22553"},{"taxonomy":"product_tag","embeddable":true,"href":"https:\/\/superstore.ee\/index.php\/wp-json\/wp\/v2\/product_tag?post=22553"}],"curies":[{"name":"wp","href":"https:\/\/api.w.org\/{rel}","templated":true}]}}