{"id":22645,"date":"2025-03-20T18:04:06","date_gmt":"2025-03-20T16:04:06","guid":{"rendered":"https:\/\/superstore.ee\/?post_type=product&#038;p=22645"},"modified":"2026-02-01T18:14:37","modified_gmt":"2026-02-01T16:14:37","slug":"bath-body-works-whiskey-reserve-mens-3-in-1-hair-body-wash","status":"publish","type":"product","link":"https:\/\/superstore.ee\/index.php\/toode\/bath-body-works-whiskey-reserve-mens-3-in-1-hair-body-wash\/","title":{"rendered":"Bath &#038; Body Works Whiskey Reserve Men&#8217;s 3-IN-1 Hair &#038; Body Wash (295ml)"},"content":{"rendered":"","protected":false},"excerpt":{"rendered":"<p data-start=\"1194\" data-end=\"1258\">Bath &amp; Body Works Whiskey Reserve 3-in-1 du\u0161igeel meestele<\/p>\n<p data-start=\"1260\" data-end=\"1478\">Naudi enesekindlust ja mugavust selle rikkaliku puiduse aroomiga, milles kohtuvad puuviljased aktsendid, viski ja v\u00e4rsked rohelised noodid. Mugav 3-in-1 koostis sobib ideaalselt juuste, keha ja n\u00e4o igap\u00e4evaseks pesuks.<\/p>\n<p data-start=\"1480\" data-end=\"1721\">\u2714 <strong data-start=\"1482\" data-end=\"1500\">3-in-1 koostis<\/strong>: \u0161ampoon, du\u0161igeel ja n\u00e4opuhastusvahend<br data-start=\"1540\" data-end=\"1543\" \/>\u2714 <strong data-start=\"1545\" data-end=\"1582\">Sisaldab aaloed ja provitamiin B5<\/strong>, mis niisutavad ning toidavad nahka ja juukseid<br data-start=\"1630\" data-end=\"1633\" \/>\u2714 <strong data-start=\"1635\" data-end=\"1685\">Ei sisalda parabeene ega kunstlikke v\u00e4rvaineid<\/strong><br data-start=\"1685\" data-end=\"1688\" \/>\u2714 <strong data-start=\"1690\" data-end=\"1721\">Dermatoloogiliselt testitud<\/strong><\/p>\n<p data-start=\"1723\" data-end=\"1781\" data-is-last-node=\"\" data-is-only-node=\"\">Maht: 295 ml (10 fl oz)<br data-start=\"1750\" data-end=\"1753\" \/>Br\u00e4ndi p\u00e4ritoluriik: USA<\/p>\n<details>\n<summary>Details<\/summary>\n<div translate=\"no\">Bath &amp; Body Works Whiskey Reserve Men&#8217;s 3-in-1 Hair, Face &amp; Body WashFeel confident and refreshed with this rich, woody fragrance that combines fruity accents, whiskey, and fresh green notes. The convenient 3-in-1 formula simplifies your routine, perfect for cleansing hair, face, and body.<\/p>\n<p>\u2714 3-in-1 formula: shampoo, body wash, and face cleanser<br \/>\n\u2714 Infused with Aloe and Pro-Vitamin B5 to nourish and moisturize skin and hair<br \/>\n\u2714 Paraben-free and made without artificial dyes<br \/>\n\u2714 Dermatologist tested<\/p>\n<p>Volume: 295 ml (10 fl oz)<br \/>\nBrand country: USA<\/p>\n<p>INGREDIENTS:<br \/>\nWater (Aqua, Eau), Sodium Lauryl Sulfate, TEA-Lauryl Sulfate, Acrylates Copolymer, Lauramidopropyl Betaine, Fragrance (Parfum), Aloe Barbadensis Leaf Juice, Tocopheryl Acetate, Sodium PCA, Sodium Lactate, Panthenol (Pro-Vitamin B5), Citric Acid, Sodium Chloride, Sodium Benzoate, Disodium EDTA, Benzyl Alcohol, Citronellol, Coumarin, Limonene, Linalool, Caramel, Yellow 5 (CI 19140), Red 33 (CI 17200).<\/p>\n<\/div>\n<p>Bath &amp; Body Works Whiskey Reserve \u0433\u0435\u043b\u044c \u0434\u043b\u044f \u0434\u0443\u0448\u0430 3-\u0432-1 \u0434\u043b\u044f \u043c\u0443\u0436\u0447\u0438\u043d. \u041f\u043e\u0447\u0443\u0432\u0441\u0442\u0432\u0443\u0439\u0442\u0435 \u0443\u0432\u0435\u0440\u0435\u043d\u043d\u043e\u0441\u0442\u044c \u0438 \u043a\u043e\u043c\u0444\u043e\u0440\u0442 \u0441 \u043d\u0430\u0441\u044b\u0449\u0435\u043d\u043d\u044b\u043c \u0434\u0440\u0435\u0432\u0435\u0441\u043d\u044b\u043c \u0430\u0440\u043e\u043c\u0430\u0442\u043e\u043c, \u0432 \u043a\u043e\u0442\u043e\u0440\u043e\u043c \u0433\u0430\u0440\u043c\u043e\u043d\u0438\u0447\u043d\u043e \u0441\u043e\u0447\u0435\u0442\u0430\u044e\u0442\u0441\u044f \u0444\u0440\u0443\u043a\u0442\u043e\u0432\u044b\u0435 \u0430\u043a\u0446\u0435\u043d\u0442\u044b, \u0432\u0438\u0441\u043a\u0438 \u0438 \u0441\u0432\u0435\u0436\u0438\u0435 \u0437\u0435\u043b\u0451\u043d\u044b\u0435 \u043d\u043e\u0442\u044b. \u0413\u0435\u043b\u044c \u043f\u043e\u0434\u0445\u043e\u0434\u0438\u0442 \u0434\u043b\u044f \u0442\u0435\u043b\u0430, \u0432\u043e\u043b\u043e\u0441 \u0438 \u043b\u0438\u0446\u0430, \u0434\u0435\u043b\u0430\u044f \u0435\u0436\u0435\u0434\u043d\u0435\u0432\u043d\u044b\u0439 \u0443\u0445\u043e\u0434 \u043f\u0440\u043e\u0441\u0442\u044b\u043c \u0438 \u043f\u0440\u0438\u044f\u0442\u043d\u044b\u043c. \u0424\u043e\u0440\u043c\u0443\u043b\u0430 3-\u0432-1: \u0448\u0430\u043c\u043f\u0443\u043d\u044c, \u0433\u0435\u043b\u044c \u0434\u043b\u044f \u0442\u0435\u043b\u0430 \u0438 \u0441\u0440\u0435\u0434\u0441\u0442\u0432\u043e \u0434\u043b\u044f \u0443\u043c\u044b\u0432\u0430\u043d\u0438\u044f \u043b\u0438\u0446\u0430. \u0421\u043e\u0434\u0435\u0440\u0436\u0438\u0442 \u0430\u043b\u043e\u044d \u0438 \u043f\u0440\u043e\u0432\u0438\u0442\u0430\u043c\u0438\u043d B5, \u0443\u0432\u043b\u0430\u0436\u043d\u044f\u044e\u0449\u0438\u0435 \u0438 \u043f\u0438\u0442\u0430\u044e\u0449\u0438\u0435 \u043a\u043e\u0436\u0443 \u0438 \u0432\u043e\u043b\u043e\u0441\u044b<\/p>\n<\/details>\n","protected":false},"featured_media":22659,"template":"","meta":{"jetpack_publicize_message":"","jetpack_publicize_feature_enabled":true,"jetpack_social_post_already_shared":true,"jetpack_social_options":{"image_generator_settings":{"template":"highway","default_image_id":0,"font":"","enabled":false},"version":2}},"product_brand":[],"product_cat":[919,934,940,912],"product_tag":[],"class_list":{"0":"post-22645","1":"product","2":"type-product","3":"status-publish","4":"has-post-thumbnail","6":"product_cat-bath-and-body-works","7":"product_cat-bath-and-body-works-body-washes","8":"product_cat-for-men","9":"product_cat-nahahooldus","11":"first","12":"outofstock","13":"sale","14":"shipping-taxable","15":"purchasable","16":"product-type-simple"},"jetpack_publicize_connections":[],"jetpack_sharing_enabled":true,"jetpack_likes_enabled":true,"_links":{"self":[{"href":"https:\/\/superstore.ee\/index.php\/wp-json\/wp\/v2\/product\/22645","targetHints":{"allow":["GET"]}}],"collection":[{"href":"https:\/\/superstore.ee\/index.php\/wp-json\/wp\/v2\/product"}],"about":[{"href":"https:\/\/superstore.ee\/index.php\/wp-json\/wp\/v2\/types\/product"}],"wp:featuredmedia":[{"embeddable":true,"href":"https:\/\/superstore.ee\/index.php\/wp-json\/wp\/v2\/media\/22659"}],"wp:attachment":[{"href":"https:\/\/superstore.ee\/index.php\/wp-json\/wp\/v2\/media?parent=22645"}],"wp:term":[{"taxonomy":"product_brand","embeddable":true,"href":"https:\/\/superstore.ee\/index.php\/wp-json\/wp\/v2\/product_brand?post=22645"},{"taxonomy":"product_cat","embeddable":true,"href":"https:\/\/superstore.ee\/index.php\/wp-json\/wp\/v2\/product_cat?post=22645"},{"taxonomy":"product_tag","embeddable":true,"href":"https:\/\/superstore.ee\/index.php\/wp-json\/wp\/v2\/product_tag?post=22645"}],"curies":[{"name":"wp","href":"https:\/\/api.w.org\/{rel}","templated":true}]}}