{"id":22648,"date":"2025-03-20T19:34:25","date_gmt":"2025-03-20T17:34:25","guid":{"rendered":"https:\/\/superstore.ee\/?post_type=product&#038;p=22648"},"modified":"2025-10-20T05:37:52","modified_gmt":"2025-10-20T02:37:52","slug":"bath-body-works-gingham-legend-mens-3-in-1-hair-body-wash","status":"publish","type":"product","link":"https:\/\/superstore.ee\/index.php\/toode\/bath-body-works-gingham-legend-mens-3-in-1-hair-body-wash\/","title":{"rendered":"Bath &#038; Body Works Gingham Legend Men&#8217;s 3-IN-1 Hair &#038; Body Wash (295ml)"},"content":{"rendered":"","protected":false},"excerpt":{"rendered":"<p data-start=\"1418\" data-end=\"1501\">Bath &amp; Body Works Gingham Legend meeste 3-\u00fches juuste, n\u00e4o ja keha pesuvahend<\/p>\n<p data-start=\"1503\" data-end=\"1720\">Kogege v\u00e4rsket ja mehelikku aroomi, mis \u00fchendab <strong data-start=\"1551\" data-end=\"1620\">elavaid tsitrusen\u00fcansse, aromaatset salveid ja puidust sandlipuud<\/strong>. See mitmek\u00fclgne pesuvahend sobib juuste, n\u00e4o ja keha puhastamiseks, pakkudes terviklikku hooldust.<\/p>\n<p data-start=\"1722\" data-end=\"1956\">\u2714 <strong data-start=\"1724\" data-end=\"1740\">3-\u00fches valem<\/strong>: \u0161ampoon, du\u0161igeel ja n\u00e4opuhastusvahend<br data-start=\"1780\" data-end=\"1783\" \/>\u2714 <strong data-start=\"1785\" data-end=\"1819\">Sisaldab aaloed ja E-vitamiini<\/strong>, mis niisutavad ja toidavad nahka ja juukseid<br data-start=\"1865\" data-end=\"1868\" \/>\u2714 <strong data-start=\"1870\" data-end=\"1920\">Ei sisalda parabeene ega kunstlikke v\u00e4rvaineid<\/strong><br data-start=\"1920\" data-end=\"1923\" \/>\u2714 <strong data-start=\"1925\" data-end=\"1956\">Dermatoloogiliselt testitud<\/strong><\/p>\n<p data-start=\"1958\" data-end=\"2016\">Maht: 295 ml (10 fl oz)<br data-start=\"1985\" data-end=\"1988\" \/>Br\u00e4ndi p\u00e4ritoluriik: USA<\/p>\n<details>\n<summary>Details<\/summary>\n<div translate=\"no\">\n<p>Bath &amp; Body Works Gingham Legend \u2013 Men&#8217;s 3-in-1 Hair, Face &amp; Body WashExperience a fresh and masculine fragrance blending vibrant citrus, aromatic sage, and woody sandalwood. This versatile wash is suitable for cleansing hair, face, and body, providing comprehensive care.<\/p>\n<p>\u2714 3-in-1 formula: shampoo, body wash, and face cleanser<br \/>\n\u2714 Infused with aloe and vitamin E to moisturize and nourish skin and hair<br \/>\n\u2714 Paraben-free and made without artificial dyes<br \/>\n\u2714 Dermatologist tested<\/p>\n<p>Volume: 295 ml (10 fl oz)<br \/>\nBrand country: USA<\/p>\n<p>INGREDIENTS:<br \/>\nWater (Aqua, Eau), Cocamidopropyl Betaine, Sodium Methyl Cocoyl Taurate, Fragrance (Parfum), Sodium Lauroyl Methyl Isethionate, Sodium Lauroyl Sarcosinate, Glycerin, Aloe Barbadensis Leaf Juice, Tocopheryl Acetate, Sodium Chloride, Citric Acid, Sodium Benzoate, Disodium EDTA, Benzyl Alcohol, Coumarin, Limonene, Linalool, Blue 1 (CI 42090).<\/p>\n<\/div>\n<p>Bath &amp; Body Works Gingham Legend \u2013 \u0433\u0435\u043b\u044c \u0434\u043b\u044f \u0434\u0443\u0448\u0430 3-\u0432-1 \u0434\u043b\u044f \u043c\u0443\u0436\u0447\u0438\u043d. \u041e\u0449\u0443\u0442\u0438\u0442\u0435 \u0441\u0432\u0435\u0436\u0438\u0439 \u0438 \u043c\u0443\u0436\u0435\u0441\u0442\u0432\u0435\u043d\u043d\u044b\u0439 \u0430\u0440\u043e\u043c\u0430\u0442, \u0441\u043e\u0447\u0435\u0442\u0430\u044e\u0449\u0438\u0439 \u044f\u0440\u043a\u0438\u0435 \u0446\u0438\u0442\u0440\u0443\u0441\u043e\u0432\u044b\u0435 \u043d\u043e\u0442\u044b, \u0430\u0440\u043e\u043c\u0430\u0442\u0438\u0447\u0435\u0441\u043a\u0438\u0439 \u0448\u0430\u043b\u0444\u0435\u0439 \u0438 \u0434\u0440\u0435\u0432\u0435\u0441\u043d\u044b\u0439 \u0441\u0430\u043d\u0434\u0430\u043b. \u042d\u0442\u043e\u0442 \u0443\u043d\u0438\u0432\u0435\u0440\u0441\u0430\u043b\u044c\u043d\u044b\u0439 \u0433\u0435\u043b\u044c \u043f\u043e\u0434\u0445\u043e\u0434\u0438\u0442 \u0434\u043b\u044f \u043c\u044b\u0442\u044c\u044f \u0432\u043e\u043b\u043e\u0441, \u043b\u0438\u0446\u0430 \u0438 \u0442\u0435\u043b\u0430, \u043e\u0431\u0435\u0441\u043f\u0435\u0447\u0438\u0432\u0430\u044f \u043a\u043e\u043c\u043f\u043b\u0435\u043a\u0441\u043d\u044b\u0439 \u0443\u0445\u043e\u0434. \u0424\u043e\u0440\u043c\u0443\u043b\u0430 3-\u0432-1: \u0448\u0430\u043c\u043f\u0443\u043d\u044c, \u0433\u0435\u043b\u044c \u0434\u043b\u044f \u0434\u0443\u0448\u0430 \u0438 \u0441\u0440\u0435\u0434\u0441\u0442\u0432\u043e \u0434\u043b\u044f \u0443\u043c\u044b\u0432\u0430\u043d\u0438\u044f \u043b\u0438\u0446\u0430. \u0421\u043e\u0434\u0435\u0440\u0436\u0438\u0442 \u0430\u043b\u043e\u044d \u0438 \u0432\u0438\u0442\u0430\u043c\u0438\u043d \u0415, \u0443\u0432\u043b\u0430\u0436\u043d\u044f\u044e\u0449\u0438\u0435 \u0438 \u043f\u0438\u0442\u0430\u044e\u0449\u0438\u0435 \u043a\u043e\u0436\u0443 \u0438 \u0432\u043e\u043b\u043e\u0441\u044b<\/p>\n<\/details>\n","protected":false},"featured_media":22658,"template":"","meta":{"jetpack_publicize_message":"","jetpack_publicize_feature_enabled":true,"jetpack_social_post_already_shared":true,"jetpack_social_options":{"image_generator_settings":{"template":"highway","default_image_id":0,"font":"","enabled":false},"version":2}},"product_brand":[],"product_cat":[919,934,940,912],"product_tag":[],"class_list":{"0":"post-22648","1":"product","2":"type-product","3":"status-publish","4":"has-post-thumbnail","6":"product_cat-bath-and-body-works","7":"product_cat-bath-and-body-works-body-washes","8":"product_cat-for-men","9":"product_cat-nahahooldus","11":"first","12":"outofstock","13":"sale","14":"shipping-taxable","15":"purchasable","16":"product-type-simple"},"jetpack_publicize_connections":[],"jetpack_sharing_enabled":true,"jetpack_likes_enabled":true,"_links":{"self":[{"href":"https:\/\/superstore.ee\/index.php\/wp-json\/wp\/v2\/product\/22648","targetHints":{"allow":["GET"]}}],"collection":[{"href":"https:\/\/superstore.ee\/index.php\/wp-json\/wp\/v2\/product"}],"about":[{"href":"https:\/\/superstore.ee\/index.php\/wp-json\/wp\/v2\/types\/product"}],"wp:featuredmedia":[{"embeddable":true,"href":"https:\/\/superstore.ee\/index.php\/wp-json\/wp\/v2\/media\/22658"}],"wp:attachment":[{"href":"https:\/\/superstore.ee\/index.php\/wp-json\/wp\/v2\/media?parent=22648"}],"wp:term":[{"taxonomy":"product_brand","embeddable":true,"href":"https:\/\/superstore.ee\/index.php\/wp-json\/wp\/v2\/product_brand?post=22648"},{"taxonomy":"product_cat","embeddable":true,"href":"https:\/\/superstore.ee\/index.php\/wp-json\/wp\/v2\/product_cat?post=22648"},{"taxonomy":"product_tag","embeddable":true,"href":"https:\/\/superstore.ee\/index.php\/wp-json\/wp\/v2\/product_tag?post=22648"}],"curies":[{"name":"wp","href":"https:\/\/api.w.org\/{rel}","templated":true}]}}