{"id":22701,"date":"2025-03-22T14:39:50","date_gmt":"2025-03-22T12:39:50","guid":{"rendered":"https:\/\/superstore.ee\/?post_type=product&#038;p=22701"},"modified":"2025-09-22T22:49:10","modified_gmt":"2025-09-22T19:49:10","slug":"kiko-milano-glossy-dream-sheer-lipstick-201-rosy-beige","status":"publish","type":"product","link":"https:\/\/superstore.ee\/index.php\/toode\/kiko-milano-glossy-dream-sheer-lipstick-201-rosy-beige\/","title":{"rendered":"KIKO Milano Glossy Dream Sheer Lipstick (201 Rosy Beige)"},"content":{"rendered":"","protected":false},"excerpt":{"rendered":"<p data-start=\"1119\" data-end=\"1203\">Pooll\u00e4bipaistev huulepulk Glossy Dream Sheer Lipstick KIKO Milano (201 Rosy Beige)<\/p>\n<p data-start=\"1205\" data-end=\"1561\">Kerge huulepulk pooll\u00e4bipaistva viimistlusega toonis <em data-start=\"1258\" data-end=\"1270\">Rosy Beige<\/em>, mis toob esile huulte loomuliku ilu. Sisaldab h\u00fcaluroonhappe sf\u00e4\u00e4re ja orhideeekstrakti, mis niisutavad, siluvad ja pehmendavad huuli. Kreemjas tekstuur on mugav ja ei kuivata huuli. Metallikviimistlusega stiilne pakend koos vajutatava nupuga sobib suurep\u00e4raselt igap\u00e4evaseks kasutamiseks.<\/p>\n<p data-start=\"1563\" data-end=\"1577\"><strong data-start=\"1563\" data-end=\"1575\">Eelised:<\/strong><\/p>\n<ul data-start=\"1578\" data-end=\"1848\">\n<li data-start=\"1578\" data-end=\"1642\">H\u00fcaluroonhape ja orhideeekstrakt \u2014 niisutav ja hooldav toime<\/li>\n<li data-start=\"1643\" data-end=\"1675\">\u00d5rn kuma ja loomulik tulemus<\/li>\n<li data-start=\"1676\" data-end=\"1703\">Mugav kreemjas tekstuur<\/li>\n<li data-start=\"1704\" data-end=\"1736\">Stiilne ja praktiline pakend<\/li>\n<li data-start=\"1737\" data-end=\"1785\">Mittekomedogeenne, sobib tundlikele huultele<\/li>\n<li data-start=\"1786\" data-end=\"1817\">Dermatoloogiliselt testitud<\/li>\n<li data-start=\"1818\" data-end=\"1848\">Parabeeni- ja alkoholivaba<\/li>\n<\/ul>\n<p data-start=\"1850\" data-end=\"1927\">Kaal: 3,5 g<br data-start=\"1892\" data-end=\"1895\" \/>Br\u00e4ndi p\u00e4ritoluriik: Itaalia<\/p>\n<details>\n<summary>Details<\/summary>\n<div translate=\"no\">\n<p>Semi-sheer lipstick that naturally reflects the light. The formula contains orchid extracts and hyaluronic filling spheres.The creamy texture softens the lips, leaving them supple and radiant. The application awakens your senses; your lips will feel wonderful. The easy-to-apply lipstick glides on perfectly.<\/p>\n<p>Glossy Dream Sheer Lipstick comes in a new, modern tube with a metallic finish. This lipstick&#8217;s distinguishing characteristic is the unique button at the top of the cap.<\/p>\n<p>Dermatologically tested.<\/p>\n<p>Non-comedogenic.<\/p>\n<p>Made in Italy<br \/>\n3.5 gr \/ 0.123 oz<\/p>\n<p>INGREDIENTS:<br \/>\nPENTAERYTHRITYL TETRAISOSTEARATE , POLYBUTENE, OCTYLDODECANOL, CERA MICROCRISTALLINA (MICROCRYSTALLINE WAX\/ CIRE MICROCRISTALLINE), POLYGLYCERYL-3 DIISOSTEARATE, PARAFFIN, BIS-DIGLYCERYL POLYACYLADIPATE-2, OCTYLDODECYL STEAROYL STEARATE, CANDELILLA CERA ( EUPHORBIA CERIFERA (CANDELILLA) WAX\/ CIRE DE CANDELILLA), OZOKERITE, BEHENOXY DIMETHICONE, HDI\/TRIMETHYLOL HEXYLLACTONE CROSSPOLYMER, CAPRYLIC\/CAPRIC TRIGLYCERIDE , DIETHYLHEXYL SYRINGYLIDENEMALONATE, ETHYL VANILLIN, TOCOPHERYL ACETATE, ETHYLHEXYL PALMITATE, ISOPROPYL MYRISTATE, ALARIA ESCULENTA EXTRACT, CYMBIDIUM GREAT FLOWER EXTRACT, TRIHYDROXYSTEARIN, SODIUM HYALURONATE, AMORPHOPHALLUS KONJAC ROOT POWDER, SILICA, MICA, SYNTHETIC FLUORPHLOGOPITE, CALCIUM ALUMINUM BOROSILICATE, TIN OXIDE. +\/- (MAY CONTAIN): CI 77891 (TITANIUM DIOXIDE), CI 77491 (IRON OXIDES), CI 19140 (YELLOW 5 LAKE), CI 45410 (RED 28 LAKE), CI 15850 (RED 6), CI 15850 (RED 7), CI 42090 (BLUE 1 LAKE).<\/p>\n<\/div>\n<p>\u041f\u043e\u043b\u0443\u043f\u0440\u043e\u0437\u0440\u0430\u0447\u043d\u0430\u044f \u0433\u0443\u0431\u043d\u0430\u044f \u043f\u043e\u043c\u0430\u0434\u0430 Glossy Dream Sheer Lipstick 201 Rosy Beige KIKO Milano. \u041b\u0435\u0433\u043a\u0430\u044f \u0433\u0443\u0431\u043d\u0430\u044f \u043f\u043e\u043c\u0430\u0434\u0430 \u0441 \u0434\u0435\u043b\u0438\u043a\u0430\u0442\u043d\u044b\u043c \u043f\u043e\u043b\u0443\u043f\u0440\u043e\u0437\u0440\u0430\u0447\u043d\u044b\u043c \u0444\u0438\u043d\u0438\u0448\u0435\u043c \u0432 \u0443\u043d\u0438\u0432\u0435\u0440\u0441\u0430\u043b\u044c\u043d\u043e\u043c \u043e\u0442\u0442\u0435\u043d\u043a\u0435 Rosy Beige, \u043a\u043e\u0442\u043e\u0440\u044b\u0439 \u043f\u043e\u0434\u0447\u0451\u0440\u043a\u0438\u0432\u0430\u0435\u0442 \u0435\u0441\u0442\u0435\u0441\u0442\u0432\u0435\u043d\u043d\u0443\u044e \u043a\u0440\u0430\u0441\u043e\u0442\u0443 \u0433\u0443\u0431. \u0412 \u0441\u043e\u0441\u0442\u0430\u0432\u0435 \u2014 \u0433\u0438\u0430\u043b\u0443\u0440\u043e\u043d\u043e\u0432\u044b\u0435 \u0441\u0444\u0435\u0440\u044b \u0438 \u044d\u043a\u0441\u0442\u0440\u0430\u043a\u0442 \u043e\u0440\u0445\u0438\u0434\u0435\u0438, \u043a\u043e\u0442\u043e\u0440\u044b\u0435 \u0433\u043b\u0443\u0431\u043e\u043a\u043e \u0443\u0432\u043b\u0430\u0436\u043d\u044f\u044e\u0442, \u0441\u043c\u044f\u0433\u0447\u0430\u044e\u0442 \u0438 \u043f\u0440\u0438\u0434\u0430\u044e\u0442 \u0433\u0443\u0431\u0430\u043c \u0432\u0438\u0437\u0443\u0430\u043b\u044c\u043d\u0443\u044e \u0433\u043b\u0430\u0434\u043a\u043e\u0441\u0442\u044c. \u0422\u0435\u043a\u0441\u0442\u0443\u0440\u0430 \u043a\u0440\u0435\u043c\u043e\u0432\u0430\u044f \u0438 \u043a\u043e\u043c\u0444\u043e\u0440\u0442\u043d\u0430\u044f, \u043b\u0435\u0433\u043a\u043e \u043d\u0430\u043d\u043e\u0441\u0438\u0442\u0441\u044f \u0438 \u043d\u0435 \u0441\u0443\u0448\u0438\u0442 \u0433\u0443\u0431\u044b. \u0421\u0442\u0438\u043b\u044c\u043d\u044b\u0439 \u0444\u0443\u0442\u043b\u044f\u0440 \u0441 \u043c\u0435\u0442\u0430\u043b\u043b\u0438\u0447\u0435\u0441\u043a\u0438\u043c \u0431\u043b\u0435\u0441\u043a\u043e\u043c \u0438 \u043a\u043d\u043e\u043f\u043a\u043e\u0439 \u2014 \u043f\u0440\u0430\u043a\u0442\u0438\u0447\u043d\u043e\u0435 \u0438 \u044d\u043b\u0435\u0433\u0430\u043d\u0442\u043d\u043e\u0435 \u0440\u0435\u0448\u0435\u043d\u0438\u0435 \u0434\u043b\u044f \u043f\u043e\u0432\u0441\u0435\u0434\u043d\u0435\u0432\u043d\u043e\u0433\u043e \u043c\u0430\u043a\u0438\u044f\u0436\u0430. \u0413\u0438\u0430\u043b\u0443\u0440\u043e\u043d\u043e\u0432\u0430\u044f \u043a\u0438\u0441\u043b\u043e\u0442\u0430 \u0438 \u044d\u043a\u0441\u0442\u0440\u0430\u043a\u0442 \u043e\u0440\u0445\u0438\u0434\u0435\u0438 \u2014 \u0443\u0432\u043b\u0430\u0436\u043d\u0435\u043d\u0438\u0435 \u0438 \u0443\u0445\u043e\u0434. \u041d\u0435\u0436\u043d\u044b\u0439 \u043f\u043e\u043b\u0443\u043f\u0440\u043e\u0437\u0440\u0430\u0447\u043d\u044b\u0439 \u0444\u0438\u043d\u0438\u0448.<\/p>\n<\/details>\n","protected":false},"featured_media":22718,"template":"","meta":{"jetpack_publicize_message":"","jetpack_publicize_feature_enabled":true,"jetpack_social_post_already_shared":true,"jetpack_social_options":{"image_generator_settings":{"template":"highway","default_image_id":0,"font":"","enabled":false},"version":2}},"product_brand":[],"product_cat":[911,987,986,973,340],"product_tag":[],"class_list":{"0":"post-22701","1":"product","2":"type-product","3":"status-publish","4":"has-post-thumbnail","6":"product_cat-huuled","7":"product_cat-lipstick","8":"product_cat-kiko-lips","9":"product_cat-makeup","10":"product_cat-kiko-milano","11":"pa_varv-101-pearly-shell-rose","12":"pa_varv-102-pearly-strawberry-pink","13":"pa_varv-104-pearly-golden-papaya","14":"pa_varv-105-fire-red","15":"pa_varv-107-magenta","16":"pa_varv-109-pearly-fuchsia","17":"pa_varv-112-vintage-rose","19":"first","20":"outofstock","21":"shipping-taxable","22":"purchasable","23":"product-type-simple"},"jetpack_publicize_connections":[],"jetpack_sharing_enabled":true,"jetpack_likes_enabled":true,"_links":{"self":[{"href":"https:\/\/superstore.ee\/index.php\/wp-json\/wp\/v2\/product\/22701","targetHints":{"allow":["GET"]}}],"collection":[{"href":"https:\/\/superstore.ee\/index.php\/wp-json\/wp\/v2\/product"}],"about":[{"href":"https:\/\/superstore.ee\/index.php\/wp-json\/wp\/v2\/types\/product"}],"wp:featuredmedia":[{"embeddable":true,"href":"https:\/\/superstore.ee\/index.php\/wp-json\/wp\/v2\/media\/22718"}],"wp:attachment":[{"href":"https:\/\/superstore.ee\/index.php\/wp-json\/wp\/v2\/media?parent=22701"}],"wp:term":[{"taxonomy":"product_brand","embeddable":true,"href":"https:\/\/superstore.ee\/index.php\/wp-json\/wp\/v2\/product_brand?post=22701"},{"taxonomy":"product_cat","embeddable":true,"href":"https:\/\/superstore.ee\/index.php\/wp-json\/wp\/v2\/product_cat?post=22701"},{"taxonomy":"product_tag","embeddable":true,"href":"https:\/\/superstore.ee\/index.php\/wp-json\/wp\/v2\/product_tag?post=22701"}],"curies":[{"name":"wp","href":"https:\/\/api.w.org\/{rel}","templated":true}]}}