{"id":22720,"date":"2025-03-22T15:59:59","date_gmt":"2025-03-22T13:59:59","guid":{"rendered":"https:\/\/superstore.ee\/?post_type=product&#038;p=22720"},"modified":"2026-04-04T12:29:45","modified_gmt":"2026-04-04T09:29:45","slug":"kiko-milano-nothing-matte-r-mattifying-foundation","status":"publish","type":"product","link":"https:\/\/superstore.ee\/index.php\/toode\/kiko-milano-nothing-matte-r-mattifying-foundation\/","title":{"rendered":"KIKO Milano Nothing Matte-R Mattifying Foundation"},"content":{"rendered":"","protected":false},"excerpt":{"rendered":"<article class=\"group\/turn w-full text-token-text-primary focus-visible:outline-2 focus-visible:outline-offset-[-4px]\" dir=\"auto\" tabindex=\"-1\" data-testid=\"conversation-turn-70\" data-scroll-anchor=\"false\">\n<div class=\"text-base my-auto mx-auto py-[18px] px-6\">\n<div class=\"mx-auto flex flex-1 text-base gap-4 md:gap-5 lg:gap-6 md:max-w-3xl lg:max-w-[40rem] xl:max-w-[48rem]\">\n<div class=\"group\/conversation-turn relative flex w-full min-w-0 flex-col agent-turn @xs\/thread:px-0 @sm\/thread:px-1.5 @md\/thread:px-4\">\n<div class=\"flex-col gap-1 md:gap-3\">\n<div class=\"flex max-w-full flex-col flex-grow\">\n<div class=\"min-h-8 text-message relative flex w-full flex-col items-end gap-2 whitespace-normal break-words text-start [.text-message+&amp;]:mt-5\" dir=\"auto\" data-message-author-role=\"assistant\" data-message-id=\"4b29ec95-7a3a-48be-a424-b30cd6a35d13\" data-message-model-slug=\"gpt-4o\">\n<div class=\"flex w-full flex-col gap-1 empty:hidden first:pt-[3px]\">\n<div class=\"markdown prose w-full break-words dark:prose-invert light\">\n<p data-start=\"1115\" data-end=\"1191\">Matt jumestuskreem Nothing Matte-R Mattifying Foundation KIKO Milano<\/p>\n<p data-start=\"1321\" data-end=\"1622\">Kerge ja kergesti hajutatav jumestuskreem, mis \u00fchtlustub nahatooniga ning j\u00e4tab mati viimistluse kuni <strong data-start=\"1423\" data-end=\"1437\">12 tunniks<\/strong>. Tekstuur on mugav ja mittekleepuv \u2014 ideaalne igap\u00e4evaseks kandmiseks. Koostis sisaldab granaat\u00f5unaekstrakti, gl\u00fctseriini ja tsink PCA-d, mis aitavad nahal p\u00fcsida v\u00e4rske ja tasakaalus.<\/p>\n<p data-start=\"1624\" data-end=\"1681\">Sobib rasusele ja kombineeritud nahale, ei ummista poore.<\/p>\n<p data-start=\"1683\" data-end=\"1697\"><strong data-start=\"1683\" data-end=\"1695\">Eelised:<\/strong><\/p>\n<ul data-start=\"1698\" data-end=\"2013\">\n<li data-start=\"1698\" data-end=\"1731\">Matt viimistlus kuni 12 tundi<\/li>\n<li data-start=\"1732\" data-end=\"1766\">\u00d5huline ja nahal kerge koostis<\/li>\n<li data-start=\"1767\" data-end=\"1808\">Kihitatav katvus: kerge kuni keskmine<\/li>\n<li data-start=\"1809\" data-end=\"1886\">Granaat\u00f5unaekstrakt, gl\u00fctseriin ja tsink PCA hooldavad ja tasakaalustavad<\/li>\n<li data-start=\"1887\" data-end=\"1925\">Kontrollib rasu ja v\u00e4hendab l\u00e4iget<\/li>\n<li data-start=\"1926\" data-end=\"1947\">Mittekomedogeenne<\/li>\n<li data-start=\"1948\" data-end=\"1979\">Dermatoloogiliselt testitud<\/li>\n<li data-start=\"1980\" data-end=\"2013\">Alkoholivaba ja parabeenivaba<\/li>\n<\/ul>\n<p data-start=\"2098\" data-end=\"2139\">Maht: 27 ml<br data-start=\"2113\" data-end=\"2116\" \/>Tootjariik: Itaalia<\/p>\n<\/div>\n<\/div>\n<\/div>\n<\/div>\n<\/div>\n<\/div>\n<\/div>\n<\/div>\n<\/article>\n<details>\n<summary>Details<\/summary>\n<div translate=\"no\">KIKO MILANO nothing matte-r mattifying foundation &#8211; Perfecting and mattifying liquid foundation.Ideal for:<\/p>\n<p>keeping skin matte all day long, giving the face an even complexion and camouflaging blemishes.<\/p>\n<p>It\u2019s special because:<\/p>\n<p>-it has an innovative \u201cmimic effect\u201d texture that adapts and moves with the skin to create a natural look;<\/p>\n<p>-light, blendable and comfortable to apply, it enhances the skin with a matte effect that lasts up to 12 hours*;<\/p>\n<p>-it leaves the skin feeling soft and velvety, and has medium to high coverage that\u2019s easy to build;<\/p>\n<p>-it is particularly recommended for normal to oily skin;<\/p>\n<p>-its many shades adapt to every type of complexion.<\/p>\n<p>Dermatologically tested<\/p>\n<p>Non-comedogenic<br \/>\n27 ml \/ 0.913 fl.oz<br \/>\nMade in Italy<\/p>\n<p>INGREDIENTS: DIMETHICONE, AQUA (WATER\/EAU), DIMETHICONE CROSSPOLYMER, BUTYLENE GLYCOL, POLYGLYCERYL-4 ISOSTEARATE, PEG\/PPG-18\/18 DIM ETHICONE, SODIUM CHLORIDE, CAPRYLYL GLYCOL, PHENOXYETHANOL, POTASSIUM SORBATE, SODIUM DEHYDROACETATE, TRIETHOXYCAPRYLYLSILANE, ALUMI NUM HYDROXIDE, TOCOPHERYL ACETATE, HEXYLENE GLYCOL. +\/- (MAY CONTAIN): CI 77891 (TITANIUM DIOXIDE), CI 77491 &#8211; CI 77492 &#8211; CI 77499 ( IRON OXIDES).<\/p>\n<\/div>\n<p>\u041b\u0451\u0433\u043a\u0438\u0439 \u0442\u043e\u043d\u0430\u043b\u044c\u043d\u044b\u0439 \u043a\u0440\u0435\u043c \u0441 \u0440\u0435\u0433\u0443\u043b\u0438\u0440\u0443\u0435\u043c\u043e\u0439 \u0441\u0442\u0435\u043f\u0435\u043d\u044c\u044e \u043f\u043e\u043a\u0440\u044b\u0442\u0438\u044f \u0438 \u0441\u0442\u043e\u0439\u043a\u0438\u043c \u043c\u0430\u0442\u043e\u0432\u044b\u043c \u0444\u0438\u043d\u0438\u0448\u0435\u043c. \u041a\u043e\u043c\u0444\u043e\u0440\u0442\u0435\u043d \u0432 \u043d\u0430\u043d\u0435\u0441\u0435\u043d\u0438\u0438, \u043b\u0435\u0433\u043a\u043e \u0440\u0430\u0441\u0442\u0443\u0448\u0451\u0432\u044b\u0432\u0430\u0435\u0442\u0441\u044f \u0438 \u0441\u043b\u0438\u0432\u0430\u0435\u0442\u0441\u044f \u0441 \u0442\u043e\u043d\u043e\u043c \u043a\u043e\u0436\u0438. \u041e\u0431\u0435\u0441\u043f\u0435\u0447\u0438\u0432\u0430\u0435\u0442 \u043c\u0430\u0442\u043e\u0432\u043e\u0441\u0442\u044c \u0434\u043e 12 \u0447\u0430\u0441\u043e\u0432, \u043d\u0435 \u043f\u0435\u0440\u0435\u0433\u0440\u0443\u0436\u0430\u044f \u043a\u043e\u0436\u0443. \u0412 \u0441\u043e\u0441\u0442\u0430\u0432\u0435 \u2014 \u044d\u043a\u0441\u0442\u0440\u0430\u043a\u0442 \u0433\u0440\u0430\u043d\u0430\u0442\u0430 \u0441 \u0430\u043d\u0442\u0438\u043e\u043a\u0441\u0438\u0434\u0430\u043d\u0442\u043d\u044b\u043c\u0438 \u0441\u0432\u043e\u0439\u0441\u0442\u0432\u0430\u043c\u0438, \u0433\u043b\u0438\u0446\u0435\u0440\u0438\u043d \u0438 \u0446\u0438\u043d\u043a PCA, \u043f\u043e\u043c\u043e\u0433\u0430\u044e\u0449\u0438\u0435 \u0441\u043e\u0445\u0440\u0430\u043d\u0438\u0442\u044c \u0441\u0432\u0435\u0436\u0435\u0441\u0442\u044c \u0438 \u0443\u0445\u043e\u0436\u0435\u043d\u043d\u043e\u0441\u0442\u044c \u0432 \u0442\u0435\u0447\u0435\u043d\u0438\u0435 \u0434\u043d\u044f.<\/p>\n<\/details>\n","protected":false},"featured_media":22772,"template":"","meta":{"jetpack_publicize_message":"","jetpack_publicize_feature_enabled":true,"jetpack_social_post_already_shared":true,"jetpack_social_options":{"image_generator_settings":{"template":"highway","default_image_id":0,"font":"","enabled":false},"version":2}},"product_brand":[],"product_cat":[976,973,340,631,912,974],"product_tag":[],"class_list":{"0":"post-22720","1":"product","2":"type-product","3":"status-publish","4":"has-post-thumbnail","6":"product_cat-foundation-concealer","7":"product_cat-makeup","8":"product_cat-kiko-milano","9":"product_cat-sale","10":"product_cat-nahahooldus","11":"product_cat-face","12":"pa_varv-01-rose","13":"pa_varv-02-gold","14":"pa_varv-02-neutral","15":"pa_varv-02-rose","16":"pa_varv-03-gold","17":"pa_varv-03-rose","18":"pa_varv-05-rose","19":"pa_varv-1-5-gold","20":"pa_varv-1-5-neutral","21":"pa_varv-4-5-gold","22":"pa_varv-4-5-neutral","24":"first","25":"instock","26":"sale","27":"shipping-taxable","28":"purchasable","29":"product-type-variable"},"jetpack_publicize_connections":[],"jetpack_sharing_enabled":true,"jetpack_likes_enabled":true,"_links":{"self":[{"href":"https:\/\/superstore.ee\/index.php\/wp-json\/wp\/v2\/product\/22720","targetHints":{"allow":["GET"]}}],"collection":[{"href":"https:\/\/superstore.ee\/index.php\/wp-json\/wp\/v2\/product"}],"about":[{"href":"https:\/\/superstore.ee\/index.php\/wp-json\/wp\/v2\/types\/product"}],"wp:featuredmedia":[{"embeddable":true,"href":"https:\/\/superstore.ee\/index.php\/wp-json\/wp\/v2\/media\/22772"}],"wp:attachment":[{"href":"https:\/\/superstore.ee\/index.php\/wp-json\/wp\/v2\/media?parent=22720"}],"wp:term":[{"taxonomy":"product_brand","embeddable":true,"href":"https:\/\/superstore.ee\/index.php\/wp-json\/wp\/v2\/product_brand?post=22720"},{"taxonomy":"product_cat","embeddable":true,"href":"https:\/\/superstore.ee\/index.php\/wp-json\/wp\/v2\/product_cat?post=22720"},{"taxonomy":"product_tag","embeddable":true,"href":"https:\/\/superstore.ee\/index.php\/wp-json\/wp\/v2\/product_tag?post=22720"}],"curies":[{"name":"wp","href":"https:\/\/api.w.org\/{rel}","templated":true}]}}