{"id":22794,"date":"2025-03-23T11:51:50","date_gmt":"2025-03-23T09:51:50","guid":{"rendered":"https:\/\/superstore.ee\/?post_type=product&#038;p=22794"},"modified":"2026-03-22T10:28:45","modified_gmt":"2026-03-22T08:28:45","slug":"kiko-milano-varviline-palsam-sheavoiga-rikastatud-a-e-ja-c-vitamiinidega","status":"publish","type":"product","link":"https:\/\/superstore.ee\/index.php\/toode\/kiko-milano-varviline-palsam-sheavoiga-rikastatud-a-e-ja-c-vitamiinidega\/","title":{"rendered":"KIKO Milano Coloured Balm (enriched with Shea Butter and vit. A, E, C) \u2b50 Bestseller"},"content":{"rendered":"","protected":false},"excerpt":{"rendered":"<p>Niisutav tooniv huulepalsam KIKO Milano Coloured Balm<\/p>\n<ul>\n<li>Annab huultele kerge tooni ja \u00f5rna s\u00e4ra.<\/li>\n<li>Niisutab ja toidab s\u00fcgavuti, muutes huuled pehmeks ja hoolitsetuks.<\/li>\n<li>Kreemjas ja mugav tekstuur tagab meeldiva pealekandmise.<\/li>\n<li>Meeldiva puuviljase aroomiga.<\/li>\n<li data-start=\"1948\" data-end=\"1979\">Dermatoloogiliselt testitud<\/li>\n<\/ul>\n<p>\ud83c\udf3f Rikastatud:<\/p>\n<ul>\n<li><strong>Vitamiinidega A, E ja C:<\/strong> Tugevdavad ja toidavad huuli.<\/li>\n<li><strong>Sheav\u00f5iga:<\/strong> Pehmendab ja niisutab, muutes huuled siidiseks.<\/li>\n<\/ul>\n<p>Ideaalne igap\u00e4evaseks kasutamiseks: palsam lisab huultele kerge v\u00e4rvi ja s\u00e4ra, samal ajal hooldades neid. Asendamatu toode loomuliku ja v\u00e4rske v\u00e4limuse saavutamiseks!<\/p>\n<p>Tootjariik: Itaalia<\/p>\n<div class=\"product-more-info_serviceItem__Xktp1\">3 gr \/ 0.106 oz<\/div>\n<div class=\"product-more-info_serviceItem__Xktp1\"><\/div>\n<details>\n<summary>Details<\/summary>\n<div translate=\"no\">Coloured Balm &#8211; Coloured, moisturizing lip balm with a pleasant fruity aromaColoured moisturising balm that gives a gentle touch of colour and shine to the lips.<br \/>\nThe formula is enriched with vitamins A, E and C and softening shea butter.<br \/>\nCreamy and comfortable texture that delicately caresses the lips.<br \/>\nDermatologically tested3 gr \/ 0.106 oz<br \/>\nMade in ItalyINGREDIENTS:<br \/>\nOCTYLDODECYL STEAROYL STEARATE, HYDROGENATED VEGETABLE OIL, HYDROGENATED POLYISOBUTENE, POLYETHYLENE, POLYBUTENE, CERA ALBA (BEESWAX \/ CIRE D&#8217;ABEILLE), DIMETHICONOL BEHENATE, BUTYROSPERMUM PARKII BUTTER (BUTYROSPERMUM PARKII (SHEA) BUTTER), AROMA (FLA VOR), SOYBEAN GLYCERIDES, EUPHORBIA CERIFERA CERA (EUPHORBIA CERIFERA (CANDELILLA) WAX \/ CIRE DE CANDELILLA), BUTYROSPERMUM PARKII B UTTER UNSAPONIFIABLES (BUTYROSPERMUM PARKII (SHEA) BUTTER UNSAPONIFIABLES), PENTAERYTHRITYL TETRAISOSTEARATE, DIETHYLHEXYL SYRINGYLI DENEMALONATE, SORBITAN TRISTEARATE, ASCORBYL PALMITATE, TOCOPHERYL ACETATE, ETHYL VANILLIN, CAPRYLIC\/CAPRIC TRIGLYCERIDE, RETINYL PA LMITATE, TOCOPHEROL, CITRIC ACID, CI 77891 (TITANIUM DIOXIDE), CI 77491 (IRON OXIDES), CI 15850 (RED 7), CI 19140 (YELLOW 5 LAKE), C I 42090 (BLUE 1 LAKE).<\/div>\n<p>\u0423\u0432\u043b\u0430\u0436\u043d\u044f\u044e\u0449\u0438\u0439 \u0431\u0430\u043b\u044c\u0437\u0430\u043c \u0434\u043b\u044f \u0433\u0443\u0431 \u0441 \u043e\u0442\u0442\u0435\u043d\u043a\u043e\u043c KIKO Milano Coloured Balm<\/p>\n<ul>\n<li>\u041f\u0440\u0438\u0434\u0430\u0435\u0442 \u0433\u0443\u0431\u0430\u043c \u043b\u0435\u0433\u043a\u0438\u0439 \u043e\u0442\u0442\u0435\u043d\u043e\u043a \u0438 \u0434\u0435\u043b\u0438\u043a\u0430\u0442\u043d\u043e\u0435 \u0441\u0438\u044f\u043d\u0438\u0435.<\/li>\n<li>\u0413\u043b\u0443\u0431\u043e\u043a\u043e \u0443\u0432\u043b\u0430\u0436\u043d\u044f\u0435\u0442 \u0438 \u043f\u0438\u0442\u0430\u0435\u0442, \u0434\u0435\u043b\u0430\u044f \u0433\u0443\u0431\u044b \u043c\u044f\u0433\u043a\u0438\u043c\u0438 \u0438 \u0443\u0445\u043e\u0436\u0435\u043d\u043d\u044b\u043c\u0438.<\/li>\n<li>\u041a\u0440\u0435\u043c\u043e\u0432\u0430\u044f \u0438 \u043a\u043e\u043c\u0444\u043e\u0440\u0442\u043d\u0430\u044f \u0442\u0435\u043a\u0441\u0442\u0443\u0440\u0430 \u0434\u043b\u044f \u043f\u0440\u0438\u044f\u0442\u043d\u043e\u0433\u043e \u043d\u0430\u043d\u0435\u0441\u0435\u043d\u0438\u044f.<\/li>\n<li>\u0421 \u043f\u0440\u0438\u044f\u0442\u043d\u044b\u043c \u0444\u0440\u0443\u043a\u0442\u043e\u0432\u044b\u043c \u0430\u0440\u043e\u043c\u0430\u0442\u043e\u043c.<\/li>\n<\/ul>\n<p>\u041e\u0431\u043e\u0433\u0430\u0449\u0435\u043d: \u0412\u0438\u0442\u0430\u043c\u0438\u043d\u0430\u043c\u0438 A, E \u0438 C: \u0423\u043a\u0440\u0435\u043f\u043b\u044f\u044e\u0442 \u0438 \u043f\u0438\u0442\u0430\u044e\u0442 \u0433\u0443\u0431\u044b.\u041c\u0430\u0441\u043b\u043e\u043c \u0448\u0438: \u0421\u043c\u044f\u0433\u0447\u0430\u0435\u0442 \u0438 \u0443\u0432\u043b\u0430\u0436\u043d\u044f\u0435\u0442, \u043e\u0431\u0435\u0441\u043f\u0435\u0447\u0438\u0432\u0430\u044f \u0433\u043b\u0430\u0434\u043a\u043e\u0441\u0442\u044c. \u0418\u0434\u0435\u0430\u043b\u044c\u043d\u043e \u0434\u043b\u044f \u0435\u0436\u0435\u0434\u043d\u0435\u0432\u043d\u043e\u0433\u043e \u0438\u0441\u043f\u043e\u043b\u044c\u0437\u043e\u0432\u0430\u043d\u0438\u044f: \u0431\u0430\u043b\u044c\u0437\u0430\u043c \u0434\u043e\u0431\u0430\u0432\u043b\u044f\u0435\u0442 \u0433\u0443\u0431\u0430\u043c \u043b\u0435\u0433\u043a\u0438\u0439 \u0446\u0432\u0435\u0442 \u0438 \u0441\u0438\u044f\u043d\u0438\u0435, \u043e\u0434\u043d\u043e\u0432\u0440\u0435\u043c\u0435\u043d\u043d\u043e \u043e\u0431\u0435\u0441\u043f\u0435\u0447\u0438\u0432\u0430\u044f \u0443\u0445\u043e\u0434. \u041d\u0435\u0437\u0430\u043c\u0435\u043d\u0438\u043c\u044b\u0439 \u043f\u0440\u043e\u0434\u0443\u043a\u0442 \u0434\u043b\u044f \u0435\u0441\u0442\u0435\u0441\u0442\u0432\u0435\u043d\u043d\u043e\u0433\u043e \u0438 \u0441\u0432\u0435\u0436\u0435\u0433\u043e \u043e\u0431\u0440\u0430\u0437\u0430!<\/p>\n<\/details>\n","protected":false},"featured_media":20513,"template":"","meta":{"jetpack_publicize_message":"","jetpack_publicize_feature_enabled":true,"jetpack_social_post_already_shared":true,"jetpack_social_options":{"image_generator_settings":{"template":"highway","default_image_id":0,"font":"","enabled":false},"version":2}},"product_brand":[],"product_cat":[911,969,987,986,973,340,964],"product_tag":[],"class_list":{"0":"post-22794","1":"product","2":"type-product","3":"status-publish","4":"has-post-thumbnail","6":"product_cat-huuled","7":"product_cat-lip-care","8":"product_cat-lipstick","9":"product_cat-kiko-lips","10":"product_cat-makeup","11":"product_cat-kiko-milano","12":"product_cat-face-care","13":"pa_varv-02-vanilla","14":"pa_varv-03-guava","15":"pa_varv-04-tutti-frutti","16":"pa_varv-06-blackberry","17":"pa_varv-08-almond","18":"pa_varv-09-raspberry","20":"first","21":"instock","22":"sale","23":"shipping-taxable","24":"purchasable","25":"product-type-variable"},"jetpack_publicize_connections":[],"jetpack_sharing_enabled":true,"jetpack_likes_enabled":true,"_links":{"self":[{"href":"https:\/\/superstore.ee\/index.php\/wp-json\/wp\/v2\/product\/22794","targetHints":{"allow":["GET"]}}],"collection":[{"href":"https:\/\/superstore.ee\/index.php\/wp-json\/wp\/v2\/product"}],"about":[{"href":"https:\/\/superstore.ee\/index.php\/wp-json\/wp\/v2\/types\/product"}],"wp:featuredmedia":[{"embeddable":true,"href":"https:\/\/superstore.ee\/index.php\/wp-json\/wp\/v2\/media\/20513"}],"wp:attachment":[{"href":"https:\/\/superstore.ee\/index.php\/wp-json\/wp\/v2\/media?parent=22794"}],"wp:term":[{"taxonomy":"product_brand","embeddable":true,"href":"https:\/\/superstore.ee\/index.php\/wp-json\/wp\/v2\/product_brand?post=22794"},{"taxonomy":"product_cat","embeddable":true,"href":"https:\/\/superstore.ee\/index.php\/wp-json\/wp\/v2\/product_cat?post=22794"},{"taxonomy":"product_tag","embeddable":true,"href":"https:\/\/superstore.ee\/index.php\/wp-json\/wp\/v2\/product_tag?post=22794"}],"curies":[{"name":"wp","href":"https:\/\/api.w.org\/{rel}","templated":true}]}}