{"id":22925,"date":"2025-03-25T22:22:55","date_gmt":"2025-03-25T20:22:55","guid":{"rendered":"https:\/\/superstore.ee\/?post_type=product&#038;p=22925"},"modified":"2025-04-12T13:55:53","modified_gmt":"2025-04-12T10:55:53","slug":"kiko-milano-dreamphoria-3d-hydra-lip-gloss-limited-edition","status":"publish","type":"product","link":"https:\/\/superstore.ee\/index.php\/toode\/kiko-milano-dreamphoria-3d-hydra-lip-gloss-limited-edition\/","title":{"rendered":"KIKO MILANO Dreamphoria 3D Hydra Lip Gloss (Limited Edition)"},"content":{"rendered":"","protected":false},"excerpt":{"rendered":"<p data-start=\"271\" data-end=\"377\"><strong>Niisutav huulel\u00e4ige maagilise l\u00e4ikega.<\/strong><\/p>\n<p class=\"\" data-start=\"379\" data-end=\"564\">Erikollektsiooni huulel\u00e4ige, mis annab huultele peegelja s\u00e4ra ja visuaalselt t\u00e4idlasema v\u00e4limuse. Geeljas tekstuur katab huuled \u00fchtlaselt, j\u00e4ttes need pehmeks, hoolitsetuks ja s\u00e4ravaks.<\/p>\n<p class=\"\" data-start=\"566\" data-end=\"771\">Koostis on rikastatud looduslike \u00f5lide ja E-vitamiiniga, mis niisutavad ja siluvad huuli. S\u00e4delevad pigmendid ja valgust peegeldavad osakesed toovad esile sinu naeratuse, lisades v\u00e4limusele unistavat s\u00e4ra.<\/p>\n<p class=\"\" data-start=\"773\" data-end=\"801\"><strong data-start=\"773\" data-end=\"799\">Aktiivsed koostisosad:<\/strong><\/p>\n<ul>\n<li data-start=\"804\" data-end=\"876\"><strong data-start=\"804\" data-end=\"848\">Puuvillaseemne-, linaseemne- ja palmi\u00f5li<\/strong> \u2013 pehmendavad ja toidavad<\/li>\n<li data-start=\"879\" data-end=\"940\"><strong data-start=\"879\" data-end=\"905\">Bidens Pilosa ekstrakt<\/strong> \u2013 rahustava ja tugevdava toimega<\/li>\n<li data-start=\"943\" data-end=\"1013\"><strong data-start=\"943\" data-end=\"975\">E-vitamiin ja selle atsetaat<\/strong> \u2013 antioks\u00fcdantne kaitse ja niisutus<\/li>\n<\/ul>\n<p class=\"\" data-start=\"1015\" data-end=\"1120\"><strong data-start=\"1015\" data-end=\"1029\">Tulemused:<\/strong> Niisutatud, siledad ja visuaalselt t\u00e4idlasemad huuled s\u00e4rava, peegell\u00e4ikega viimistlusega.<\/p>\n<p class=\"\" data-start=\"1122\" data-end=\"1136\"><strong data-start=\"1122\" data-end=\"1134\">Eelised:<\/strong><\/p>\n<ul>\n<li data-start=\"1139\" data-end=\"1167\">3D-efekt ja peegeljas s\u00e4ra<\/li>\n<li data-start=\"1170\" data-end=\"1199\">Niisutav ja hooldav koostis<\/li>\n<li data-start=\"1202\" data-end=\"1232\">Kerge, mittekleepuv tekstuur<\/li>\n<li data-start=\"1235\" data-end=\"1264\">Dermatoloogiliselt testitud<\/li>\n<li data-start=\"1267\" data-end=\"1286\">Mittekomedogeenne<\/li>\n<li data-start=\"1289\" data-end=\"1319\">Sobib ka tundlikele huultele<\/li>\n<\/ul>\n<p class=\"\" data-start=\"1321\" data-end=\"1363\"><strong data-start=\"1321\" data-end=\"1330\">Maht:<\/strong> 6,5 ml<br data-start=\"1337\" data-end=\"1340\" \/><strong data-start=\"1340\" data-end=\"1355\">Tootjariik:<\/strong> Itaalia<\/p>\n<details>\n<summary>Details<\/summary>\n<div translate=\"no\">\n<p>Dreamphoria 3D hydra lip gloss limited edition &#8211; 3D-effect moisturising lip gloss. 3D-effect moisturising* lip gloss.A new frontier of radiance and comfort for your lips. An exquisite and iconic product with a unique finish that hydrates* your lips, enveloping them in pure, iridescent shine.<\/p>\n<p>A product you&#8217;ll dream about:<br \/>\n-Its hydrating* formula is enriched with cottonseed and linseed oils<br \/>\n-Its creamy, smooth and incredibly shiny texture feels pleasant on the lips<br \/>\n-It leaves a 3D volume effect<br \/>\n-The limited-edition holographic finish elevates any look<br \/>\n-The flocked-tipped applicator is perfect for adding a radiant touch to make-up even on-the-go<\/p>\n<p>6.5 ml \/ 0.220 fl.oz<br \/>\nMade in Italy<\/p>\n<p>INGREDIENTS: POLYBUTENE, OCTYLDODECANOL, SILICA DIMETHYL SILYLATE, OCTYLDODECYL STEAROYL STEARATE, TRIDECYL TRIMELLITATE, TRIETHYLHE XANOIN, ISOCETYL STEARATE, SYNTHETIC FLUORPHLOGOPITE, DIISOSTEARYL MALATE, PHENYLPROPYLDIMETHYLSILOXYSILICATE, GLYCERYL BEHENATE\/EIC OSADIOATE, ELAEIS GUINEENSIS OIL (ELAEIS GUINEENSIS (PALM) OIL), DIETHYLHEXYL SYRINGYLIDENEMALONATE, GOSSYPIUM HERBACEUM SEED OIL (G OSSYPIUM HERBACEUM (COTTON) SEED OIL), BIDENS PILOSA EXTRACT, TOCOPHERYL ACETATE, LINUM USITATISSIMUM SEED OIL (LINUM USITATISSIMUM (LINSEED) SEED OIL), ETHYL VANILLIN, CAPRYLIC\/CAPRIC TRIGLYCERIDE, TIN OXIDE, PENTAERYTHRITYL TETRAISOSTEARATE, CALCIUM ALUMINUM BOR OSILICATE, MICA, TOCOPHEROL, SILICA, CI 77891 (TITANIUM DIOXIDE), CI 42090 (BLUE 1 LAKE), CI 15850 (RED 7), CI 77491 (IRON OXIDES).<\/p>\n<\/div>\n<p>\u0423\u0432\u043b\u0430\u0436\u043d\u044f\u044e\u0449\u0438\u0439 \u0431\u043b\u0435\u0441\u043a kiko milano \u0434\u043b\u044f \u0433\u0443\u0431 Dreamphoria 3D Hydra Lip Gloss Limited Edition KIKO Milano<br \/>\n\u041b\u0438\u043c\u0438\u0442\u0438\u0440\u043e\u0432\u0430\u043d\u043d\u044b\u0439 \u0431\u043b\u0435\u0441\u043a \u0441 3D-\u044d\u0444\u0444\u0435\u043a\u0442\u043e\u043c \u0438 \u043c\u0435\u0440\u0446\u0430\u044e\u0449\u0438\u043c \u0441\u0438\u044f\u043d\u0438\u0435\u043c, \u043a\u043e\u0442\u043e\u0440\u044b\u0439 \u043c\u0433\u043d\u043e\u0432\u0435\u043d\u043d\u043e \u043f\u0440\u0438\u0434\u0430\u0451\u0442 \u0433\u0443\u0431\u0430\u043c \u0432\u0438\u0437\u0443\u0430\u043b\u044c\u043d\u044b\u0439 \u043e\u0431\u044a\u0451\u043c \u0438 \u0443\u0445\u043e\u0436\u0435\u043d\u043d\u044b\u0439 \u0432\u0438\u0434. \u0413\u0435\u043b\u0435\u0432\u0430\u044f \u0442\u0435\u043a\u0441\u0442\u0443\u0440\u0430 \u043b\u0435\u0433\u043a\u043e \u043d\u0430\u043d\u043e\u0441\u0438\u0442\u0441\u044f, \u043d\u0435 \u043b\u0438\u043f\u043d\u0435\u0442 \u0438 \u0434\u0430\u0440\u0438\u0442 \u043e\u0449\u0443\u0449\u0435\u043d\u0438\u0435 \u043a\u043e\u043c\u0444\u043e\u0440\u0442\u0430 \u0432 \u0442\u0435\u0447\u0435\u043d\u0438\u0435 \u0434\u043d\u044f. \u0424\u043e\u0440\u043c\u0443\u043b\u0430 \u043e\u0431\u043e\u0433\u0430\u0449\u0435\u043d\u0430 \u0443\u0445\u0430\u0436\u0438\u0432\u0430\u044e\u0449\u0438\u043c\u0438 \u043c\u0430\u0441\u043b\u0430\u043c\u0438 \u0438 \u0430\u043d\u0442\u0438\u043e\u043a\u0441\u0438\u0434\u0430\u043d\u0442\u0430\u043c\u0438, \u043a\u043e\u0442\u043e\u0440\u044b\u0435 \u0441\u043c\u044f\u0433\u0447\u0430\u044e\u0442 \u0433\u0443\u0431\u044b, \u0443\u043b\u0443\u0447\u0448\u0430\u044e\u0442 \u0438\u0445 \u0432\u043d\u0435\u0448\u043d\u0438\u0439 \u0432\u0438\u0434 \u0438 \u043f\u043e\u0434\u0447\u0451\u0440\u043a\u0438\u0432\u0430\u044e\u0442 \u0435\u0441\u0442\u0435\u0441\u0442\u0432\u0435\u043d\u043d\u0443\u044e \u043a\u0440\u0430\u0441\u043e\u0442\u0443 \u0441 \u043f\u0435\u0440\u0432\u043e\u0433\u043e \u043d\u0430\u043d\u0435\u0441\u0435\u043d\u0438\u044f.<br \/>\n<\/details>\n","protected":false},"featured_media":22926,"template":"","meta":{"jetpack_publicize_message":"","jetpack_publicize_feature_enabled":true,"jetpack_social_post_already_shared":true,"jetpack_social_options":{"image_generator_settings":{"template":"highway","default_image_id":0,"font":"","enabled":false},"version":2}},"product_brand":[],"product_cat":[911,969,989,986,973,340,964],"product_tag":[],"class_list":{"0":"post-22925","1":"product","2":"type-product","3":"status-publish","4":"has-post-thumbnail","6":"product_cat-huuled","7":"product_cat-lip-care","8":"product_cat-lip-oil","9":"product_cat-kiko-lips","10":"product_cat-makeup","11":"product_cat-kiko-milano","12":"product_cat-face-care","13":"pa_varv-47-white-unicorn","14":"pa_varv-48-pink-metaverse","15":"pa_varv-49-rose-in-the-house","16":"pa_varv-50-sparkling-mauv","17":"pa_varv-51-frozen-light-blue","19":"first","20":"outofstock","21":"shipping-taxable","22":"purchasable","23":"product-type-simple"},"jetpack_publicize_connections":[],"jetpack_sharing_enabled":true,"jetpack_likes_enabled":true,"_links":{"self":[{"href":"https:\/\/superstore.ee\/index.php\/wp-json\/wp\/v2\/product\/22925","targetHints":{"allow":["GET"]}}],"collection":[{"href":"https:\/\/superstore.ee\/index.php\/wp-json\/wp\/v2\/product"}],"about":[{"href":"https:\/\/superstore.ee\/index.php\/wp-json\/wp\/v2\/types\/product"}],"wp:featuredmedia":[{"embeddable":true,"href":"https:\/\/superstore.ee\/index.php\/wp-json\/wp\/v2\/media\/22926"}],"wp:attachment":[{"href":"https:\/\/superstore.ee\/index.php\/wp-json\/wp\/v2\/media?parent=22925"}],"wp:term":[{"taxonomy":"product_brand","embeddable":true,"href":"https:\/\/superstore.ee\/index.php\/wp-json\/wp\/v2\/product_brand?post=22925"},{"taxonomy":"product_cat","embeddable":true,"href":"https:\/\/superstore.ee\/index.php\/wp-json\/wp\/v2\/product_cat?post=22925"},{"taxonomy":"product_tag","embeddable":true,"href":"https:\/\/superstore.ee\/index.php\/wp-json\/wp\/v2\/product_tag?post=22925"}],"curies":[{"name":"wp","href":"https:\/\/api.w.org\/{rel}","templated":true}]}}