{"id":23544,"date":"2025-05-30T00:17:58","date_gmt":"2025-05-29T21:17:58","guid":{"rendered":"https:\/\/superstore.ee\/?post_type=product&#038;p=23544"},"modified":"2026-03-20T15:08:19","modified_gmt":"2026-03-20T13:08:19","slug":"kiko-milano-drop-lip-balm","status":"publish","type":"product","link":"https:\/\/superstore.ee\/index.php\/toode\/kiko-milano-drop-lip-balm\/","title":{"rendered":"KIKO Milano Drop Lip Balm"},"content":{"rendered":"","protected":false},"excerpt":{"rendered":"<div class=\"woocommerce-product-details__short-description\">\n<p data-sourcepos=\"1:1-1:47\">KIKO Milano Niisutav huulepalsam puuviljalise l\u00f5hnaga. Sobib ideaalselt: huulte hellitamiseks ja nende pikaajaliseks niisutamiseks.<\/p>\n<p data-sourcepos=\"6:1-6:25\">See on eriline, sest:<\/p>\n<ul data-sourcepos=\"7:1-10:0\">\n<li data-sourcepos=\"7:1-7:151\">selle kreemjas ja \u00f5rnalt l\u00f5hnastatud tekstuur, mis on rikastatud sheav\u00f5i, jojoobi- ja mandli\u00f5liga, libiseb huultele, pakkudes koheselt mugavustunnet;<\/li>\n<li data-sourcepos=\"8:1-8:128\">see j\u00e4tab huuled pehmeks hommikust \u00f5htuni, sobib kasutamiseks mitu korda p\u00e4evas ja on t\u00e4iuslik kaasav\u00f5tmiseks k\u00f5ikjale, kotis;<\/li>\n<li data-sourcepos=\"9:1-10:0\">armas pisarakujuline formaat kohandub ideaalselt huultega ja v\u00f5imaldab toodet h\u00f5lpsalt, l\u00f5busalt ja \u00fchtlaselt peale kanda.<\/li>\n<\/ul>\n<p data-sourcepos=\"11:1-11:61\">Kauakestvalt pehmed ja niisutatud huuled \u2013 lihtsalt t\u00e4iuslik.<\/p>\n<p data-sourcepos=\"13:1-13:28\">Dermatoloogiliselt testitud.<\/p>\n<p data-sourcepos=\"15:1-15:16\">7.5 g<\/p>\n<p data-sourcepos=\"17:1-17:20\">Valmistatud Itaalias<\/p>\n<\/div>\n<details>\n<summary>Details<\/summary>\n<div translate=\"no\">\n<p>Moisturising* lip balm\u00a0 with fruity scent.<\/p>\n<p>Ideal for: pampering the lips and giving them long-lasting moisture.It\u2019s special because:<br \/>\n&#8211; its creamy and delicately scented texture, enriched with shea butter, jojoba and almond oil, glides onto lips giving them instant comfort;<br \/>\n&#8211; it leaves the lips soft from morning to night, can be applied numerous times throughout the day and is perfect for taking with you anywhere in your bag;<br \/>\n&#8211; the adorable teardrop-shaped format moulds perfectly to the lips and allows for an easy, fun and even application of the product.<\/p>\n<p>Lastingly soft and moisturised lips: simply perfect.<\/p>\n<p>Dermatologically tested<\/p>\n<p>7.5 gr \/ 0.265 oz<\/p>\n<p>Made in Italy<\/p>\n<p>INGREDIENTS:INGREDIENTS: DIISOSTEARYL MALATE, POLYBUTENE, HYDROGENATED POLYISOBUTENE, POLYETHYLENE, VP\/HEXADECENE COPOLYMER, CERA MICROCRISTALLI NA (MICROCRYSTALLINE WAX\/CIRE MICROCRISTALLINE), POLYETHYLENE TEREPHTHALATE, AROMA (FLAVOR), LIMONENE, SORBIC ACID, BUTYROSPERMUM P ARKII BUTTER (BUTYROSPERMUM PARKII (SHEA) BUTTER), PRUNUS AMYGDALUS DULCIS OIL (PRUNUS AMYGDALUS DULCIS (SWEET ALMOND) OIL), SIMMON DSIA CHINENSIS SEED OIL (SIMMONDSIA CHINENSIS (JOJOBA) SEED OIL), PENTAERYTHRITYL TETRA-DI-T-BUTYL HYDROXYHYDROCINNAMATE, ACRYLATES COPOLYMER, LINALOOL.<\/p>\n<\/div>\n<p>KIKO Nilano \u0431\u0430\u043b\u044c\u0437\u0430\u043c \u0434\u043b\u044f \u0433\u0443\u0431 \u0441 \u0444\u0440\u0443\u043a\u0442\u043e\u0432\u044b\u043c \u0430\u0440\u043e\u043c\u0430\u0442\u043e\u043c<\/p>\n<\/details>\n","protected":false},"featured_media":23547,"template":"","meta":{"jetpack_publicize_message":"","jetpack_publicize_feature_enabled":true,"jetpack_social_post_already_shared":true,"jetpack_social_options":{"image_generator_settings":{"template":"highway","default_image_id":0,"font":"","enabled":false},"version":2}},"product_brand":[],"product_cat":[911,969,987,973,340,964],"product_tag":[],"class_list":{"0":"post-23544","1":"product","2":"type-product","3":"status-publish","4":"has-post-thumbnail","6":"product_cat-huuled","7":"product_cat-lip-care","8":"product_cat-lipstick","9":"product_cat-makeup","10":"product_cat-kiko-milano","11":"product_cat-face-care","13":"first","14":"outofstock","15":"shipping-taxable","16":"purchasable","17":"product-type-simple"},"jetpack_publicize_connections":[],"jetpack_sharing_enabled":true,"jetpack_likes_enabled":true,"_links":{"self":[{"href":"https:\/\/superstore.ee\/index.php\/wp-json\/wp\/v2\/product\/23544","targetHints":{"allow":["GET"]}}],"collection":[{"href":"https:\/\/superstore.ee\/index.php\/wp-json\/wp\/v2\/product"}],"about":[{"href":"https:\/\/superstore.ee\/index.php\/wp-json\/wp\/v2\/types\/product"}],"wp:featuredmedia":[{"embeddable":true,"href":"https:\/\/superstore.ee\/index.php\/wp-json\/wp\/v2\/media\/23547"}],"wp:attachment":[{"href":"https:\/\/superstore.ee\/index.php\/wp-json\/wp\/v2\/media?parent=23544"}],"wp:term":[{"taxonomy":"product_brand","embeddable":true,"href":"https:\/\/superstore.ee\/index.php\/wp-json\/wp\/v2\/product_brand?post=23544"},{"taxonomy":"product_cat","embeddable":true,"href":"https:\/\/superstore.ee\/index.php\/wp-json\/wp\/v2\/product_cat?post=23544"},{"taxonomy":"product_tag","embeddable":true,"href":"https:\/\/superstore.ee\/index.php\/wp-json\/wp\/v2\/product_tag?post=23544"}],"curies":[{"name":"wp","href":"https:\/\/api.w.org\/{rel}","templated":true}]}}