{"id":24020,"date":"2025-06-27T20:11:11","date_gmt":"2025-06-27T17:11:11","guid":{"rendered":"https:\/\/superstore.ee\/?post_type=product&#038;p=24020"},"modified":"2025-11-06T19:47:15","modified_gmt":"2025-11-06T17:47:15","slug":"victorias-secret-guava-fiesta-shimmer-fragrance-lotion","status":"publish","type":"product","link":"https:\/\/superstore.ee\/index.php\/toode\/victorias-secret-guava-fiesta-shimmer-fragrance-lotion\/","title":{"rendered":"Victoria\u2019s Secret Guava Fiesta Shimmer Fragrance Lotion"},"content":{"rendered":"","protected":false},"excerpt":{"rendered":"<p data-sourcepos=\"7:1-7:76\">Victoria\u2019s Secret Guava Fiesta L\u00f5hnastatud Kehakreem s\u00e4delusega (236ml)<\/p>\n<p data-sourcepos=\"9:1-10:15\"><strong>Aroomit\u00fc\u00fcp:<\/strong> Puuviljane Lilleline <strong>P\u00f5hinoodid:<\/strong><\/p>\n<ul data-sourcepos=\"11:1-14:0\">\n<li data-sourcepos=\"11:1-11:40\"><strong>Tipunoodid:<\/strong> Ananass, Mahlane Guava<\/li>\n<li data-sourcepos=\"12:1-12:41\"><strong>S\u00fcdamenoodid:<\/strong> Jasmiini\u00f5ied, Freesia<\/li>\n<li data-sourcepos=\"13:1-14:0\"><strong>Baasnoodid:<\/strong> Pehme Musk, Sandlipuu<\/li>\n<\/ul>\n<p data-sourcepos=\"15:1-15:426\">Sukelduge troopilisse elamusesse <strong>Victoria\u2019s Secret Guava Fiesta Virvendava L\u00f5hnastatud Kehakreemiga<\/strong>! See luksuslik kreem mitte ainult ei niisuta nahka s\u00fcgavuti, j\u00e4ttes selle pehmeks ja siledaks, vaid annab ka kauni, peene virvenduse ning vastupandamatu aroomi. Mahlase guava ja lilleliste nootidega rikastatud kehakreem on ideaalne viis lisada oma p\u00e4evale s\u00e4delust ja eksootilist h\u00f5ngu. Kogege v\u00e4rsket s\u00e4rtsu s\u00e4delusega!<\/p>\n<details>\n<summary>Details<\/summary>\n<div translate=\"no\">\n<p>Juicy, floral, bright.A fresh squeeze with a side of sparkle.<\/p>\n<p>Fragrance type: Fruity Floral<\/p>\n<p>Notes<br \/>\nTop: Pineapple, Juicy Guava<br \/>\nHeart: Jasmine Petals, Freesia<br \/>\nBase: Soft Musk, Sandalwood<\/p>\n<p>236 ml\/8 oz.<br \/>\nDomestic<\/p>\n<p>INGREDIENTS:<br \/>\nWater (Aqua, Eau), Mineral Oil (Paraffinum Liquidum, Huile min\u00e9rale), Glycerin, Fragrance (Parfum), Cetyl Alcohol, Glyceryl Stearate, PEG-100 Stearate, Palmitic Acid, Stearic Acid, Phenoxyethanol, Synthetic Fluorphlogopite, Dimethicone, Acrylates\/C10-30 Alkyl Acrylate Crosspolymer, Chlorphenesin, Xanthan Gum, Potassium Sorbate, Sodium Hydroxide, Ethylhexylglycerin, Disodium EDTA, Aloe Barbadensis Leaf Juice, Tocopheryl Acetate, Linalool, Hydroxycitronellal, Titanium Dioxide (CI 77891)Ingredients are subject to change. For an accurate list of ingredients, please refer to the product packaging.<\/p>\n<\/div>\n<p>Victoria\u2019s Secret Guava Fiesta \u041f\u0430\u0440\u0444\u044e\u043c\u0438\u0440\u043e\u0432\u0430\u043d\u043d\u044b\u0439 \u041a\u0440\u0435\u043c \u0434\u043b\u044f \u0442\u0435\u043b\u0430 \u0441 \u0431\u043b\u0435\u0441\u0442\u043a\u0430\u043c\u0438 (236\u043c\u043b)<\/p>\n<p>\u0422\u0438\u043f \u0430\u0440\u043e\u043c\u0430\u0442\u0430: \u0424\u0440\u0443\u043a\u0442\u043e\u0432\u044b\u0439 \u0426\u0432\u0435\u0442\u043e\u0447\u043d\u044b\u0439<br \/>\n\u041e\u0441\u043d\u043e\u0432\u043d\u044b\u0435 \u043d\u043e\u0442\u044b:<br \/>\n\u0412\u0435\u0440\u0445\u043d\u0438\u0435 \u043d\u043e\u0442\u044b: \u0410\u043d\u0430\u043d\u0430\u0441, \u0421\u043e\u0447\u043d\u0430\u044f \u0413\u0443\u0430\u0432\u0430<br \/>\n\u041d\u043e\u0442\u044b \u0441\u0435\u0440\u0434\u0446\u0430: \u041b\u0435\u043f\u0435\u0441\u0442\u043a\u0438 \u0416\u0430\u0441\u043c\u0438\u043d\u0430, \u0424\u0440\u0435\u0437\u0438\u044f<br \/>\n\u0411\u0430\u0437\u043e\u0432\u044b\u0435 \u043d\u043e\u0442\u044b: \u041c\u044f\u0433\u043a\u0438\u0439 \u041c\u0443\u0441\u043a\u0443\u0441, \u0421\u0430\u043d\u0434\u0430\u043b<\/p>\n<p>\u041f\u043e\u0433\u0440\u0443\u0437\u0438\u0442\u0435\u0441\u044c \u0432 \u0442\u0440\u043e\u043f\u0438\u0447\u0435\u0441\u043a\u043e\u0435 \u043d\u0430\u0441\u043b\u0430\u0436\u0434\u0435\u043d\u0438\u0435 \u0441 \u0421\u0438\u044f\u044e\u0449\u0438\u043c \u041f\u0430\u0440\u0444\u044e\u043c\u0438\u0440\u043e\u0432\u0430\u043d\u043d\u044b\u043c \u041a\u0440\u0435\u043c\u043e\u043c \u0434\u043b\u044f \u0442\u0435\u043b\u0430 Victoria\u2019s Secret Guava Fiesta! \u042d\u0442\u043e\u0442 \u0440\u043e\u0441\u043a\u043e\u0448\u043d\u044b\u0439 \u043a\u0440\u0435\u043c \u043d\u0435 \u0442\u043e\u043b\u044c\u043a\u043e \u0433\u043b\u0443\u0431\u043e\u043a\u043e \u0443\u0432\u043b\u0430\u0436\u043d\u044f\u0435\u0442 \u043a\u043e\u0436\u0443, \u0434\u0435\u043b\u0430\u044f \u0435\u0435 \u043c\u044f\u0433\u043a\u043e\u0439 \u0438 \u0433\u043b\u0430\u0434\u043a\u043e\u0439, \u043d\u043e \u0438 \u043f\u0440\u0438\u0434\u0430\u0435\u0442 \u043a\u0440\u0430\u0441\u0438\u0432\u043e\u0435, \u043d\u0435\u0436\u043d\u043e\u0435 \u043c\u0435\u0440\u0446\u0430\u043d\u0438\u0435 \u0438 \u043d\u0435\u043e\u0442\u0440\u0430\u0437\u0438\u043c\u044b\u0439 \u0430\u0440\u043e\u043c\u0430\u0442. \u041e\u0431\u043e\u0433\u0430\u0449\u0435\u043d\u043d\u044b\u0439 \u0441\u043e\u0447\u043d\u043e\u0439 \u0433\u0443\u0430\u0432\u043e\u0439 \u0438 \u0446\u0432\u0435\u0442\u043e\u0447\u043d\u044b\u043c\u0438 \u043d\u043e\u0442\u0430\u043c\u0438, \u043e\u043d \u0438\u0434\u0435\u0430\u043b\u044c\u043d\u043e \u043f\u043e\u0434\u0445\u043e\u0434\u0438\u0442 \u0434\u043b\u044f \u0442\u043e\u0433\u043e, \u0447\u0442\u043e\u0431\u044b \u0434\u043e\u0431\u0430\u0432\u0438\u0442\u044c \u0431\u043b\u0435\u0441\u043a\u0430 \u0438 \u044d\u043a\u0437\u043e\u0442\u0438\u0447\u0435\u0441\u043a\u043e\u0433\u043e \u0448\u043b\u0435\u0439\u0444\u0430 \u0432\u0430\u0448\u0435\u043c\u0443 \u0434\u043d\u044e. \u041f\u043e\u0447\u0443\u0432\u0441\u0442\u0432\u0443\u0439\u0442\u0435 \u0441\u0432\u0435\u0436\u0435\u0441\u0442\u044c \u0441 \u0441\u0438\u044f\u043d\u0438\u0435\u043c!<\/p>\n<\/details>\n","protected":false},"featured_media":24104,"template":"","meta":{"jetpack_publicize_message":"","jetpack_publicize_feature_enabled":true,"jetpack_social_post_already_shared":true,"jetpack_social_options":{"image_generator_settings":{"template":"highway","default_image_id":0,"font":"","enabled":false},"version":2}},"product_brand":[],"product_cat":[926,910,341],"product_tag":[],"class_list":{"0":"post-24020","1":"product","2":"type-product","3":"status-publish","4":"has-post-thumbnail","6":"product_cat-victorias-secret-body-lotions","7":"product_cat-kehaspreid","8":"product_cat-victorias-secret","9":"pa_suurus-15-ml-tester","10":"pa_suurus-250-ml-full-size","11":"pa_suurus-30-ml-tester","13":"first","14":"instock","15":"sale","16":"shipping-taxable","17":"purchasable","18":"product-type-variable"},"jetpack_publicize_connections":[],"jetpack_sharing_enabled":true,"jetpack_likes_enabled":true,"_links":{"self":[{"href":"https:\/\/superstore.ee\/index.php\/wp-json\/wp\/v2\/product\/24020","targetHints":{"allow":["GET"]}}],"collection":[{"href":"https:\/\/superstore.ee\/index.php\/wp-json\/wp\/v2\/product"}],"about":[{"href":"https:\/\/superstore.ee\/index.php\/wp-json\/wp\/v2\/types\/product"}],"wp:featuredmedia":[{"embeddable":true,"href":"https:\/\/superstore.ee\/index.php\/wp-json\/wp\/v2\/media\/24104"}],"wp:attachment":[{"href":"https:\/\/superstore.ee\/index.php\/wp-json\/wp\/v2\/media?parent=24020"}],"wp:term":[{"taxonomy":"product_brand","embeddable":true,"href":"https:\/\/superstore.ee\/index.php\/wp-json\/wp\/v2\/product_brand?post=24020"},{"taxonomy":"product_cat","embeddable":true,"href":"https:\/\/superstore.ee\/index.php\/wp-json\/wp\/v2\/product_cat?post=24020"},{"taxonomy":"product_tag","embeddable":true,"href":"https:\/\/superstore.ee\/index.php\/wp-json\/wp\/v2\/product_tag?post=24020"}],"curies":[{"name":"wp","href":"https:\/\/api.w.org\/{rel}","templated":true}]}}