{"id":24142,"date":"2025-07-01T20:52:13","date_gmt":"2025-07-01T17:52:13","guid":{"rendered":"https:\/\/superstore.ee\/?post_type=product&#038;p=24142"},"modified":"2025-12-28T16:50:20","modified_gmt":"2025-12-28T14:50:20","slug":"victorias-secret-dewy-dragonfruit-nectar-fragrance-mist","status":"publish","type":"product","link":"https:\/\/superstore.ee\/index.php\/toode\/victorias-secret-dewy-dragonfruit-nectar-fragrance-mist\/","title":{"rendered":"Victoria\u2019s Secret Dewy Dragonfruit Nectar Fragrance Mist"},"content":{"rendered":"","protected":false},"excerpt":{"rendered":"<p>Victoria\u2019s Secret Dewy Dragonfruit Nectar Kehasprei (250ml)<\/p>\n<p><b>Aroomit\u00fc\u00fcp:<\/b> Puuviljane V\u00e4rske<\/p>\n<p><b>Aroomi kirjeldus<\/b><\/p>\n<ul>\n<li>Tipunoodid: Roosa Draakonivili<\/li>\n<li>S\u00fcdamenoodid: Magus Tai Mango, Kannatuslille Nektar<\/li>\n<li>Baasnoodid: \u00d5rn Puit, Kristalssammal<\/li>\n<\/ul>\n<p>Mahlane, kerge aroom viib teid d\u017eunglisse. See elavate magusa tai mango ja draakonivilja nootidega sprei pakub v\u00e4rskendavat ja troopilist naudingut. Ideaalne, et lisada oma p\u00e4evale eksootilist meeleolu ja looduse h\u00f5ngu.<\/p>\n<details>\n<summary>Details<\/summary>\n<div>\n<p>Victoria\u2019s Secret Dewy Dragonfruit Nectar Fragrance Mist (250ml)<br \/>\nFragrance Description<br \/>\nTop Notes: Pink Dragonfruit<br \/>\nHeart Notes: Sweet Thai Mango, Passionflower Nectar<br \/>\nBase Notes: Sheer Woods, Crystal Moss<\/p>\n<p>A juicy, sheer scent will transport you to the jungle. This mist with vibrant notes of sweet Thai mango and dragonfruit will deliver a refreshing and tropical delight. Perfect for adding an exotic mood and a touch of nature to your day.<\/p>\n<p>INGREDIENTS:<br \/>\nAlcohol Denat., Water (Aqua, Eau), Fragrance (Parfum), Propylene Glycol, Glycerin, PPG-26-Buteth-26, PEG-40 Hydrogenated Castor Oil, Ethylhexyl Methoxycinnamate, Ethylhexyl Salicylate, Butyl Methoxydibenzoylmethane, Limonene, Hydroxycitronellal, Linalool, Hexyl Cinnamal, Geraniol, Citral, Cinnamyl AlcoholIngredients are subject to change. For an accurate list of ingredients, please refer to the product packaging.<\/p>\n<\/div>\n<p>Victoria\u2019s Secret Dewy Dragonfruit Nectar \u041f\u0430\u0440\u0444\u044e\u043c\u0438\u0440\u043e\u0432\u0430\u043d\u043d\u044b\u0439 \u0421\u043f\u0440\u0435\u0439 \u0434\u043b\u044f \u0442\u0435\u043b\u0430 \u043c\u0438\u0441\u0442 (250\u043c\u043b)<\/p>\n<p>\u041e\u043f\u0438\u0441\u0430\u043d\u0438\u0435 \u0430\u0440\u043e\u043c\u0430\u0442\u0430<br \/>\n\u0412\u0435\u0440\u0445\u043d\u0438\u0435 \u043d\u043e\u0442\u044b: \u0420\u043e\u0437\u043e\u0432\u044b\u0439 \u0414\u0440\u0430\u043a\u043e\u043d\u0438\u0439 \u0424\u0440\u0443\u043a\u0442<br \/>\n\u041d\u043e\u0442\u044b \u0441\u0435\u0440\u0434\u0446\u0430: \u0421\u043b\u0430\u0434\u043a\u0438\u0439 \u0422\u0430\u0439\u0441\u043a\u0438\u0439 \u041c\u0430\u043d\u0433\u043e, \u041d\u0435\u043a\u0442\u0430\u0440 \u0421\u0442\u0440\u0430\u0441\u0442\u043e\u0446\u0432\u0435\u0442\u0430<br \/>\n\u0411\u0430\u0437\u043e\u0432\u044b\u0435 \u043d\u043e\u0442\u044b: \u041d\u0435\u0436\u043d\u0430\u044f \u0414\u0440\u0435\u0432\u0435\u0441\u0438\u043d\u0430, \u041a\u0440\u0438\u0441\u0442\u0430\u043b\u043b\u0438\u0447\u0435\u0441\u043a\u0438\u0439 \u041c\u043e\u0445<\/p>\n<p>\u0421\u043e\u0447\u043d\u044b\u0439, \u043d\u0435\u0432\u0435\u0441\u043e\u043c\u044b\u0439 \u0430\u0440\u043e\u043c\u0430\u0442 \u043f\u0435\u0440\u0435\u043d\u0435\u0441\u0435\u0442 \u0432\u0430\u0441 \u0432 \u0434\u0436\u0443\u043d\u0433\u043b\u0438. \u042d\u0442\u043e\u0442 \u0441\u043f\u0440\u0435\u0439 \u0441 \u044f\u0440\u043a\u0438\u043c\u0438 \u043d\u043e\u0442\u0430\u043c\u0438 \u0441\u043b\u0430\u0434\u043a\u043e\u0433\u043e \u0442\u0430\u0439\u0441\u043a\u043e\u0433\u043e \u043c\u0430\u043d\u0433\u043e \u0438 \u0434\u0440\u0430\u043a\u043e\u043d\u044c\u0435\u0433\u043e \u0444\u0440\u0443\u043a\u0442\u0430 \u043f\u043e\u0434\u0430\u0440\u0438\u0442 \u043e\u0441\u0432\u0435\u0436\u0430\u044e\u0449\u0435\u0435 \u0438 \u0442\u0440\u043e\u043f\u0438\u0447\u0435\u0441\u043a\u043e\u0435 \u043d\u0430\u0441\u043b\u0430\u0436\u0434\u0435\u043d\u0438\u0435. \u0418\u0434\u0435\u0430\u043b\u044c\u043d\u043e \u043f\u043e\u0434\u0445\u043e\u0434\u0438\u0442, \u0447\u0442\u043e\u0431\u044b \u0434\u043e\u0431\u0430\u0432\u0438\u0442\u044c \u044d\u043a\u0437\u043e\u0442\u0438\u0447\u0435\u0441\u043a\u043e\u0433\u043e \u043d\u0430\u0441\u0442\u0440\u043e\u0435\u043d\u0438\u044f \u0438 \u0434\u044b\u0445\u0430\u043d\u0438\u044f \u043f\u0440\u0438\u0440\u043e\u0434\u044b \u0432 \u0432\u0430\u0448 \u0434\u0435\u043d\u044c.<\/p>\n<\/details>\n","protected":false},"featured_media":24152,"template":"","meta":{"jetpack_publicize_message":"","jetpack_publicize_feature_enabled":true,"jetpack_social_post_already_shared":true,"jetpack_social_options":{"image_generator_settings":{"template":"highway","default_image_id":0,"font":"","enabled":false},"version":2}},"product_brand":[],"product_cat":[910,927,341],"product_tag":[],"class_list":{"0":"post-24142","1":"product","2":"type-product","3":"status-publish","4":"has-post-thumbnail","6":"product_cat-kehaspreid","7":"product_cat-victorias-secret-body-mists","8":"product_cat-victorias-secret","9":"pa_suurus-10-ml-tester","10":"pa_suurus-2-ml-tester","11":"pa_suurus-250-ml-full-size","12":"pa_suurus-30-ml-tester","14":"first","15":"instock","16":"sale","17":"shipping-taxable","18":"purchasable","19":"product-type-simple"},"jetpack_publicize_connections":[],"jetpack_sharing_enabled":true,"jetpack_likes_enabled":true,"_links":{"self":[{"href":"https:\/\/superstore.ee\/index.php\/wp-json\/wp\/v2\/product\/24142","targetHints":{"allow":["GET"]}}],"collection":[{"href":"https:\/\/superstore.ee\/index.php\/wp-json\/wp\/v2\/product"}],"about":[{"href":"https:\/\/superstore.ee\/index.php\/wp-json\/wp\/v2\/types\/product"}],"wp:featuredmedia":[{"embeddable":true,"href":"https:\/\/superstore.ee\/index.php\/wp-json\/wp\/v2\/media\/24152"}],"wp:attachment":[{"href":"https:\/\/superstore.ee\/index.php\/wp-json\/wp\/v2\/media?parent=24142"}],"wp:term":[{"taxonomy":"product_brand","embeddable":true,"href":"https:\/\/superstore.ee\/index.php\/wp-json\/wp\/v2\/product_brand?post=24142"},{"taxonomy":"product_cat","embeddable":true,"href":"https:\/\/superstore.ee\/index.php\/wp-json\/wp\/v2\/product_cat?post=24142"},{"taxonomy":"product_tag","embeddable":true,"href":"https:\/\/superstore.ee\/index.php\/wp-json\/wp\/v2\/product_tag?post=24142"}],"curies":[{"name":"wp","href":"https:\/\/api.w.org\/{rel}","templated":true}]}}