{"id":24155,"date":"2025-07-02T23:34:07","date_gmt":"2025-07-02T20:34:07","guid":{"rendered":"https:\/\/superstore.ee\/?post_type=product&#038;p=24155"},"modified":"2025-07-14T15:50:16","modified_gmt":"2025-07-14T12:50:16","slug":"victorias-secret-misted-magnolia-melon-fragrance-mist","status":"publish","type":"product","link":"https:\/\/superstore.ee\/index.php\/toode\/victorias-secret-misted-magnolia-melon-fragrance-mist\/","title":{"rendered":"Victoria\u2019s Secret Misted Magnolia Melon Fragrance Mist"},"content":{"rendered":"","protected":false},"excerpt":{"rendered":"<p>Victoria\u2019s Secret Misted Magnolia Melon Kehasprei (250ml)<\/p>\n<p><b>Aroomit\u00fc\u00fcp:<\/b> Lilleline V\u00e4rske<\/p>\n<p><b>Aroomi kirjeldus<\/b><\/p>\n<ul>\n<li>Tipunoodid: Kastekaste Melon, Vihmametsa Liilia<\/li>\n<li>S\u00fcdamenoodid: Troopiline Magnolia, Lopsakas Sirel<\/li>\n<li>Baasnoodid: Kreemjas Brasiilia P\u00e4hkel, Palmilehed<\/li>\n<\/ul>\n<p>Troopiline, lilleline, lopsakas aroom. Peidetud paradiis v\u00e4rskelt kastetud \u00f5itest. Kehasprei loob peidetud paradiisi tunde v\u00e4rskelt kastetud \u00f5itest. Ideaalne troopilise ja v\u00e4rske meeleolu loomiseks.<\/p>\n<details>\n<summary>Details<\/summary>\n<div>Victoria\u2019s Secret Misted Magnolia Melon Fragrance Mist<\/div>\n<div>\n<p>Tropical, floral, lush.<\/p>\n<p>A hidden paradise of misted blooms.<\/p>\n<p>Fragrance type: Floral Fresh<\/p>\n<p>Notes<\/p>\n<p>Top: Dewy Melon, Rainforest Lily<\/p>\n<p>Heart: Tropical Magnolia, Lush Lilac<\/p>\n<p>Base: Creamy Brazil Nut, Palm Leaves<\/p>\n<ul>\n<li>250 ml<\/li>\n<li>Domestic<\/li>\n<\/ul>\n<p>A juicy, sheer scent will transport you to the jungle. This mist with vibrant notes of sweet Thai mango and dragonfruit will deliver a refreshing and tropical delight. Perfect for adding an exotic mood and a touch of nature to your day.<\/p>\n<p>INGREDIENTS:<br \/>\nAlcohol Denat., Water (Aqua, Eau), Fragrance (Parfum), Propylene Glycol, Glycerin, PPG-26-Buteth-26, PEG-40 Hydrogenated Castor Oil, Ethylhexyl Methoxycinnamate, Ethylhexyl Salicylate, Butyl Methoxydibenzoylmethane, Limonene, Hydroxycitronellal, Linalool, Hexyl Cinnamal, Geraniol, Citral, Cinnamyl AlcoholIngredients are subject to change. For an accurate list of ingredients, please refer to the product packaging.<\/p>\n<\/div>\n<p>Victoria\u2019s Secret Misted Magnolia Melon \u041f\u0430\u0440\u0444\u044e\u043c\u0438\u0440\u043e\u0432\u0430\u043d\u043d\u044b\u0439 \u0421\u043f\u0440\u0435\u0439 \u0434\u043b\u044f \u0442\u0435\u043b\u0430 \u043c\u0438\u0441\u0442 (250\u043c\u043b)<\/p>\n<p>\u0422\u0438\u043f \u0430\u0440\u043e\u043c\u0430\u0442\u0430:\u00a0 \u0426\u0432\u0435\u0442\u043e\u0447\u043d\u044b\u0439 \u0421\u0432\u0435\u0436\u0438\u0439<br \/>\n\u0412\u0435\u0440\u0445\u043d\u0438\u0435 \u043d\u043e\u0442\u044b: \u0420\u043e\u0441\u0438\u0441\u0442\u0430\u044f \u0414\u044b\u043d\u044f, \u041b\u0438\u043b\u0438\u044f \u0414\u043e\u0436\u0434\u0435\u0432\u043e\u0433\u043e \u041b\u0435\u0441\u0430<br \/>\n\u041d\u043e\u0442\u044b \u0441\u0435\u0440\u0434\u0446\u0430: \u0422\u0440\u043e\u043f\u0438\u0447\u0435\u0441\u043a\u0430\u044f \u041c\u0430\u0433\u043d\u043e\u043b\u0438\u044f, \u041f\u044b\u0448\u043d\u0430\u044f \u0421\u0438\u0440\u0435\u043d\u044c<br \/>\n\u0411\u0430\u0437\u043e\u0432\u044b\u0435 \u043d\u043e\u0442\u044b: \u0421\u043b\u0438\u0432\u043e\u0447\u043d\u044b\u0439 \u0411\u0440\u0430\u0437\u0438\u043b\u044c\u0441\u043a\u0438\u0439 \u041e\u0440\u0435\u0445, \u041f\u0430\u043b\u044c\u043c\u043e\u0432\u044b\u0435 \u041b\u0438\u0441\u0442\u044c\u044f<\/p>\n<p>\u0421\u043e\u0447\u043d\u044b\u0439, \u043d\u0435\u0432\u0435\u0441\u043e\u043c\u044b\u0439 \u0430\u0440\u043e\u043c\u0430\u0442 \u043f\u0435\u0440\u0435\u043d\u0435\u0441\u0435\u0442 \u0432\u0430\u0441 \u0432 \u0434\u0436\u0443\u043d\u0433\u043b\u0438. \u042d\u0442\u043e\u0442 \u0441\u043f\u0440\u0435\u0439 \u0441 \u044f\u0440\u043a\u0438\u043c\u0438 \u043d\u043e\u0442\u0430\u043c\u0438 \u0441\u043b\u0430\u0434\u043a\u043e\u0433\u043e \u0442\u0430\u0439\u0441\u043a\u043e\u0433\u043e \u043c\u0430\u043d\u0433\u043e \u0438 \u0434\u0440\u0430\u043a\u043e\u043d\u044c\u0435\u0433\u043e \u0444\u0440\u0443\u043a\u0442\u0430 \u043f\u043e\u0434\u0430\u0440\u0438\u0442 \u043e\u0441\u0432\u0435\u0436\u0430\u044e\u0449\u0435\u0435 \u0438 \u0442\u0440\u043e\u043f\u0438\u0447\u0435\u0441\u043a\u043e\u0435 \u043d\u0430\u0441\u043b\u0430\u0436\u0434\u0435\u043d\u0438\u0435. \u0418\u0434\u0435\u0430\u043b\u044c\u043d\u043e \u043f\u043e\u0434\u0445\u043e\u0434\u0438\u0442, \u0447\u0442\u043e\u0431\u044b \u0434\u043e\u0431\u0430\u0432\u0438\u0442\u044c \u044d\u043a\u0437\u043e\u0442\u0438\u0447\u0435\u0441\u043a\u043e\u0433\u043e \u043d\u0430\u0441\u0442\u0440\u043e\u0435\u043d\u0438\u044f \u0438 \u0434\u044b\u0445\u0430\u043d\u0438\u044f \u043f\u0440\u0438\u0440\u043e\u0434\u044b \u0432 \u0432\u0430\u0448 \u0434\u0435\u043d\u044c.<\/p>\n<\/details>\n","protected":false},"featured_media":24162,"template":"","meta":{"jetpack_publicize_message":"","jetpack_publicize_feature_enabled":true,"jetpack_social_post_already_shared":true,"jetpack_social_options":{"image_generator_settings":{"template":"highway","default_image_id":0,"font":"","enabled":false},"version":2}},"product_brand":[],"product_cat":[910,927,341],"product_tag":[],"class_list":{"0":"post-24155","1":"product","2":"type-product","3":"status-publish","4":"has-post-thumbnail","6":"product_cat-kehaspreid","7":"product_cat-victorias-secret-body-mists","8":"product_cat-victorias-secret","9":"pa_suurus-10-ml-tester","10":"pa_suurus-2-ml-tester","11":"pa_suurus-250-ml-full-size","12":"pa_suurus-30-ml-tester","14":"first","15":"instock","16":"sale","17":"shipping-taxable","18":"purchasable","19":"product-type-simple"},"jetpack_publicize_connections":[],"jetpack_sharing_enabled":true,"jetpack_likes_enabled":true,"_links":{"self":[{"href":"https:\/\/superstore.ee\/index.php\/wp-json\/wp\/v2\/product\/24155","targetHints":{"allow":["GET"]}}],"collection":[{"href":"https:\/\/superstore.ee\/index.php\/wp-json\/wp\/v2\/product"}],"about":[{"href":"https:\/\/superstore.ee\/index.php\/wp-json\/wp\/v2\/types\/product"}],"wp:featuredmedia":[{"embeddable":true,"href":"https:\/\/superstore.ee\/index.php\/wp-json\/wp\/v2\/media\/24162"}],"wp:attachment":[{"href":"https:\/\/superstore.ee\/index.php\/wp-json\/wp\/v2\/media?parent=24155"}],"wp:term":[{"taxonomy":"product_brand","embeddable":true,"href":"https:\/\/superstore.ee\/index.php\/wp-json\/wp\/v2\/product_brand?post=24155"},{"taxonomy":"product_cat","embeddable":true,"href":"https:\/\/superstore.ee\/index.php\/wp-json\/wp\/v2\/product_cat?post=24155"},{"taxonomy":"product_tag","embeddable":true,"href":"https:\/\/superstore.ee\/index.php\/wp-json\/wp\/v2\/product_tag?post=24155"}],"curies":[{"name":"wp","href":"https:\/\/api.w.org\/{rel}","templated":true}]}}