{"id":24427,"date":"2026-02-03T07:09:23","date_gmt":"2026-02-03T05:09:23","guid":{"rendered":"https:\/\/superstore.ee\/?post_type=product&#038;p=24427"},"modified":"2026-02-04T14:18:15","modified_gmt":"2026-02-04T12:18:15","slug":"kiko-vs-mistery-box","status":"publish","type":"product","link":"https:\/\/superstore.ee\/index.php\/toode\/kiko-vs-mistery-box\/","title":{"rendered":"KIKO &#038; VS Mistery Box"},"content":{"rendered":"","protected":false},"excerpt":{"rendered":"<p>KIKO &amp; VS Mystery Box<\/p>\n<p>Kas olete valmis maagiaks ja uskumatuteks iluavastusteks? Tutvustame meie eksklusiivset KIKO &amp; VS Mystery Box\u2019i \u2013 see on ideaalne viis ennast hellitada v\u00f5i l\u00e4hedast meeldej\u00e4\u00e4va kingitusega \u00fcllatada!<\/p>\n<p>Igas Mystery Box\u2019is ootab teid hoolikalt valitud kollektsioon k\u00f5ige tipptasemel ja ihaldatuimatest toodetest ikoonilistelt globaalsetelt br\u00e4ndidelt Victoria\u2019s Secret ja KIKO Milano, lisaks meeldivad testerid teie uuteks iluavastusteks! See on teie ainulaadne v\u00f5imalus avastada uusi lemmikuid v\u00f5i nautida juba armastatud bestsellereid, mis on spetsiaalselt teie jaoks kokku pandud!<\/p>\n<p>Kuid see pole veel k\u00f5ik! Oleme hoolitsenud iga detaili eest: iga Mystery Box on pakitud stiilsesse kinkekarpi ja t\u00e4iendatud magusa \u00fcllatusega \u2013 maitsvate kommidega \u2013, et muuta lahtipakkimise protsess veelgi meeldivamaks ja luua t\u00f5eline pidulik atmosf\u00e4\u00e4r.<\/p>\n<p>Unustage rutiin ja lubage endale puhta vaimustuse ja intriigi hetk. See on ideaalne kingitus neile, kes hindavad kvaliteeti, stiili ja loomulikult \u00fcllatusmomenti.<\/p>\n<p>\ud83d\udc9d Kuidas tellida?<br \/>\nLisa soovitud tooted ostukorvi ja kirjuta tellimuse kommentaaridesse, millised tooted soovid kinkepakendisse ja millised eraldi saadetuna.<\/p>\n<p>\ud83d\udce6 Saada kingitus otse saajale!<br \/>\nSoovi korral v\u00f5ime saata kingituse otse kingisaajale \u2013 lihtsalt sisesta tema aadress tellimuse andmetesse ning lisa vajadusel tervituss\u00f5num.<\/p>\n<details>\n<summary>Details<\/summary>\n<div>KIKO &amp; VS Mystery Box<br \/>\nReady for magic and incredible beauty discoveries? Introducing our exclusive KIKO &amp; VS Mystery Box \u2013 the perfect way to treat yourself or surprise a loved one with an unforgettable gift!Each Mystery Box holds a carefully selected collection of the most popular and coveted products from iconic global brands Victoria\u2019s Secret and KIKO Milano, along with delightful testers for your new beauty discoveries! This is your unique chance to find new favorites or enjoy beloved bestsellers, curated especially for you!But there\u2019s more! We\u2019ve taken care of every detail: each Mystery Box is packed in a stylish gift box and complemented by a sweet surprise \u2013 delicious candies \u2013 to make the unboxing experience even more enjoyable and create a true festive atmosphere.Forget the routine and allow yourself a moment of pure delight and intrigue. This is the ideal gift for anyone who values quality, style, and, of course, the element of surprise.<\/div>\n<p>KIKO &amp; VS Mystery Box<\/p>\n<p>\u0413\u043e\u0442\u043e\u0432\u044b \u043a \u043d\u0430\u0441\u0442\u043e\u044f\u0449\u0435\u043c\u0443 \u0432\u043e\u043b\u0448\u0435\u0431\u0441\u0442\u0432\u0443 \u0438 \u043d\u0435\u0432\u0435\u0440\u043e\u044f\u0442\u043d\u044b\u043c \u0431\u044c\u044e\u0442\u0438-\u043e\u0442\u043a\u0440\u044b\u0442\u0438\u044f\u043c? \u041f\u0440\u0435\u0434\u0441\u0442\u0430\u0432\u043b\u044f\u0435\u043c \u043d\u0430\u0448 \u044d\u043a\u0441\u043a\u043b\u044e\u0437\u0438\u0432\u043d\u044b\u0439 KIKO &amp; VS Mystery Box \u2013 \u0438\u0434\u0435\u0430\u043b\u044c\u043d\u044b\u0439 \u0441\u043f\u043e\u0441\u043e\u0431 \u043f\u043e\u0431\u0430\u043b\u043e\u0432\u0430\u0442\u044c \u0441\u0435\u0431\u044f \u0438\u043b\u0438 \u0443\u0434\u0438\u0432\u0438\u0442\u044c \u0431\u043b\u0438\u0437\u043a\u043e\u0433\u043e \u0447\u0435\u043b\u043e\u0432\u0435\u043a\u0430 \u043d\u0435\u0437\u0430\u0431\u044b\u0432\u0430\u0435\u043c\u044b\u043c \u043f\u043e\u0434\u0430\u0440\u043a\u043e\u043c!<\/p>\n<p>\u0412 \u043a\u0430\u0436\u0434\u043e\u043c Mystery Box \u0432\u0430\u0441 \u0436\u0434\u0435\u0442 \u0442\u0449\u0430\u0442\u0435\u043b\u044c\u043d\u043e \u043e\u0442\u043e\u0431\u0440\u0430\u043d\u043d\u0430\u044f \u043a\u043e\u043b\u043b\u0435\u043a\u0446\u0438\u044f \u0441\u0430\u043c\u044b\u0445 \u0442\u043e\u043f\u043e\u0432\u044b\u0445 \u0438 \u0436\u0435\u043b\u0430\u043d\u043d\u044b\u0445 \u0442\u043e\u0432\u0430\u0440\u043e\u0432 \u043e\u0442 \u043a\u0443\u043b\u044c\u0442\u043e\u0432\u044b\u0445 \u043c\u0438\u0440\u043e\u0432\u044b\u0445 \u0431\u0440\u0435\u043d\u0434\u043e\u0432 Victoria\u2019s Secret \u0438 KIKO Milano, \u0430 \u0442\u0430\u043a\u0436\u0435 \u043f\u0440\u0438\u044f\u0442\u043d\u044b\u0435 \u0442\u0435\u0441\u0442\u0435\u0440\u044b \u0434\u043b\u044f \u0432\u0430\u0448\u0438\u0445 \u043d\u043e\u0432\u044b\u0445 \u0431\u044c\u044e\u0442\u0438-\u043e\u0442\u043a\u0440\u044b\u0442\u0438\u0439! \u042d\u0442\u043e \u0432\u0430\u0448 \u0443\u043d\u0438\u043a\u0430\u043b\u044c\u043d\u044b\u0439 \u0448\u0430\u043d\u0441 \u043e\u0442\u043a\u0440\u044b\u0442\u044c \u0434\u043b\u044f \u0441\u0435\u0431\u044f \u043d\u043e\u0432\u044b\u0435 \u0444\u0430\u0432\u043e\u0440\u0438\u0442\u044b \u0438\u043b\u0438 \u043d\u0430\u0441\u043b\u0430\u0434\u0438\u0442\u044c\u0441\u044f \u0443\u0436\u0435 \u043b\u044e\u0431\u0438\u043c\u044b\u043c\u0438 \u0431\u0435\u0441\u0442\u0441\u0435\u043b\u043b\u0435\u0440\u0430\u043c\u0438, \u0441\u043e\u0431\u0440\u0430\u043d\u043d\u044b\u043c\u0438 \u0441\u043f\u0435\u0446\u0438\u0430\u043b\u044c\u043d\u043e \u0434\u043b\u044f \u0432\u0430\u0441!<\/p>\n<p>\u041d\u043e \u044d\u0442\u043e \u0435\u0449\u0435 \u043d\u0435 \u0432\u0441\u0435! \u041c\u044b \u043f\u043e\u0437\u0430\u0431\u043e\u0442\u0438\u043b\u0438\u0441\u044c \u043e \u043a\u0430\u0436\u0434\u043e\u0439 \u0434\u0435\u0442\u0430\u043b\u0438: \u043a\u0430\u0436\u0434\u044b\u0439 Mystery Box \u0443\u043f\u0430\u043a\u043e\u0432\u0430\u043d \u0432 \u0441\u0442\u0438\u043b\u044c\u043d\u0443\u044e \u043f\u043e\u0434\u0430\u0440\u043e\u0447\u043d\u0443\u044e \u043a\u043e\u0440\u043e\u0431\u043a\u0443 \u0438 \u0434\u043e\u043f\u043e\u043b\u043d\u0435\u043d \u0441\u043b\u0430\u0434\u043a\u0438\u043c \u0441\u044e\u0440\u043f\u0440\u0438\u0437\u043e\u043c \u2013 \u0432\u043a\u0443\u0441\u043d\u0435\u0439\u0448\u0438\u043c\u0438 \u043a\u043e\u043d\u0444\u0435\u0442\u043a\u0430\u043c\u0438, \u0447\u0442\u043e\u0431\u044b \u0441\u0434\u0435\u043b\u0430\u0442\u044c \u043f\u0440\u043e\u0446\u0435\u0441\u0441 \u0440\u0430\u0441\u043f\u0430\u043a\u043e\u0432\u043a\u0438 \u0435\u0449\u0435 \u0431\u043e\u043b\u0435\u0435 \u043f\u0440\u0438\u044f\u0442\u043d\u044b\u043c \u0438 \u0441\u043e\u0437\u0434\u0430\u0442\u044c \u0430\u0442\u043c\u043e\u0441\u0444\u0435\u0440\u0443 \u043d\u0430\u0441\u0442\u043e\u044f\u0449\u0435\u0433\u043e \u043f\u0440\u0430\u0437\u0434\u043d\u0438\u043a\u0430.<\/p>\n<p>\u0417\u0430\u0431\u0443\u0434\u044c\u0442\u0435 \u043e \u0440\u0443\u0442\u0438\u043d\u0435 \u0438 \u043f\u043e\u0437\u0432\u043e\u043b\u044c\u0442\u0435 \u0441\u0435\u0431\u0435 \u043c\u043e\u043c\u0435\u043d\u0442 \u0447\u0438\u0441\u0442\u043e\u0433\u043e \u0432\u043e\u0441\u0442\u043e\u0440\u0433\u0430 \u0438 \u0438\u043d\u0442\u0440\u0438\u0433\u0438. \u042d\u0442\u043e \u0438\u0434\u0435\u0430\u043b\u044c\u043d\u044b\u0439 \u043f\u043e\u0434\u0430\u0440\u043e\u043a \u0434\u043b\u044f \u0442\u0435\u0445, \u043a\u0442\u043e \u0446\u0435\u043d\u0438\u0442 \u043a\u0430\u0447\u0435\u0441\u0442\u0432\u043e, \u0441\u0442\u0438\u043b\u044c \u0438, \u043a\u043e\u043d\u0435\u0447\u043d\u043e \u0436\u0435, \u044d\u043b\u0435\u043c\u0435\u043d\u0442 \u043d\u0435\u043e\u0436\u0438\u0434\u0430\u043d\u043d\u043e\u0441\u0442\u0438.<\/p>\n<\/details>\n","protected":false},"featured_media":24435,"template":"","meta":{"jetpack_publicize_message":"","jetpack_publicize_feature_enabled":true,"jetpack_social_post_already_shared":true,"jetpack_social_options":{"image_generator_settings":{"template":"highway","default_image_id":0,"font":"","enabled":false},"version":2}},"product_brand":[],"product_cat":[340,830,342,971,341],"product_tag":[],"class_list":{"0":"post-24427","1":"product","2":"type-product","3":"status-publish","4":"has-post-thumbnail","6":"product_cat-kiko-milano","7":"product_cat-kingitused","8":"product_cat-komplektid-victorias-secret","9":"product_cat-sets","10":"product_cat-victorias-secret","11":"pa_suurus-100e","12":"pa_suurus-15e","13":"pa_suurus-20e","14":"pa_suurus-25e","15":"pa_suurus-30e","16":"pa_suurus-35e","17":"pa_suurus-40e","18":"pa_suurus-45e","19":"pa_suurus-50e","20":"pa_suurus-60e","21":"pa_suurus-75e","23":"first","24":"instock","25":"shipping-taxable","26":"purchasable","27":"product-type-variable"},"jetpack_publicize_connections":[],"jetpack_sharing_enabled":true,"jetpack_likes_enabled":true,"_links":{"self":[{"href":"https:\/\/superstore.ee\/index.php\/wp-json\/wp\/v2\/product\/24427","targetHints":{"allow":["GET"]}}],"collection":[{"href":"https:\/\/superstore.ee\/index.php\/wp-json\/wp\/v2\/product"}],"about":[{"href":"https:\/\/superstore.ee\/index.php\/wp-json\/wp\/v2\/types\/product"}],"wp:featuredmedia":[{"embeddable":true,"href":"https:\/\/superstore.ee\/index.php\/wp-json\/wp\/v2\/media\/24435"}],"wp:attachment":[{"href":"https:\/\/superstore.ee\/index.php\/wp-json\/wp\/v2\/media?parent=24427"}],"wp:term":[{"taxonomy":"product_brand","embeddable":true,"href":"https:\/\/superstore.ee\/index.php\/wp-json\/wp\/v2\/product_brand?post=24427"},{"taxonomy":"product_cat","embeddable":true,"href":"https:\/\/superstore.ee\/index.php\/wp-json\/wp\/v2\/product_cat?post=24427"},{"taxonomy":"product_tag","embeddable":true,"href":"https:\/\/superstore.ee\/index.php\/wp-json\/wp\/v2\/product_tag?post=24427"}],"curies":[{"name":"wp","href":"https:\/\/api.w.org\/{rel}","templated":true}]}}