{"id":24854,"date":"2025-07-26T18:30:12","date_gmt":"2025-07-26T15:30:12","guid":{"rendered":"https:\/\/superstore.ee\/?post_type=product&#038;p=24854"},"modified":"2025-08-25T13:38:43","modified_gmt":"2025-08-25T10:38:43","slug":"kiko-milano-long-lasting-eyeshadow-stick-64","status":"publish","type":"product","link":"https:\/\/superstore.ee\/index.php\/toode\/kiko-milano-long-lasting-eyeshadow-stick-64\/","title":{"rendered":"KIKO MILANO Long Lasting Eyeshadow Stick (64)"},"content":{"rendered":"","protected":false},"excerpt":{"rendered":"<p><strong>Kauap\u00fcsiv kreemjas lauv\u00e4rvipulk KIKO Milano (64)<\/strong><\/p>\n<p>Lihtsalt kasutatav kauap\u00fcsiv lauv\u00e4rv pliiatsi vormis, mis tagab intensiivse v\u00e4rvi ja veatu silmameigi. Pehme kreemjas tekstuur hajub kergesti ja fikseerub, pakkudes pikaajalist katvust ilma lauvakku kogunemata v\u00f5i m\u00e4\u00e4rdumata. Ideaalne nii kiireks meigiks kui ka erksate ja s\u00fcgavate toonide loomiseks.<\/p>\n<p><strong>Eelised:<\/strong><\/p>\n<ul>\n<li>Kauap\u00fcsiv koostis (kuni 8 tundi)<\/li>\n<li>Mugav pulkformaat lihtsaks pealekandmiseks<\/li>\n<li>Pehme tekstuur, mis hajub kergesti<\/li>\n<li>Veekindel ja ei pudene<\/li>\n<li>Sobib erinevate efektide loomiseks \u2013 \u00f5rnast kumast kuni intensiivse v\u00e4rvini<\/li>\n<\/ul>\n<details>\n<summary>Details<\/summary>\n<div translate=\"no\">Stick Eyeshadow &#8211; Extreme hold for a blendable intense colour.The creamy formula ensures extreme blendability of the line immediately after application.<br \/>\nOnce set, the colour remains uniform and radiant for up to 8 hours, without streaking or smudging.<br \/>\nWater Resistant, Long Lasting Stick Eyeshadow gives splendid, pure and vibrant colour tones.<br \/>\nApplication is simple and comfortable, thanks to the special rounded stick and its ultra-smooth and light texture.<br \/>\nAvailable in different shades and finishes for a flawless but fun look.INGREDIENTS:<br \/>\nKIKO MILANO is dedicated to maintaining the accuracy of the ingredient lists on this website. However, because ingredients are subject to change, we cannot guarantee that these lists are complete and\/or up-to-date. For an accurate listing of ingredients in each product, please refer to your product packaging.INGREDIENTS: CYCLOPENTASILOXANE, TRIMETHYLSILOXYSILICATE, MICA, POLYETHYLENE, LAUROYL LYSINE, OCTYLDODECANOL, OZOKERITE, CERA ALBA ( BEESWAX\/CIRE D&#8217;ABEILLE), PARAFFIN, SILICA, STEARYL STEARATE, STEARYL PALMITATE, CERA MICROCRISTALLINA (MICROCRYSTALLINE WAX\/CIRE MIC ROCRISTALLINE), CETYL PALMITATE, LECITHIN, CETYL STEARATE, TIN OXIDE, DISTEARDIMONIUM HECTORITE, BEHENIC ACID, STEARIC ACID, TOCOPHE ROL, SYNTHETIC FLUORPHLOGOPITE, CALCIUM ALUMINUM BOROSILICATE, PROPYLENE CARBONATE, ASCORBYL PALMITATE, CALCIUM SODIUM BOROSILICATE, ARACHIDIC ACID, PALMITIC ACID, DICALCIUM PHOSPHATE, CITRIC ACID .+\/- (MAY CONTAIN): CI 77891 (TITANIUM DIOXIDE), CI 77491 (IRON OXI DES), CI 77000 (ALUMINUM POWDER), CI 77163 (BISMUTH OXYCHLORIDE), CI 77400 (BRONZE POWDER\/COPPER POWDER).<\/div>\n<p>\u0421\u0442\u043e\u0439\u043a\u0438\u0435 \u043a\u0440\u0435\u043c\u043e\u0432\u044b\u0435 \u0442\u0435\u043d\u0438-\u043a\u0430\u0440\u0430\u043d\u0434\u0430\u0448 KIKO Milano. \u041b\u0435\u0433\u043a\u0438\u0435 \u0432 \u0438\u0441\u043f\u043e\u043b\u044c\u0437\u043e\u0432\u0430\u043d\u0438\u0438, \u0441\u0442\u043e\u0439\u043a\u0438\u0435 \u0442\u0435\u043d\u0438 \u0432 \u0444\u043e\u0440\u043c\u0430\u0442\u0435 \u043a\u0430\u0440\u0430\u043d\u0434\u0430\u0448\u0430 \u0434\u043b\u044f \u043d\u0430\u0441\u044b\u0449\u0435\u043d\u043d\u043e\u0433\u043e \u0446\u0432\u0435\u0442\u0430 \u0438 \u0431\u0435\u0437\u0443\u043f\u0440\u0435\u0447\u043d\u043e\u0433\u043e \u043c\u0430\u043a\u0438\u044f\u0436\u0430 \u0433\u043b\u0430\u0437. \u041c\u044f\u0433\u043a\u0430\u044f \u043a\u0440\u0435\u043c\u043e\u0432\u0430\u044f \u0442\u0435\u043a\u0441\u0442\u0443\u0440\u0430 \u043b\u0435\u0433\u043a\u043e \u0440\u0430\u0441\u0442\u0443\u0448\u0435\u0432\u044b\u0432\u0430\u0435\u0442\u0441\u044f \u0438 \u0437\u0430\u0441\u0442\u044b\u0432\u0430\u0435\u0442, \u043e\u0431\u0435\u0441\u043f\u0435\u0447\u0438\u0432\u0430\u044f \u0434\u043b\u0438\u0442\u0435\u043b\u044c\u043d\u043e\u0435 \u043f\u043e\u043a\u0440\u044b\u0442\u0438\u0435 \u0431\u0435\u0437 \u0441\u043a\u0430\u0442\u044b\u0432\u0430\u043d\u0438\u044f \u0438 \u0441\u043c\u0430\u0437\u044b\u0432\u0430\u043d\u0438\u044f. \u0418\u0434\u0435\u0430\u043b\u044c\u043d\u044b \u0434\u043b\u044f \u0431\u044b\u0441\u0442\u0440\u043e\u0433\u043e \u043c\u0430\u043a\u0438\u044f\u0436\u0430 \u0438 \u0441\u043e\u0437\u0434\u0430\u043d\u0438\u044f \u043a\u0430\u043a \u043b\u0435\u0433\u043a\u0438\u0445, \u0442\u0430\u043a \u0438 \u0438\u043d\u0442\u0435\u043d\u0441\u0438\u0432\u043d\u044b\u0445 \u043e\u0442\u0442\u0435\u043d\u043a\u043e\u0432.<\/p>\n<\/details>\n","protected":false},"featured_media":24856,"template":"","meta":{"jetpack_publicize_message":"","jetpack_publicize_feature_enabled":true,"jetpack_social_post_already_shared":true,"jetpack_social_options":{"image_generator_settings":{"template":"highway","default_image_id":0,"font":"","enabled":false},"version":2}},"product_brand":[],"product_cat":[973,340,984,631,982],"product_tag":[],"class_list":{"0":"post-24854","1":"product","2":"type-product","3":"status-publish","4":"has-post-thumbnail","6":"product_cat-makeup","7":"product_cat-kiko-milano","8":"product_cat-eyeshadow","9":"product_cat-sale","10":"product_cat-eyes","11":"pa_varv-05-chocolate","12":"pa_varv-07-free","13":"pa_varv-07-rosy-silver","14":"pa_varv-08-anthracite","16":"first","17":"outofstock","18":"sale","19":"shipping-taxable","20":"purchasable","21":"product-type-simple"},"jetpack_publicize_connections":[],"jetpack_sharing_enabled":true,"jetpack_likes_enabled":true,"_links":{"self":[{"href":"https:\/\/superstore.ee\/index.php\/wp-json\/wp\/v2\/product\/24854","targetHints":{"allow":["GET"]}}],"collection":[{"href":"https:\/\/superstore.ee\/index.php\/wp-json\/wp\/v2\/product"}],"about":[{"href":"https:\/\/superstore.ee\/index.php\/wp-json\/wp\/v2\/types\/product"}],"wp:featuredmedia":[{"embeddable":true,"href":"https:\/\/superstore.ee\/index.php\/wp-json\/wp\/v2\/media\/24856"}],"wp:attachment":[{"href":"https:\/\/superstore.ee\/index.php\/wp-json\/wp\/v2\/media?parent=24854"}],"wp:term":[{"taxonomy":"product_brand","embeddable":true,"href":"https:\/\/superstore.ee\/index.php\/wp-json\/wp\/v2\/product_brand?post=24854"},{"taxonomy":"product_cat","embeddable":true,"href":"https:\/\/superstore.ee\/index.php\/wp-json\/wp\/v2\/product_cat?post=24854"},{"taxonomy":"product_tag","embeddable":true,"href":"https:\/\/superstore.ee\/index.php\/wp-json\/wp\/v2\/product_tag?post=24854"}],"curies":[{"name":"wp","href":"https:\/\/api.w.org\/{rel}","templated":true}]}}