{"id":25562,"date":"2025-11-08T16:07:24","date_gmt":"2025-11-08T14:07:24","guid":{"rendered":"https:\/\/superstore.ee\/?post_type=product&#038;p=25562"},"modified":"2025-12-29T17:46:58","modified_gmt":"2025-12-29T15:46:58","slug":"victorias-secret-pure-seduction-bliss-body-mist","status":"publish","type":"product","link":"https:\/\/superstore.ee\/index.php\/toode\/victorias-secret-pure-seduction-bliss-body-mist\/","title":{"rendered":"Victoria\u2019s Secret Pure Seduction Bliss Body Mist"},"content":{"rendered":"","protected":false},"excerpt":{"rendered":"<p>Victoria\u2019s Secret Pure Seduction Bliss kehasprei (250 ml)<\/p>\n<p><strong>Aroomit\u00fc\u00fcp<\/strong>: Lilleline \/ puuviljane<\/p>\n<p><strong>Aroomi kirjeldus:<\/strong><br \/>\nV\u00e4rske ja naiselik l\u00f5hn, kus \u00f5rnad jasmiini kroonlehed p\u00f5imuvad mahlase mangoga. L\u00f5hn muutub pehmeks ja soojaks, j\u00e4ttes nahale kergelt magusa ja lummava aroomi.<\/p>\n<ul>\n<li>Tipunoodid: Jasmiini kroonlehed, Mango<\/li>\n<li>S\u00fcdamenoodid: \u00d5rnad lillenoodid<\/li>\n<li>Baasnoodid: Soe muskuse ja puidu segu<\/li>\n<\/ul>\n<p>Pure Seduction Bliss on s\u00e4rav ja v\u00f5rgutav l\u00f5hn, mis lisab igasse p\u00e4eva enesekindlust ja v\u00e4rskust.<\/p>\n<details>\n<summary>Details<\/summary>\n<div translate=\"no\">\nVictoria\u2019s Secret Pure Seduction Bliss Body Mist (250 ml \/ 8.4 fl oz)<br \/>\nFruity, woody, floating petals.Magnetic &amp; irresistible: A euphoric twist on Pure Seduction.<br \/>\nFragrance type: Fruity Woody<\/p>\n<p>Notes<br \/>\nTop: Jasmine Petals, Mango<br \/>\nHeart: Peach Nectar, Skin Musk<br \/>\nBase: Cedarwood, Crisp Amber<\/p>\n<p>INGREDIENTS:<br \/>\nAlcohol Denat., Water (Aqua, Eau), Fragrance (Parfum), Propylene Glycol, Glycerin, PPG-26-Buteth-26, PEG-40 Hydrogenated Castor Oil, Ethylhexyl Methoxycinnamate, Ethylhexyl Salicylate, Butyl Methoxydibenzoylmethane, Benzyl Salicylate, Limonene<\/p>\n<\/div>\n<p>Victoria\u2019s Secret Pure Seduction Bliss \u043f\u0430\u0440\u0444\u044e\u043c\u0438\u0440\u043e\u0432\u0430\u043d\u043d\u044b\u0439 \u0441\u043f\u0440\u0435\u0439 \u0434\u043b\u044f \u0442\u0435\u043b\u0430 (250 \u043c\u043b)<\/p>\n<p>\u0422\u0438\u043f \u0430\u0440\u043e\u043c\u0430\u0442\u0430: \u0426\u0432\u0435\u0442\u043e\u0447\u043d\u044b\u0439 \/ \u0444\u0440\u0443\u043a\u0442\u043e\u0432\u044b\u0439<\/p>\n<p>\u041e\u043f\u0438\u0441\u0430\u043d\u0438\u0435 \u0430\u0440\u043e\u043c\u0430\u0442\u0430:<br \/>\n\u0421\u0432\u0435\u0436\u0438\u0439 \u0438 \u0436\u0435\u043d\u0441\u0442\u0432\u0435\u043d\u043d\u044b\u0439 \u0430\u0440\u043e\u043c\u0430\u0442, \u0432 \u043a\u043e\u0442\u043e\u0440\u043e\u043c \u043d\u0435\u0436\u043d\u044b\u0435 \u043b\u0435\u043f\u0435\u0441\u0442\u043a\u0438 \u0436\u0430\u0441\u043c\u0438\u043d\u0430 \u0441\u043e\u0447\u0435\u0442\u0430\u044e\u0442\u0441\u044f \u0441 \u0441\u043e\u0447\u043d\u044b\u043c \u043c\u0430\u043d\u0433\u043e. \u041f\u043e\u0441\u0442\u0435\u043f\u0435\u043d\u043d\u043e \u0440\u0430\u0441\u043a\u0440\u044b\u0432\u0430\u0435\u0442\u0441\u044f \u0442\u0435\u043f\u043b\u043e\u043c \u0438 \u043c\u044f\u0433\u043a\u043e\u0441\u0442\u044c\u044e, \u043e\u0441\u0442\u0430\u0432\u043b\u044f\u044f \u043d\u0430 \u043a\u043e\u0436\u0435 \u043b\u0451\u0433\u043a\u0438\u0439 \u0441\u043b\u0430\u0434\u043a\u043e\u0432\u0430\u0442\u044b\u0439 \u0438 \u0447\u0430\u0440\u0443\u044e\u0449\u0438\u0439 \u0448\u043b\u0435\u0439\u0444.<\/p>\n<p>\u0412\u0435\u0440\u0445\u043d\u0438\u0435 \u043d\u043e\u0442\u044b: \u041b\u0435\u043f\u0435\u0441\u0442\u043a\u0438 \u0436\u0430\u0441\u043c\u0438\u043d\u0430, \u041c\u0430\u043d\u0433\u043e<br \/>\n\u041d\u043e\u0442\u044b \u0441\u0435\u0440\u0434\u0446\u0430: \u041d\u0435\u0436\u043d\u044b\u0435 \u0446\u0432\u0435\u0442\u043e\u0447\u043d\u044b\u0435 \u0430\u043a\u0446\u0435\u043d\u0442\u044b<br \/>\n\u0411\u0430\u0437\u043e\u0432\u044b\u0435 \u043d\u043e\u0442\u044b: \u0422\u0451\u043f\u043b\u044b\u0435 \u043c\u0443\u0441\u043a\u0443\u0441\u043d\u044b\u0435 \u0438 \u0434\u0440\u0435\u0432\u0435\u0441\u043d\u044b\u0435 \u043d\u043e\u0442\u044b<\/p>\n<p>Pure Seduction Bliss \u2014 \u044f\u0440\u043a\u0438\u0439 \u0438 \u0441\u043e\u0431\u043b\u0430\u0437\u043d\u0438\u0442\u0435\u043b\u044c\u043d\u044b\u0439 \u0430\u0440\u043e\u043c\u0430\u0442, \u043f\u0440\u0438\u0434\u0430\u044e\u0449\u0438\u0439 \u0443\u0432\u0435\u0440\u0435\u043d\u043d\u043e\u0441\u0442\u044c \u0438 \u0441\u0432\u0435\u0436\u0435\u0441\u0442\u044c \u043a\u0430\u0436\u0434\u043e\u043c\u0443 \u0434\u043d\u044e.<br \/>\n<\/details>\n","protected":false},"featured_media":25578,"template":"","meta":{"jetpack_publicize_message":"","jetpack_publicize_feature_enabled":true,"jetpack_social_post_already_shared":true,"jetpack_social_options":{"image_generator_settings":{"template":"highway","default_image_id":0,"font":"","enabled":false},"version":2}},"product_brand":[],"product_cat":[910,927,341],"product_tag":[],"class_list":{"0":"post-25562","1":"product","2":"type-product","3":"status-publish","4":"has-post-thumbnail","6":"product_cat-kehaspreid","7":"product_cat-victorias-secret-body-mists","8":"product_cat-victorias-secret","9":"pa_suurus-10-ml-tester","10":"pa_suurus-2-ml-tester","11":"pa_suurus-250-ml-full-size","12":"pa_suurus-30-ml-tester","14":"first","15":"instock","16":"sale","17":"shipping-taxable","18":"purchasable","19":"product-type-simple"},"jetpack_publicize_connections":[],"jetpack_sharing_enabled":true,"jetpack_likes_enabled":true,"_links":{"self":[{"href":"https:\/\/superstore.ee\/index.php\/wp-json\/wp\/v2\/product\/25562","targetHints":{"allow":["GET"]}}],"collection":[{"href":"https:\/\/superstore.ee\/index.php\/wp-json\/wp\/v2\/product"}],"about":[{"href":"https:\/\/superstore.ee\/index.php\/wp-json\/wp\/v2\/types\/product"}],"wp:featuredmedia":[{"embeddable":true,"href":"https:\/\/superstore.ee\/index.php\/wp-json\/wp\/v2\/media\/25578"}],"wp:attachment":[{"href":"https:\/\/superstore.ee\/index.php\/wp-json\/wp\/v2\/media?parent=25562"}],"wp:term":[{"taxonomy":"product_brand","embeddable":true,"href":"https:\/\/superstore.ee\/index.php\/wp-json\/wp\/v2\/product_brand?post=25562"},{"taxonomy":"product_cat","embeddable":true,"href":"https:\/\/superstore.ee\/index.php\/wp-json\/wp\/v2\/product_cat?post=25562"},{"taxonomy":"product_tag","embeddable":true,"href":"https:\/\/superstore.ee\/index.php\/wp-json\/wp\/v2\/product_tag?post=25562"}],"curies":[{"name":"wp","href":"https:\/\/api.w.org\/{rel}","templated":true}]}}