{"id":25593,"date":"2025-11-09T13:07:15","date_gmt":"2025-11-09T11:07:15","guid":{"rendered":"https:\/\/superstore.ee\/?post_type=product&#038;p=25593"},"modified":"2026-02-05T14:38:48","modified_gmt":"2026-02-05T12:38:48","slug":"victorias-secret-vanilla-rebel-body-mist","status":"publish","type":"product","link":"https:\/\/superstore.ee\/index.php\/toode\/victorias-secret-vanilla-rebel-body-mist\/","title":{"rendered":"Victoria\u2019s Secret Vanilla Rebel Body Mist"},"content":{"rendered":"","protected":false},"excerpt":{"rendered":"<p>Victoria\u2019s Secret Vanilla Rebel kehasprei (250 ml)<\/p>\n<p><strong>Aroomit\u00fc\u00fcp:<\/strong> Vanill \/ magus<\/p>\n<p><strong>Aroomi kirjeldus:<\/strong><br \/>\nKutsuv ja \u00f5rnalt suitsune aroom, mis toob nahale sametise soojuse.<\/p>\n<ul>\n<li>Tipunoodid: Vanillisiid, kreemine sandlipuu<\/li>\n<li>S\u00fcdamenoodid: Uduvine orhidee<\/li>\n<li>Baasnoodid: Merevaik<\/li>\n<\/ul>\n<p>Vanilla Rebel on modernne ja julge vanillit\u00f5lgendus, mis j\u00e4tab nahale pehme, sensuaalse ja kauap\u00fcsiva j\u00e4lje \u2014 ideaalne igap\u00e4evaseks kandmiseks.<\/p>\n<details>\n<summary>Details<\/summary>\n<div translate=\"no\">\n<p>Victoria\u2019s Secret Vanilla Rebel Body Mist (250 ml \/ 8.4 fl oz)Fragrance type: Vanilla \/ Gourmand<\/p>\n<p>Fragrance description:<br \/>\nInviting with a soft, smoky twist and a velvety warm feel on the skin.<\/p>\n<p>Top notes: Vanilla Silk, Creamy Sandalwood<br \/>\nHeart notes: Misty Orchid<br \/>\nBase notes: Amber<\/p>\n<p>Vanilla Rebel is a modern, bold take on vanilla\u2014soft, sensual, and long-lasting, perfect for everyday wear.<\/p>\n<p>INGREDIENTS:<\/p>\n<\/div>\n<p>Victoria\u2019s Secret Vanilla Rebel \u0441\u043f\u0440\u0435\u0439-\u043c\u0438\u0441\u0442 \u0434\u043b\u044f \u0442\u0435\u043b\u0430 (250 \u043c\u043b)<\/p>\n<p>\u0422\u0438\u043f \u0430\u0440\u043e\u043c\u0430\u0442\u0430: \u0412\u0430\u043d\u0438\u043b\u044c\u043d\u044b\u0439 \/ \u0433\u0443\u0440\u043c\u0430\u043d\u0441\u043a\u0438\u0439<\/p>\n<p>\u041e\u043f\u0438\u0441\u0430\u043d\u0438\u0435 \u0430\u0440\u043e\u043c\u0430\u0442\u0430:<br \/>\n\u041f\u0440\u0438\u0442\u044f\u0433\u0430\u0442\u0435\u043b\u044c\u043d\u044b\u0439, \u0441\u043b\u0435\u0433\u043a\u0430 \u0434\u044b\u043c\u043d\u044b\u0439 \u0432\u0430\u043d\u0438\u043b\u044c\u043d\u044b\u0439 \u0430\u0440\u043e\u043c\u0430\u0442 \u0441 \u0431\u0430\u0440\u0445\u0430\u0442\u043d\u044b\u043c, \u0442\u0451\u043f\u043b\u044b\u043c \u0437\u0432\u0443\u0447\u0430\u043d\u0438\u0435\u043c.<\/p>\n<p>\u0412\u0435\u0440\u0445\u043d\u0438\u0435 \u043d\u043e\u0442\u044b: \u00ab\u0412\u0430\u043d\u0438\u043b\u044c\u043d\u044b\u0439 \u0448\u0451\u043b\u043a\u00bb, \u043a\u0440\u0435\u043c\u043e\u0432\u044b\u0439 \u0441\u0430\u043d\u0434\u0430\u043b<br \/>\n\u041d\u043e\u0442\u044b \u0441\u0435\u0440\u0434\u0446\u0430: \u0422\u0443\u043c\u0430\u043d\u043d\u0430\u044f \u043e\u0440\u0445\u0438\u0434\u0435\u044f<br \/>\n\u0411\u0430\u0437\u043e\u0432\u044b\u0435 \u043d\u043e\u0442\u044b: \u042f\u043d\u0442\u0430\u0440\u044c<\/p>\n<p>Vanilla Rebel \u2014 \u0441\u043e\u0432\u0440\u0435\u043c\u0435\u043d\u043d\u0430\u044f \u0438 \u0441\u043c\u0435\u043b\u0430\u044f \u0438\u043d\u0442\u0435\u0440\u043f\u0440\u0435\u0442\u0430\u0446\u0438\u044f \u0432\u0430\u043d\u0438\u043b\u0438: \u043c\u044f\u0433\u043a\u0438\u0439, \u0447\u0443\u0432\u0441\u0442\u0432\u0435\u043d\u043d\u044b\u0439 \u0438 \u0441\u0442\u043e\u0439\u043a\u0438\u0439 \u0448\u043b\u0435\u0439\u0444 \u043d\u0430 \u043a\u0430\u0436\u0434\u044b\u0439 \u0434\u0435\u043d\u044c.<\/p>\n<\/details>\n","protected":false},"featured_media":25596,"template":"","meta":{"jetpack_publicize_message":"","jetpack_publicize_feature_enabled":true,"jetpack_social_post_already_shared":true,"jetpack_social_options":{"image_generator_settings":{"template":"highway","default_image_id":0,"font":"","enabled":false},"version":2}},"product_brand":[],"product_cat":[927,910,341],"product_tag":[],"class_list":{"0":"post-25593","1":"product","2":"type-product","3":"status-publish","4":"has-post-thumbnail","6":"product_cat-victorias-secret-body-mists","7":"product_cat-kehaspreid","8":"product_cat-victorias-secret","9":"pa_suurus-10-ml-tester","10":"pa_suurus-2-ml-tester","11":"pa_suurus-250-ml-full-size","12":"pa_suurus-30-ml-tester","14":"first","15":"outofstock","16":"sale","17":"shipping-taxable","18":"purchasable","19":"product-type-simple"},"jetpack_publicize_connections":[],"jetpack_sharing_enabled":true,"jetpack_likes_enabled":true,"_links":{"self":[{"href":"https:\/\/superstore.ee\/index.php\/wp-json\/wp\/v2\/product\/25593","targetHints":{"allow":["GET"]}}],"collection":[{"href":"https:\/\/superstore.ee\/index.php\/wp-json\/wp\/v2\/product"}],"about":[{"href":"https:\/\/superstore.ee\/index.php\/wp-json\/wp\/v2\/types\/product"}],"wp:featuredmedia":[{"embeddable":true,"href":"https:\/\/superstore.ee\/index.php\/wp-json\/wp\/v2\/media\/25596"}],"wp:attachment":[{"href":"https:\/\/superstore.ee\/index.php\/wp-json\/wp\/v2\/media?parent=25593"}],"wp:term":[{"taxonomy":"product_brand","embeddable":true,"href":"https:\/\/superstore.ee\/index.php\/wp-json\/wp\/v2\/product_brand?post=25593"},{"taxonomy":"product_cat","embeddable":true,"href":"https:\/\/superstore.ee\/index.php\/wp-json\/wp\/v2\/product_cat?post=25593"},{"taxonomy":"product_tag","embeddable":true,"href":"https:\/\/superstore.ee\/index.php\/wp-json\/wp\/v2\/product_tag?post=25593"}],"curies":[{"name":"wp","href":"https:\/\/api.w.org\/{rel}","templated":true}]}}