{"id":25800,"date":"2025-11-16T20:17:40","date_gmt":"2025-11-16T18:17:40","guid":{"rendered":"https:\/\/superstore.ee\/?post_type=product&#038;p=25800"},"modified":"2026-03-13T20:34:08","modified_gmt":"2026-03-13T18:34:08","slug":"victorias-secret-bare-vanilla-fragrance-mist-bestseller","status":"publish","type":"product","link":"https:\/\/superstore.ee\/index.php\/toode\/victorias-secret-bare-vanilla-fragrance-mist-bestseller\/","title":{"rendered":"Victoria\u2019s Secret Bare Vanilla Fragrance Mist BESTSELLER \u2b50"},"content":{"rendered":"","protected":false},"excerpt":{"rendered":"<p>Victoria\u2019s Secret Bare Vanilla kehasprei (250 ml)<\/p>\n<p><strong>Aroomit\u00fc\u00fcp<\/strong>: magus<\/p>\n<p><strong>Aroomi kirjeldus:<\/strong><\/p>\n<ul>\n<li>Tipunoodid: Bergamot, \u00f5unapuu\u00f5is<\/li>\n<li>S\u00fcdamenoodid: valge ingli orhidee, suhkruvatt<\/li>\n<li>Baasnoodid: vahustatud vanill, h\u00f5\u00f5guv merevaik<\/li>\n<\/ul>\n<p>Soe ja lohutav aroom magusas-kreemjas v\u00f5tmes \u2014 ideaalne neile, kes armastavad pehmeid, gurmaanlikke l\u00f5hnu igap\u00e4evaseks kandmiseks.<\/p>\n<p>Pakume seda toodet ka mugavates v\u00e4iksemates pakendites (dekantidena), mis on ideaalsed toote proovimiseks v\u00f5i reisile kaasa v\u00f5tmiseks.<\/p>\n<details>\n<summary>Details<\/summary>\n<div translate=\"no\">\n<p>Warm &amp; comforting.A burst of sweet, indulgent comfort.<\/p>\n<p>Fragrance type: Gourmand<\/p>\n<p>Notes<\/p>\n<p>Top: Bergamot, Apple Blossom<\/p>\n<p>Heart: White Angel Orchid, Spun Sugar<\/p>\n<p>Base: Whipped Vanilla, Glowing Amber<\/p>\n<p>250 ml\/8.4 fl oz.<br \/>\nDomestic<\/p>\n<p>INGREDIENTS:<br \/>\nAlcohol Denat., Water (Aqua, Eau), Fragrance (Parfum), Hexamethylindanopyran, Propylene Glycol, Glycerin, Vanillin, Tetramethyl acetyloctahydronaphthalenes, Linalyl acetate, Limonene, Linalool, Pinene, Citrus Aurantium Peel Oil, Benzyl Alcohol, Beta-Caryophyllene, PPG-26-Buteth-26, PEG-40 Hydrogenated Castor Oil, Ethylhexyl Methoxycinnamate, Ethylhexyl Salicylate, Butyl MethoxydibenzoylmethaneIngredients are subject to change. For an accurate list of ingredients, please refer to the product packaging.<\/p>\n<\/div>\n<p>Victoria\u2019s Secret Bare Vanilla \u0441\u043f\u0440\u0435\u0439-\u043c\u0438\u0441\u0442 \u0434\u043b\u044f \u0442\u0435\u043b\u0430 (250 \u043c\u043b)<\/p>\n<p>\u0422\u0438\u043f \u0430\u0440\u043e\u043c\u0430\u0442\u0430: \u0413\u0443\u0440\u043c\u0430\u043d\u0441\u043a\u0438\u0439<\/p>\n<p>\u041e\u043f\u0438\u0441\u0430\u043d\u0438\u0435 \u0430\u0440\u043e\u043c\u0430\u0442\u0430:<br \/>\n\u0412\u0435\u0440\u0445\u043d\u0438\u0435 \u043d\u043e\u0442\u044b: \u0431\u0435\u0440\u0433\u0430\u043c\u043e\u0442, \u0446\u0432\u0435\u0442 \u044f\u0431\u043b\u043e\u043d\u0438<br \/>\n\u041d\u043e\u0442\u044b \u0441\u0435\u0440\u0434\u0446\u0430: \u0431\u0435\u043b\u0430\u044f \u00ab\u0430\u043d\u0433\u0435\u043b\u044c\u0441\u043a\u0430\u044f\u00bb \u043e\u0440\u0445\u0438\u0434\u0435\u044f, \u0441\u0430\u0445\u0430\u0440\u043d\u0430\u044f \u0432\u0430\u0442\u0430<br \/>\n\u0411\u0430\u0437\u043e\u0432\u044b\u0435 \u043d\u043e\u0442\u044b: \u0432\u0437\u0431\u0438\u0442\u0430\u044f \u0432\u0430\u043d\u0438\u043b\u044c, \u0441\u0438\u044f\u044e\u0449\u0438\u0439 \u044f\u043d\u0442\u0430\u0440\u044c<\/p>\n<p>\u0422\u0451\u043f\u043b\u044b\u0439, \u0443\u044e\u0442\u043d\u044b\u0439 \u0438 \u0441\u043b\u0438\u0432\u043e\u0447\u043d\u043e-\u0441\u043b\u0430\u0434\u043a\u0438\u0439 \u0430\u0440\u043e\u043c\u0430\u0442 \u2014 \u0434\u043b\u044f \u0442\u0435\u0445, \u043a\u0442\u043e \u043b\u044e\u0431\u0438\u0442 \u043d\u0435\u0436\u043d\u044b\u0435 \u0433\u0443\u0440\u043c\u0430\u043d\u0441\u043a\u0438\u0435 \u043a\u043e\u043c\u043f\u043e\u0437\u0438\u0446\u0438\u0438 \u043d\u0430 \u043a\u0430\u0436\u0434\u044b\u0439 \u0434\u0435\u043d\u044c.<\/p>\n<\/details>\n","protected":false},"featured_media":25619,"template":"","meta":{"jetpack_publicize_message":"","jetpack_publicize_feature_enabled":true,"jetpack_social_post_already_shared":true,"jetpack_social_options":{"image_generator_settings":{"template":"highway","default_image_id":0,"font":"","enabled":false},"version":2}},"product_brand":[],"product_cat":[910,927,993,341],"product_tag":[],"class_list":{"0":"post-25800","1":"product","2":"type-product","3":"status-publish","4":"has-post-thumbnail","6":"product_cat-kehaspreid","7":"product_cat-victorias-secret-body-mists","8":"product_cat-samples","9":"product_cat-victorias-secret","10":"pa_suurus-10-ml-tester","11":"pa_suurus-2-ml-tester","12":"pa_suurus-250-ml-full-size","13":"pa_suurus-30-ml-tester","15":"first","16":"outofstock","17":"shipping-taxable","18":"product-type-variable"},"jetpack_publicize_connections":[],"jetpack_sharing_enabled":true,"jetpack_likes_enabled":true,"_links":{"self":[{"href":"https:\/\/superstore.ee\/index.php\/wp-json\/wp\/v2\/product\/25800","targetHints":{"allow":["GET"]}}],"collection":[{"href":"https:\/\/superstore.ee\/index.php\/wp-json\/wp\/v2\/product"}],"about":[{"href":"https:\/\/superstore.ee\/index.php\/wp-json\/wp\/v2\/types\/product"}],"wp:featuredmedia":[{"embeddable":true,"href":"https:\/\/superstore.ee\/index.php\/wp-json\/wp\/v2\/media\/25619"}],"wp:attachment":[{"href":"https:\/\/superstore.ee\/index.php\/wp-json\/wp\/v2\/media?parent=25800"}],"wp:term":[{"taxonomy":"product_brand","embeddable":true,"href":"https:\/\/superstore.ee\/index.php\/wp-json\/wp\/v2\/product_brand?post=25800"},{"taxonomy":"product_cat","embeddable":true,"href":"https:\/\/superstore.ee\/index.php\/wp-json\/wp\/v2\/product_cat?post=25800"},{"taxonomy":"product_tag","embeddable":true,"href":"https:\/\/superstore.ee\/index.php\/wp-json\/wp\/v2\/product_tag?post=25800"}],"curies":[{"name":"wp","href":"https:\/\/api.w.org\/{rel}","templated":true}]}}