{"id":25949,"date":"2025-11-25T16:24:15","date_gmt":"2025-11-25T14:24:15","guid":{"rendered":"https:\/\/superstore.ee\/?post_type=product&#038;p=25949"},"modified":"2026-03-08T17:52:17","modified_gmt":"2026-03-08T15:52:17","slug":"victorias-secret-white-peach-mango-whipped-body-scrub","status":"publish","type":"product","link":"https:\/\/superstore.ee\/index.php\/toode\/victorias-secret-white-peach-mango-whipped-body-scrub\/","title":{"rendered":"Victoria\u2019s Secret White Peach Mango Whipped Body Scrub"},"content":{"rendered":"","protected":false},"excerpt":{"rendered":"<p>Victoria\u2019s Secret White Peach Mango vahune kehakoorija (216 g)<\/p>\n<p>Rikas suhkrukoorija, mis aitab \u00f5rnalt koorida, et nahk oleks pehme ja sile. Ergutav valge virsik ja mahlane mango; lisatud C-vitamiin, sheav\u00f5i ja kookos\u00f5li.<\/p>\n<p>Dermatoloogiliselt heaks kiidetud, vegan, loomkatsete vastu ja v\u00e4rvaineteta.<\/p>\n<p><strong>Aroomit\u00fc\u00fcp<\/strong>: Puuviljane<br \/>\n<strong>Noodid<\/strong>: valge virsik, mango<\/p>\n<p>L\u00f5hn, mis sobib neile, kes armastavad puuviljaseid, p\u00e4ikeselisi ja energiast pakatavaid aroomihetki igap\u00e4evases hoolduses.<\/p>\n<details>\n<summary>Details<\/summary>\n<div>\n<p>Victoria\u2019s Secret White Peach Mango Whipped Body ScrubThis rich sugar scrub helps to exfoliate, for skin that feels soft and smooth.<\/p>\n<p>Dermatologist approved, vegan, against animal testing, and dye-free.<\/p>\n<p>White Peach Mango<\/p>\n<p>Invigorating white peach blends with juicy mango for a bright, radiant feel. Infused with Vitamin C, shea butter, and coconut oil.<\/p>\n<p>Fragrance type: Fruity Fruity<br \/>\nNotes: white peach, mango<br \/>\n216 g\/7.6 oz<\/p>\n<p>Domestic<\/p>\n<p>INGREDIENTS:<br \/>\nSucrose, Glycerin, Sodium Cocoyl Isethionate, Water (Aqua, Eau), Butylene Glycol, Cocamidopropyl Betaine, Fragrance (Parfum), Palmitic Acid, Coconut Acid, Stearic Acid, Cocos Nucifera (Coconut) Oil, Benzyl Alcohol, Citric Acid, Salicylic Acid, Disodium EDTA, Tetrahexyldecyl Ascorbate, Sorbic Acid, Tocopheryl Acetate, Butyrospermum Parkii (Shea) Butter, Limonene, Citrus Aurantium Peel Oil, Linalool, Hexamethylindanopyran, Citrus Limon Peel Oil, Pinene, Linalyl acetate, Benzyl Salicylate, Geranyl acetate<\/p>\n<\/div>\n<p>\u041f\u0438\u0442\u0430\u0442\u0435\u043b\u044c\u043d\u044b\u0439 \u0441\u0430\u0445\u0430\u0440\u043d\u044b\u0439 \u0441\u043a\u0440\u0430\u0431, \u043a\u043e\u0442\u043e\u0440\u044b\u0439 \u043c\u044f\u0433\u043a\u043e \u043e\u0442\u0448\u0435\u043b\u0443\u0448\u0438\u0432\u0430\u0435\u0442 \u043a\u043e\u0436\u0443, \u043e\u0441\u0442\u0430\u0432\u043b\u044f\u044f \u0435\u0451 \u0433\u043b\u0430\u0434\u043a\u043e\u0439 \u0438 \u043d\u0435\u0436\u043d\u043e\u0439. \u041e\u0434\u043e\u0431\u0440\u0435\u043d \u0434\u0435\u0440\u043c\u0430\u0442\u043e\u043b\u043e\u0433\u0430\u043c\u0438, \u0432\u0435\u0433\u0430\u043d\u0441\u043a\u0438\u0439, \u0431\u0435\u0437 \u0442\u0435\u0441\u0442\u0438\u0440\u043e\u0432\u0430\u043d\u0438\u044f \u043d\u0430 \u0436\u0438\u0432\u043e\u0442\u043d\u044b\u0445 \u0438 \u0431\u0435\u0437 \u043a\u0440\u0430\u0441\u0438\u0442\u0435\u043b\u0435\u0439. \u041e\u0431\u043e\u0433\u0430\u0449\u0451\u043d \u0432\u0438\u0442\u0430\u043c\u0438\u043d\u043e\u043c C, \u043c\u0430\u0441\u043b\u043e\u043c \u0448\u0438 \u0438 \u043a\u043e\u043a\u043e\u0441\u043e\u0432\u044b\u043c \u043c\u0430\u0441\u043b\u043e\u043c.<br \/>\n\u0422\u0438\u043f \u0430\u0440\u043e\u043c\u0430\u0442\u0430: \u0424\u0440\u0443\u043a\u0442\u043e\u0432\u044b\u0439<br \/>\n\u041d\u043e\u0442\u044b: \u0431\u0435\u043b\u044b\u0439 \u043f\u0435\u0440\u0441\u0438\u043a, \u043c\u0430\u043d\u0433\u043e<br \/>\n\u041f\u043e\u0434\u043e\u0439\u0434\u0451\u0442 \u0442\u0435\u043c, \u043a\u0442\u043e \u043b\u044e\u0431\u0438\u0442 \u0441\u043e\u043b\u043d\u0435\u0447\u043d\u0443\u044e, \u0441\u043e\u0447\u043d\u0443\u044e \u0444\u0440\u0443\u043a\u0442\u043e\u0432\u0443\u044e \u0441\u0432\u0435\u0436\u0435\u0441\u0442\u044c \u0438 \u043e\u0449\u0443\u0449\u0435\u043d\u0438\u0435 \u0448\u0451\u043b\u043a\u043e\u0432\u0438\u0441\u0442\u043e \u0443\u0445\u043e\u0436\u0435\u043d\u043d\u043e\u0439 \u043a\u043e\u0436\u0438.<\/p>\n<\/details>\n","protected":false},"featured_media":25955,"template":"","meta":{"jetpack_publicize_message":"","jetpack_publicize_feature_enabled":true,"jetpack_social_post_already_shared":true,"jetpack_social_options":{"image_generator_settings":{"template":"highway","default_image_id":0,"font":"","enabled":false},"version":2}},"product_brand":[],"product_cat":[929,912,341],"product_tag":[],"class_list":{"0":"post-25949","1":"product","2":"type-product","3":"status-publish","4":"has-post-thumbnail","6":"product_cat-victorias-secret-body-scrubs","7":"product_cat-nahahooldus","8":"product_cat-victorias-secret","9":"pa_lohn-236-ml-full-size","10":"pa_lohn-30-ml-tester","12":"first","13":"instock","14":"sale","15":"shipping-taxable","16":"purchasable","17":"product-type-simple"},"jetpack_publicize_connections":[],"jetpack_sharing_enabled":true,"jetpack_likes_enabled":true,"_links":{"self":[{"href":"https:\/\/superstore.ee\/index.php\/wp-json\/wp\/v2\/product\/25949","targetHints":{"allow":["GET"]}}],"collection":[{"href":"https:\/\/superstore.ee\/index.php\/wp-json\/wp\/v2\/product"}],"about":[{"href":"https:\/\/superstore.ee\/index.php\/wp-json\/wp\/v2\/types\/product"}],"wp:featuredmedia":[{"embeddable":true,"href":"https:\/\/superstore.ee\/index.php\/wp-json\/wp\/v2\/media\/25955"}],"wp:attachment":[{"href":"https:\/\/superstore.ee\/index.php\/wp-json\/wp\/v2\/media?parent=25949"}],"wp:term":[{"taxonomy":"product_brand","embeddable":true,"href":"https:\/\/superstore.ee\/index.php\/wp-json\/wp\/v2\/product_brand?post=25949"},{"taxonomy":"product_cat","embeddable":true,"href":"https:\/\/superstore.ee\/index.php\/wp-json\/wp\/v2\/product_cat?post=25949"},{"taxonomy":"product_tag","embeddable":true,"href":"https:\/\/superstore.ee\/index.php\/wp-json\/wp\/v2\/product_tag?post=25949"}],"curies":[{"name":"wp","href":"https:\/\/api.w.org\/{rel}","templated":true}]}}